CRAN Package Check Results for Package BFF

Last updated on 2024-06-13 15:48:14 CEST.

Flavor Version Tinstall Tcheck Ttotal Status Flags
r-devel-linux-x86_64-debian-clang 3.0.1 6.80 107.28 114.08 OK
r-devel-linux-x86_64-debian-gcc 3.0.1 0.36 1.71 2.07 ERROR
r-devel-linux-x86_64-fedora-clang 3.0.1 145.81 OK
r-devel-linux-x86_64-fedora-gcc 3.0.1 149.73 OK
r-devel-windows-x86_64 3.0.1 7.00 190.00 197.00 OK
r-patched-linux-x86_64 3.0.1 6.57 104.20 110.77 OK
r-release-linux-x86_64 3.0.1 6.45 105.46 111.91 OK
r-release-macos-arm64 3.0.1 54.00 OK
r-release-macos-x86_64 3.0.1 99.00 OK
r-release-windows-x86_64 3.0.1 9.00 206.00 215.00 OK
r-oldrel-macos-arm64 3.0.1 51.00 OK
r-oldrel-macos-x86_64 3.0.1 116.00 OK
r-oldrel-windows-x86_64 3.0.1 9.00 167.00 176.00 OK

Check Details

Version: 3.0.1
Check: package dependencies
Result: ERROR Package required but not available: ‘ggplot2’ Package suggested but not available for checking: ‘testthat’ See section ‘The DESCRIPTION file’ in the ‘Writing R Extensions’ manual. Flavor: r-devel-linux-x86_64-debian-gcc