CRAN Package Check Results for Package BGGE

Last updated on 2022-05-18 10:52:45 CEST.

Flavor Version Tinstall Tcheck Ttotal Status Flags
r-devel-linux-x86_64-debian-clang 0.6.5 2.44 40.29 42.73 NOTE
r-devel-linux-x86_64-debian-gcc 0.6.5 2.06 31.34 33.40 NOTE
r-devel-linux-x86_64-fedora-clang 0.6.5 53.08 NOTE
r-devel-linux-x86_64-fedora-gcc 0.6.5 53.74 NOTE
r-devel-windows-x86_64 0.6.5 6.00 55.00 61.00 NOTE
r-patched-linux-x86_64 0.6.5 2.55 39.92 42.47 NOTE
r-release-linux-x86_64 0.6.5 2.62 38.47 41.09 NOTE
r-release-macos-arm64 0.6.5 19.00 NOTE
r-release-macos-x86_64 0.6.5 26.00 NOTE
r-release-windows-x86_64 0.6.5 9.00 55.00 64.00 NOTE
r-oldrel-macos-arm64 0.6.5 24.00 NOTE
r-oldrel-macos-x86_64 0.6.5 35.00 NOTE
r-oldrel-windows-ix86+x86_64 0.6.5 7.00 60.00 67.00 NOTE

Check Details

Version: 0.6.5
Check: LazyData
Result: NOTE
     'LazyData' is specified without a 'data' directory
Flavors: r-devel-linux-x86_64-debian-clang, r-devel-linux-x86_64-debian-gcc, r-devel-linux-x86_64-fedora-clang, r-devel-linux-x86_64-fedora-gcc, r-devel-windows-x86_64, r-patched-linux-x86_64, r-release-linux-x86_64, r-release-macos-arm64, r-release-macos-x86_64, r-release-windows-x86_64, r-oldrel-macos-arm64, r-oldrel-macos-x86_64, r-oldrel-windows-ix86+x86_64