CRAN Package Check Results for Package BGPhazard

Last updated on 2015-08-28 12:47:45.

Flavor Version Tinstall Tcheck Ttotal Status Flags
r-devel-linux-x86_64-debian-clang 1.2.2 0.84 19.37 20.21 NOTE
r-devel-linux-x86_64-debian-gcc 1.2.2 0.82 19.17 19.99 NOTE
r-devel-linux-x86_64-fedora-clang 1.2.2 40.15 NOTE
r-devel-linux-x86_64-fedora-gcc 1.2.2 37.82 NOTE
r-devel-osx-x86_64-clang 1.2.2 37.25 OK
r-devel-windows-ix86+x86_64 1.2.2 5.00 39.00 44.00 NOTE
r-patched-linux-x86_64 1.2.2 0.90 20.53 21.42 OK
r-patched-solaris-sparc 1.2.2 257.10 OK
r-patched-solaris-x86 1.2.2 54.70 OK
r-release-linux-x86_64 1.2.2 0.89 19.66 20.54 OK
r-release-osx-x86_64-mavericks 1.2.2 OK
r-release-windows-ix86+x86_64 1.2.2 4.00 48.00 52.00 OK
r-oldrel-windows-ix86+x86_64 1.2.2 6.00 40.00 46.00 OK

Check Details

Version: 1.2.2
Check: R code for possible problems
Result: NOTE
    BeMRes: no visible global function definition for ‘rgamma’
    BePlotDiag: no visible global function definition for ‘var’
    BePlotDiag: no visible global function definition for ‘par’
    BePlotDiag: no visible global function definition for ‘plot’
    BePlotDiag: no visible global function definition for ‘mtext’
    BePlotDiag: no visible global function definition for ‘acf’
    BePlotDiag: no visible global function definition for ‘hist’
    BePloth: no visible global function definition for ‘plot’
    BePloth: no visible global function definition for ‘points’
    BePloth: no visible global function definition for ‘segments’
    BePloth: no visible global function definition for ‘par’
    BePloth: no visible global function definition for ‘lines’
    CGaMRes: no visible global function definition for ‘rgamma’
    CGaPlotDiag: no visible global function definition for ‘var’
    CGaPlotDiag: no visible global function definition for ‘par’
    CGaPlotDiag: no visible global function definition for ‘plot’
    CGaPlotDiag: no visible global function definition for ‘mtext’
    CGaPlotDiag: no visible global function definition for ‘acf’
    CGaPlotDiag: no visible global function definition for ‘hist’
    CGaPloth: no visible global function definition for ‘plot’
    CGaPloth: no visible global function definition for ‘points’
    CGaPloth: no visible global function definition for ‘segments’
    CGaPloth: no visible global function definition for ‘par’
    CGaPloth: no visible global function definition for ‘lines’
    CGaPred: no visible global function definition for ‘quantile’
    CGaPred: no visible global function definition for ‘median’
    CGaPred: no visible global function definition for ‘sd’
    CGaPred: no visible global function definition for ‘plot’
    CGaPred: no visible global function definition for ‘segments’
    CGaPred: no visible global function definition for ‘legend’
    CLambdaSumm: no visible global function definition for ‘quantile’
    CUpdTheta: no visible global function definition for ‘rnorm’
    CUpdTheta: no visible global function definition for ‘runif’
    Cftheta: no visible global function definition for ‘dnorm’
    GaMRes: no visible global function definition for ‘rgamma’
    GaPlotDiag: no visible global function definition for ‘var’
    GaPlotDiag: no visible global function definition for ‘par’
    GaPlotDiag: no visible global function definition for ‘plot’
    GaPlotDiag: no visible global function definition for ‘mtext’
    GaPlotDiag: no visible global function definition for ‘acf’
    GaPlotDiag: no visible global function definition for ‘hist’
    GaPloth: no visible global function definition for ‘plot’
    GaPloth: no visible global function definition for ‘points’
    GaPloth: no visible global function definition for ‘segments’
    GaPloth: no visible global function definition for ‘par’
    GaPloth: no visible global function definition for ‘lines’
    GaTao: no visible global function definition for ‘quantile’
    GaUpdC: no visible global function definition for ‘rgamma’
    GaUpdC: no visible global function definition for ‘runif’
    LambdaSumm: no visible global function definition for ‘quantile’
    PiSumm: no visible global function definition for ‘quantile’
    PlotTheta: no visible global function definition for ‘hist’
    PlotTheta: no visible global function definition for ‘lines’
    PlotTheta: no visible global function definition for ‘density’
    PlotTheta: no visible global function definition for ‘legend’
    PlotTheta: no visible global function definition for ‘par’
    PlotTheta: no visible global function definition for ‘quantile’
    PlotTheta: no visible global function definition for ‘sd’
    UpdLambda: no visible global function definition for ‘rgamma’
    UpdPi: no visible global function definition for ‘rbeta’
    Undefined global functions or variables:
     acf density dnorm hist legend lines median mtext par plot points
     quantile rbeta rgamma rnorm runif sd segments var
    Consider adding
     importFrom("graphics", "hist", "legend", "lines", "mtext", "par",
     "plot", "points", "segments")
     importFrom("stats", "acf", "density", "dnorm", "median", "quantile",
     "rbeta", "rgamma", "rnorm", "runif", "sd", "var")
    to your NAMESPACE.
Flavors: r-devel-linux-x86_64-debian-clang, r-devel-linux-x86_64-debian-gcc, r-devel-linux-x86_64-fedora-clang, r-devel-linux-x86_64-fedora-gcc, r-devel-windows-ix86+x86_64