CRAN Package Check Results for Package BGPhazard

Last updated on 2015-03-05 08:49:05.

Flavor Version Tinstall Tcheck Ttotal Status Flags
r-devel-linux-x86_64-debian-clang 1.1 1.01 19.06 20.07 NOTE
r-devel-linux-x86_64-debian-gcc 1.1 0.86 19.11 19.97 NOTE
r-devel-linux-x86_64-fedora-clang 1.1 38.87 NOTE
r-devel-linux-x86_64-fedora-gcc 1.1 36.75 NOTE
r-devel-osx-x86_64-clang 1.1 42.63 NOTE
r-devel-windows-ix86+x86_64 1.1 3.00 32.00 35.00 NOTE
r-patched-linux-x86_64 1.1 1.04 21.24 22.28 OK
r-patched-solaris-sparc 1.1 262.00 OK
r-patched-solaris-x86 1.1 56.40 OK
r-release-linux-ix86 1.1 1.27 28.88 30.15 OK
r-release-linux-x86_64 1.1 1.08 21.13 22.21 OK
r-release-osx-x86_64-mavericks 1.1 OK
r-release-osx-x86_64-snowleopard 1.1 OK
r-release-windows-ix86+x86_64 1.1 4.00 32.00 36.00 OK
r-oldrel-windows-ix86+x86_64 1.0 4.00 24.00 28.00 OK

Check Details

Version: 1.1
Check: DESCRIPTION meta-information
Result: NOTE
    Malformed Description field: should contain one or more complete sentences.
Flavors: r-devel-linux-x86_64-debian-clang, r-devel-linux-x86_64-debian-gcc, r-devel-linux-x86_64-fedora-clang, r-devel-linux-x86_64-fedora-gcc, r-devel-osx-x86_64-clang, r-devel-windows-ix86+x86_64