CRAN Package Check Results for Package BGSIMD

Last updated on 2021-10-26 02:56:23 CEST.

Flavor Version Tinstall Tcheck Ttotal Status Flags
r-devel-linux-x86_64-debian-clang 1.0 2.12 19.10 21.22 NOTE
r-devel-linux-x86_64-debian-gcc 1.0 1.66 15.36 17.02 NOTE
r-devel-linux-x86_64-fedora-clang 1.0 36.84 NOTE
r-devel-linux-x86_64-fedora-gcc 1.0 26.39 NOTE
r-devel-windows-x86_64 1.0 3.00 33.00 36.00 NOTE
r-devel-windows-x86_64-gcc10-UCRT 1.0 NOTE
r-patched-linux-x86_64 1.0 2.14 18.76 20.90 NOTE
r-patched-solaris-x86 1.0 41.20 NOTE
r-release-linux-x86_64 1.0 2.03 18.95 20.98 NOTE
r-release-macos-arm64 1.0 NOTE
r-release-macos-x86_64 1.0 NOTE
r-release-windows-ix86+x86_64 1.0 5.00 32.00 37.00 NOTE
r-oldrel-macos-x86_64 1.0 NOTE
r-oldrel-windows-ix86+x86_64 1.0 4.00 32.00 36.00 NOTE

Check Details

Version: 1.0
Check: R code for possible problems
Result: NOTE
    block.gibbs: no visible global function definition for 'rmultinom'
    rdirichlet: no visible global function definition for 'rgamma'
    Undefined global functions or variables:
     rgamma rmultinom
    Consider adding
     importFrom("stats", "rgamma", "rmultinom")
    to your NAMESPACE file.
Flavors: r-devel-linux-x86_64-debian-clang, r-devel-linux-x86_64-debian-gcc, r-devel-linux-x86_64-fedora-clang, r-devel-linux-x86_64-fedora-gcc, r-devel-windows-x86_64, r-devel-windows-x86_64-gcc10-UCRT, r-patched-linux-x86_64, r-patched-solaris-x86, r-release-linux-x86_64, r-release-macos-arm64, r-release-macos-x86_64, r-release-windows-ix86+x86_64, r-oldrel-macos-x86_64, r-oldrel-windows-ix86+x86_64