CRAN Package Check Results for Package BH

Last updated on 2017-06-23 14:46:53.

Flavor Version Tinstall Tcheck Ttotal Status Flags
r-devel-linux-x86_64-debian-clang 1.62.0-1 14.97 37.88 52.85 OK
r-devel-linux-x86_64-debian-gcc 1.62.0-1 15.29 36.85 52.14 OK
r-devel-linux-x86_64-fedora-clang 1.62.0-1 57.22 NOTE
r-devel-linux-x86_64-fedora-gcc 1.62.0-1 56.27 NOTE
r-devel-windows-ix86+x86_64 1.62.0-1 156.00 27.00 183.00 NOTE
r-patched-linux-x86_64 1.62.0-1 14.82 37.47 52.28 OK
r-patched-solaris-sparc 1.62.0-1 613.40 NOTE
r-patched-solaris-x86 1.62.0-1 137.90 NOTE
r-release-linux-x86_64 1.62.0-1 17.04 37.67 54.71 OK
r-release-windows-ix86+x86_64 1.62.0-1 180.00 25.00 205.00 NOTE
r-release-osx-x86_64 1.62.0-1 NOTE
r-oldrel-windows-ix86+x86_64 1.62.0-1 133.00 34.00 167.00 NOTE
r-oldrel-osx-x86_64 1.62.0-1 NOTE

Check Details

Version: 1.62.0-1
Check: installed package size
Result: NOTE
     installed size is 126.8Mb
     sub-directories of 1Mb or more:
     include 126.8Mb
Flavors: r-devel-linux-x86_64-fedora-clang, r-devel-linux-x86_64-fedora-gcc, r-devel-windows-ix86+x86_64, r-patched-solaris-sparc, r-patched-solaris-x86, r-release-windows-ix86+x86_64, r-release-osx-x86_64, r-oldrel-windows-ix86+x86_64, r-oldrel-osx-x86_64