CRAN Package Check Results for Package BH

Last updated on 2018-07-17 06:47:50 CEST.

Flavor Version Tinstall Tcheck Ttotal Status Flags
r-devel-linux-x86_64-debian-clang 1.66.0-1 16.47 31.05 47.52 OK
r-devel-linux-x86_64-debian-gcc 1.66.0-1 13.18 29.06 42.24 OK
r-devel-linux-x86_64-fedora-clang 1.66.0-1 46.97 NOTE
r-devel-linux-x86_64-fedora-gcc 1.66.0-1 47.80 OK
r-devel-windows-ix86+x86_64 1.66.0-1 198.00 41.00 239.00 NOTE
r-patched-linux-x86_64 1.66.0-1 17.43 33.77 51.20 OK
r-patched-solaris-x86 1.66.0-1 160.70 NOTE
r-release-linux-x86_64 1.66.0-1 16.03 33.37 49.40 OK
r-release-windows-ix86+x86_64 1.66.0-1 287.00 62.00 349.00 NOTE
r-release-osx-x86_64 1.66.0-1 NOTE
r-oldrel-windows-ix86+x86_64 1.66.0-1 127.00 23.00 150.00 NOTE
r-oldrel-osx-x86_64 1.66.0-1 NOTE

Check Details

Version: 1.66.0-1
Check: installed package size
Result: NOTE
     installed size is 144.8Mb
     sub-directories of 1Mb or more:
     include 144.7Mb
Flavors: r-devel-linux-x86_64-fedora-clang, r-devel-windows-ix86+x86_64, r-patched-solaris-x86, r-release-windows-ix86+x86_64, r-release-osx-x86_64, r-oldrel-windows-ix86+x86_64, r-oldrel-osx-x86_64