CRAN Package Check Results for Package BH

Last updated on 2014-10-23 18:47:14.

Flavor Version Tinstall Tcheck Ttotal Status Flags
r-devel-linux-x86_64-debian-clang 1.54.0-4 10.29 32.25 42.54 NOTE
r-devel-linux-x86_64-debian-gcc 1.54.0-4 9.46 30.17 39.63 NOTE
r-devel-linux-x86_64-fedora-clang 1.54.0-4 43.06 NOTE
r-devel-linux-x86_64-fedora-gcc 1.54.0-4 42.03 NOTE
r-devel-osx-x86_64-clang 1.54.0-4 30.56 NOTE
r-devel-windows-ix86+x86_64 1.54.0-4 55.00 12.00 67.00 NOTE
r-patched-linux-x86_64 1.54.0-4 12.32 29.22 41.54 NOTE
r-patched-solaris-sparc 1.54.0-4 426.60 NOTE
r-patched-solaris-x86 1.54.0-4 107.90 NOTE
r-release-linux-ix86 1.54.0-4 14.97 46.18 61.15 NOTE
r-release-linux-x86_64 1.54.0-4 11.42 29.06 40.47 NOTE
r-release-osx-x86_64-mavericks 1.54.0-4 NOTE
r-release-osx-x86_64-snowleopard 1.54.0-4 NOTE
r-release-windows-ix86+x86_64 1.54.0-4 46.00 13.00 59.00 NOTE
r-oldrel-windows-ix86+x86_64 1.54.0-4 45.00 15.00 60.00 NOTE

Check Details

Version: 1.54.0-4
Check: installed package size
Result: NOTE
     installed size is 88.3Mb
     sub-directories of 1Mb or more:
     include 88.3Mb
Flavors: r-devel-linux-x86_64-debian-clang, r-devel-linux-x86_64-debian-gcc, r-devel-linux-x86_64-fedora-clang, r-devel-linux-x86_64-fedora-gcc, r-devel-osx-x86_64-clang, r-devel-windows-ix86+x86_64, r-patched-linux-x86_64, r-patched-solaris-sparc, r-patched-solaris-x86, r-release-linux-ix86, r-release-linux-x86_64, r-release-osx-x86_64-mavericks, r-release-osx-x86_64-snowleopard, r-release-windows-ix86+x86_64, r-oldrel-windows-ix86+x86_64