CRAN Package Check Results for Package BH

Last updated on 2015-03-06 03:46:29.

Flavor Version Tinstall Tcheck Ttotal Status Flags
r-devel-linux-x86_64-debian-clang 1.55.0-3 12.94 33.84 46.79 NOTE
r-devel-linux-x86_64-debian-gcc 1.55.0-3 12.15 34.48 46.63 NOTE
r-devel-linux-x86_64-fedora-clang 1.55.0-3 48.93 NOTE
r-devel-linux-x86_64-fedora-gcc 1.55.0-3 47.93 NOTE
r-devel-osx-x86_64-clang 1.55.0-3 33.25 NOTE
r-devel-windows-ix86+x86_64 1.55.0-3 191.00 14.00 205.00 NOTE
r-patched-linux-x86_64 1.55.0-3 13.44 33.96 47.40 NOTE
r-patched-solaris-sparc 1.55.0-3 579.80 NOTE
r-patched-solaris-x86 1.55.0-3 129.70 NOTE
r-release-linux-ix86 1.55.0-3 17.04 51.72 68.77 NOTE
r-release-linux-x86_64 1.55.0-3 13.72 36.73 50.45 NOTE
r-release-osx-x86_64-mavericks 1.55.0-3 NOTE
r-release-osx-x86_64-snowleopard 1.55.0-3 NOTE
r-release-windows-ix86+x86_64 1.55.0-3 73.00 17.00 90.00 NOTE
r-oldrel-windows-ix86+x86_64 1.55.0-3 76.00 15.00 91.00 NOTE

Check Details

Version: 1.55.0-3
Check: installed package size
Result: NOTE
     installed size is 101.5Mb
     sub-directories of 1Mb or more:
     include 101.4Mb
Flavors: r-devel-linux-x86_64-debian-clang, r-devel-linux-x86_64-debian-gcc, r-devel-linux-x86_64-fedora-clang, r-devel-linux-x86_64-fedora-gcc, r-devel-osx-x86_64-clang, r-devel-windows-ix86+x86_64, r-patched-linux-x86_64, r-patched-solaris-sparc, r-patched-solaris-x86, r-release-linux-ix86, r-release-linux-x86_64, r-release-osx-x86_64-mavericks, r-release-osx-x86_64-snowleopard, r-release-windows-ix86+x86_64, r-oldrel-windows-ix86+x86_64