CRAN Package Check Results for Package BH

Last updated on 2017-08-17 02:47:40.

Flavor Version Tinstall Tcheck Ttotal Status Flags
r-devel-linux-x86_64-debian-clang 1.62.0-1 15.23 36.24 51.48 OK
r-devel-linux-x86_64-debian-gcc 1.62.0-1 14.75 35.02 49.76 OK
r-devel-linux-x86_64-fedora-clang 1.62.0-1 57.10 NOTE
r-devel-linux-x86_64-fedora-gcc 1.62.0-1 58.55 NOTE
r-devel-windows-ix86+x86_64 1.62.0-1 252.00 33.00 285.00 NOTE
r-patched-linux-x86_64 1.62.0-1 15.25 37.16 52.41 OK
r-patched-solaris-x86 1.62.0-1 140.40 NOTE
r-release-linux-x86_64 1.62.0-1 15.29 35.88 51.17 OK
r-release-windows-ix86+x86_64 1.62.0-1 160.00 23.00 183.00 NOTE
r-release-osx-x86_64 1.62.0-1 NOTE
r-oldrel-windows-ix86+x86_64 1.62.0-1 133.00 34.00 167.00 NOTE
r-oldrel-osx-x86_64 1.62.0-1 NOTE

Check Details

Version: 1.62.0-1
Check: installed package size
Result: NOTE
     installed size is 126.8Mb
     sub-directories of 1Mb or more:
     include 126.8Mb
Flavors: r-devel-linux-x86_64-fedora-clang, r-devel-linux-x86_64-fedora-gcc, r-devel-windows-ix86+x86_64, r-patched-solaris-x86, r-release-windows-ix86+x86_64, r-release-osx-x86_64, r-oldrel-windows-ix86+x86_64, r-oldrel-osx-x86_64