CRAN Package Check Results for Package BH

Last updated on 2015-07-08 06:47:46.

Flavor Version Tinstall Tcheck Ttotal Status Flags
r-devel-linux-x86_64-debian-clang 1.58.0-1 12.33 37.00 49.34 NOTE
r-devel-linux-x86_64-debian-gcc 1.58.0-1 12.00 37.26 49.26 NOTE
r-devel-linux-x86_64-fedora-clang 1.58.0-1 52.01 NOTE
r-devel-linux-x86_64-fedora-gcc 1.58.0-1 51.61 NOTE
r-devel-osx-x86_64-clang 1.58.0-1 30.24 NOTE
r-devel-windows-ix86+x86_64 1.58.0-1 184.00 16.00 200.00 NOTE
r-patched-linux-x86_64 1.58.0-1 12.60 37.47 50.07 NOTE
r-patched-solaris-sparc 1.58.0-1 537.60 NOTE
r-patched-solaris-x86 1.58.0-1 120.30 NOTE
r-release-linux-x86_64 1.58.0-1 12.00 38.56 50.56 NOTE
r-release-osx-x86_64-mavericks 1.58.0-1 NOTE
r-release-windows-ix86+x86_64 1.58.0-1 142.00 16.00 158.00 NOTE
r-oldrel-windows-ix86+x86_64 1.58.0-1 87.00 20.00 107.00 NOTE

Check Details

Version: 1.58.0-1
Check: installed package size
Result: NOTE
     installed size is 110.4Mb
     sub-directories of 1Mb or more:
     include 110.3Mb
Flavors: r-devel-linux-x86_64-debian-clang, r-devel-linux-x86_64-debian-gcc, r-devel-linux-x86_64-fedora-clang, r-devel-linux-x86_64-fedora-gcc, r-devel-osx-x86_64-clang, r-devel-windows-ix86+x86_64, r-patched-linux-x86_64, r-patched-solaris-sparc, r-patched-solaris-x86, r-release-linux-x86_64, r-release-osx-x86_64-mavericks, r-release-windows-ix86+x86_64, r-oldrel-windows-ix86+x86_64