CRAN Package Check Results for Package BH

Last updated on 2017-05-22 18:51:31.

Flavor Version Tinstall Tcheck Ttotal Status Flags
r-devel-linux-x86_64-debian-clang 1.62.0-1 15.23 37.56 52.79 OK
r-devel-linux-x86_64-debian-gcc 1.62.0-1 15.57 36.27 51.85 OK
r-devel-linux-x86_64-fedora-clang 1.62.0-1 56.05 NOTE --no-stop-on-test-error
r-devel-linux-x86_64-fedora-gcc 1.62.0-1 55.97 NOTE --no-stop-on-test-error
r-devel-windows-ix86+x86_64 1.62.0-1 361.00 29.00 390.00 NOTE
r-patched-linux-x86_64 1.62.0-1 15.27 35.13 50.40 OK
r-patched-solaris-sparc 1.62.0-1 613.40 NOTE
r-patched-solaris-x86 1.62.0-1 138.70 NOTE
r-release-linux-x86_64 1.62.0-1 14.64 35.20 49.84 OK
r-release-windows-ix86+x86_64 1.62.0-1 180.00 25.00 205.00 NOTE
r-release-osx-x86_64 1.62.0-1 NOTE
r-oldrel-windows-ix86+x86_64 1.62.0-1 133.00 34.00 167.00 NOTE
r-oldrel-osx-x86_64 1.62.0-1 NOTE

Check Details

Version: 1.62.0-1
Flags: --no-stop-on-test-error
Check: installed package size
Result: NOTE
     installed size is 126.8Mb
     sub-directories of 1Mb or more:
     include 126.8Mb
Flavors: r-devel-linux-x86_64-fedora-clang, r-devel-linux-x86_64-fedora-gcc

Version: 1.62.0-1
Check: installed package size
Result: NOTE
     installed size is 124.4Mb
     sub-directories of 1Mb or more:
     include 123.5Mb
Flavors: r-devel-windows-ix86+x86_64, r-patched-solaris-sparc, r-patched-solaris-x86, r-release-windows-ix86+x86_64, r-release-osx-x86_64, r-oldrel-windows-ix86+x86_64, r-oldrel-osx-x86_64