CRAN Package Check Results for Package BH

Last updated on 2020-08-09 06:46:38 CEST.

Flavor Version Tinstall Tcheck Ttotal Status Flags
r-devel-linux-x86_64-debian-clang 1.72.0-3 24.43 39.28 63.71 OK
r-devel-linux-x86_64-debian-gcc 1.72.0-3 17.68 30.78 48.46 OK
r-devel-linux-x86_64-fedora-clang 1.72.0-3 61.46 NOTE
r-devel-linux-x86_64-fedora-gcc 1.72.0-3 52.11 OK
r-devel-windows-ix86+x86_64 1.72.0-3 187.00 86.00 273.00 NOTE
r-patched-linux-x86_64 1.72.0-3 22.14 38.84 60.98 OK
r-patched-solaris-x86 1.72.0-3 166.50 NOTE
r-release-linux-x86_64 1.72.0-3 21.19 38.64 59.83 OK
r-release-macos-x86_64 1.72.0-3 NOTE
r-release-windows-ix86+x86_64 1.72.0-3 125.00 54.00 179.00 NOTE
r-oldrel-macos-x86_64 1.72.0-3 NOTE
r-oldrel-windows-ix86+x86_64 1.72.0-3 143.00 108.00 251.00 NOTE

Check Details

Version: 1.72.0-3
Check: installed package size
Result: NOTE
     installed size is 135.0Mb
     sub-directories of 1Mb or more:
     include 134.9Mb
Flavors: r-devel-linux-x86_64-fedora-clang, r-devel-windows-ix86+x86_64, r-patched-solaris-x86, r-release-macos-x86_64, r-release-windows-ix86+x86_64, r-oldrel-macos-x86_64, r-oldrel-windows-ix86+x86_64