CRAN Package Check Results for Package BH

Last updated on 2016-08-31 21:46:54.

Flavor Version Tinstall Tcheck Ttotal Status Flags
r-devel-linux-x86_64-debian-clang 1.60.0-2 15.49 32.62 48.11 NOTE
r-devel-linux-x86_64-debian-gcc 1.60.0-2 14.58 34.35 48.93 NOTE
r-devel-linux-x86_64-fedora-clang 1.60.0-2 55.34 NOTE
r-devel-linux-x86_64-fedora-gcc 1.60.0-2 55.78 NOTE
r-devel-osx-x86_64-clang 1.60.0-2 51.83 NOTE
r-devel-windows-ix86+x86_64 1.60.0-2 245.00 25.00 270.00 NOTE
r-patched-linux-x86_64 1.60.0-2 14.76 34.24 49.00 NOTE
r-patched-solaris-sparc 1.60.0-2 588.00 NOTE
r-patched-solaris-x86 1.60.0-2 123.40 NOTE
r-release-linux-x86_64 1.60.0-2 14.48 33.05 47.53 NOTE
r-release-osx-x86_64-mavericks 1.60.0-2 NOTE
r-release-windows-ix86+x86_64 1.60.0-2 142.00 32.00 174.00 NOTE
r-oldrel-windows-ix86+x86_64 1.60.0-2 92.00 22.00 114.00 NOTE

Check Details

Version: 1.60.0-2
Check: installed package size
Result: NOTE
     installed size is 123.6Mb
     sub-directories of 1Mb or more:
     include 123.6Mb
Flavors: r-devel-linux-x86_64-debian-clang, r-devel-linux-x86_64-debian-gcc, r-devel-linux-x86_64-fedora-clang, r-devel-linux-x86_64-fedora-gcc, r-devel-osx-x86_64-clang, r-devel-windows-ix86+x86_64, r-patched-linux-x86_64, r-patched-solaris-sparc, r-patched-solaris-x86, r-release-linux-x86_64, r-release-osx-x86_64-mavericks, r-release-windows-ix86+x86_64, r-oldrel-windows-ix86+x86_64