CRAN Package Check Results for Package BH

Last updated on 2014-09-19 08:49:24.

Flavor Version Tinstall Tcheck Ttotal Status Flags
r-devel-linux-x86_64-debian-clang 1.54.0-4 10.36 30.50 40.86 NOTE
r-devel-linux-x86_64-debian-gcc 1.54.0-4 10.67 28.56 39.23 NOTE
r-devel-linux-x86_64-fedora-clang 1.54.0-4 42.40 NOTE
r-devel-linux-x86_64-fedora-gcc 1.54.0-4 44.21 NOTE
r-devel-osx-x86_64-clang 1.54.0-4 30.97 NOTE
r-devel-windows-ix86+x86_64 1.54.0-4 53.00 13.00 66.00 NOTE
r-patched-linux-x86_64 1.54.0-4 12.14 28.89 41.04 NOTE
r-patched-solaris-sparc 1.54.0-4 426.60 NOTE
r-patched-solaris-x86 1.54.0-4 106.10 NOTE
r-release-linux-ix86 1.54.0-4 15.01 49.98 65.00 NOTE
r-release-linux-x86_64 1.54.0-4 12.09 29.33 41.42 NOTE
r-release-osx-x86_64-mavericks 1.54.0-4 NOTE
r-release-osx-x86_64-snowleopard 1.54.0-4 NOTE
r-release-windows-ix86+x86_64 1.54.0-4 46.00 13.00 59.00 NOTE
r-oldrel-windows-ix86+x86_64 1.54.0-4 45.00 15.00 60.00 NOTE

Check Details

Version: 1.54.0-4
Check: installed package size
Result: NOTE
     installed size is 88.3Mb
     sub-directories of 1Mb or more:
     include 88.3Mb
Flavors: r-devel-linux-x86_64-debian-clang, r-devel-linux-x86_64-debian-gcc, r-devel-linux-x86_64-fedora-clang, r-devel-linux-x86_64-fedora-gcc, r-devel-osx-x86_64-clang, r-devel-windows-ix86+x86_64, r-patched-linux-x86_64, r-patched-solaris-sparc, r-patched-solaris-x86, r-release-linux-ix86, r-release-linux-x86_64, r-release-osx-x86_64-mavericks, r-release-osx-x86_64-snowleopard, r-release-windows-ix86+x86_64, r-oldrel-windows-ix86+x86_64