CRAN Package Check Results for Package BH

Last updated on 2016-07-31 04:51:30.

Flavor Version Tinstall Tcheck Ttotal Status Flags
r-devel-linux-x86_64-debian-clang 1.60.0-2 14.31 31.66 45.97 NOTE
r-devel-linux-x86_64-debian-gcc 1.60.0-2 13.68 34.26 47.93 NOTE
r-devel-linux-x86_64-fedora-clang 1.60.0-2 51.16 NOTE
r-devel-linux-x86_64-fedora-gcc 1.60.0-2 50.10 NOTE
r-devel-osx-x86_64-clang 1.60.0-2 52.16 NOTE
r-devel-windows-ix86+x86_64 1.60.0-2 110.00 25.00 135.00 NOTE
r-patched-linux-x86_64 1.60.0-2 14.03 33.29 47.32 NOTE
r-patched-solaris-sparc 1.60.0-2 588.00 NOTE
r-patched-solaris-x86 1.60.0-2 123.70 NOTE
r-release-linux-x86_64 1.60.0-2 16.08 63.63 79.71 NOTE
r-release-osx-x86_64-mavericks 1.60.0-2 NOTE
r-release-windows-ix86+x86_64 1.60.0-2 142.00 32.00 174.00 NOTE
r-oldrel-windows-ix86+x86_64 1.60.0-2 92.00 22.00 114.00 NOTE

Check Details

Version: 1.60.0-2
Check: installed package size
Result: NOTE
     installed size is 123.6Mb
     sub-directories of 1Mb or more:
     include 123.6Mb
Flavors: r-devel-linux-x86_64-debian-clang, r-devel-linux-x86_64-debian-gcc, r-devel-linux-x86_64-fedora-clang, r-devel-linux-x86_64-fedora-gcc, r-devel-osx-x86_64-clang, r-devel-windows-ix86+x86_64, r-patched-linux-x86_64, r-patched-solaris-sparc, r-patched-solaris-x86, r-release-linux-x86_64, r-release-osx-x86_64-mavericks, r-release-windows-ix86+x86_64, r-oldrel-windows-ix86+x86_64