CRAN Package Check Results for Package BH

Last updated on 2014-08-21 11:15:00.

Flavor Version Tinstall Tcheck Ttotal Status Flags
r-devel-linux-x86_64-debian-clang 1.54.0-3 10.58 29.57 40.15 NOTE
r-devel-linux-x86_64-debian-gcc 1.54.0-3 9.96 29.18 39.14 NOTE
r-devel-linux-x86_64-fedora-clang 1.54.0-3 43.04 NOTE
r-devel-linux-x86_64-fedora-gcc 1.54.0-3 40.60 NOTE
r-devel-osx-x86_64-clang 1.54.0-3 27.46 NOTE
r-devel-windows-ix86+x86_64 1.54.0-3 56.00 13.00 69.00 NOTE
r-patched-linux-x86_64 1.54.0-3 11.98 30.25 42.23 NOTE
r-patched-solaris-sparc 1.54.0-3 415.10 NOTE
r-patched-solaris-x86 1.54.0-3 105.40 NOTE
r-release-linux-ix86 1.54.0-3 14.63 44.57 59.20 NOTE
r-release-linux-x86_64 1.54.0-3 12.08 30.34 42.42 NOTE
r-release-osx-x86_64-mavericks 1.54.0-3 NOTE
r-release-osx-x86_64-snowleopard 1.54.0-3 NOTE
r-release-windows-ix86+x86_64 1.54.0-3 42.00 15.00 57.00 NOTE
r-oldrel-windows-ix86+x86_64 1.54.0-3 45.00 16.00 61.00 NOTE

Check Details

Version: 1.54.0-3
Check: installed package size
Result: NOTE
     installed size is 88.3Mb
     sub-directories of 1Mb or more:
     include 88.3Mb
Flavors: r-devel-linux-x86_64-debian-clang, r-devel-linux-x86_64-debian-gcc, r-devel-linux-x86_64-fedora-clang, r-devel-linux-x86_64-fedora-gcc, r-devel-osx-x86_64-clang, r-devel-windows-ix86+x86_64, r-patched-linux-x86_64, r-patched-solaris-sparc, r-patched-solaris-x86, r-release-linux-ix86, r-release-linux-x86_64, r-release-osx-x86_64-mavericks, r-release-osx-x86_64-snowleopard, r-release-windows-ix86+x86_64, r-oldrel-windows-ix86+x86_64