CRAN Package Check Results for Package BH

Last updated on 2015-01-27 23:51:05.

Flavor Version Tinstall Tcheck Ttotal Status Flags
r-devel-linux-x86_64-debian-clang 1.55.0-3 11.81 37.02 48.84 NOTE
r-devel-linux-x86_64-debian-gcc 1.55.0-3 11.29 36.26 47.55 NOTE
r-devel-linux-x86_64-fedora-clang 1.55.0-3 48.77 NOTE
r-devel-linux-x86_64-fedora-gcc 1.55.0-3 50.59 NOTE
r-devel-osx-x86_64-clang 1.55.0-3 34.38 NOTE
r-devel-windows-ix86+x86_64 1.55.0-3 143.00 16.00 159.00 NOTE
r-patched-linux-x86_64 1.55.0-3 15.40 36.53 51.94 NOTE
r-patched-solaris-sparc 1.55.0-3 480.60 NOTE
r-patched-solaris-x86 1.55.0-3 130.50 NOTE
r-release-linux-ix86 1.55.0-3 16.85 51.28 68.13 NOTE
r-release-linux-x86_64 1.55.0-3 15.61 35.17 50.78 NOTE
r-release-osx-x86_64-mavericks 1.55.0-3 NOTE
r-release-osx-x86_64-snowleopard 1.55.0-3 NOTE
r-release-windows-ix86+x86_64 1.55.0-3 73.00 17.00 90.00 NOTE
r-oldrel-windows-ix86+x86_64 1.55.0-3 76.00 15.00 91.00 NOTE

Check Details

Version: 1.55.0-3
Check: installed package size
Result: NOTE
     installed size is 101.5Mb
     sub-directories of 1Mb or more:
     include 101.4Mb
Flavors: r-devel-linux-x86_64-debian-clang, r-devel-linux-x86_64-debian-gcc, r-devel-linux-x86_64-fedora-clang, r-devel-linux-x86_64-fedora-gcc, r-devel-osx-x86_64-clang, r-devel-windows-ix86+x86_64, r-patched-linux-x86_64, r-patched-solaris-sparc, r-patched-solaris-x86, r-release-linux-ix86, r-release-linux-x86_64, r-release-osx-x86_64-mavericks, r-release-osx-x86_64-snowleopard, r-release-windows-ix86+x86_64, r-oldrel-windows-ix86+x86_64