CRAN Package Check Results for Package BH

Last updated on 2016-02-08 19:48:17.

Flavor Version Tinstall Tcheck Ttotal Status Flags
r-devel-linux-x86_64-debian-gcc 1.60.0-1 14.23 48.90 63.13 NOTE
r-devel-linux-x86_64-fedora-clang 1.60.0-1 49.92 NOTE
r-devel-linux-x86_64-fedora-gcc 1.60.0-1 49.12 NOTE
r-devel-osx-x86_64-clang 1.60.0-1 162.18 NOTE
r-devel-windows-ix86+x86_64 1.60.0-1 282.00 19.00 301.00 NOTE
r-patched-linux-x86_64 1.60.0-1 14.93 50.04 64.97 NOTE
r-patched-solaris-sparc 1.60.0-1 582.70 NOTE
r-patched-solaris-x86 1.60.0-1 122.30 NOTE
r-release-linux-x86_64 1.60.0-1 14.02 50.11 64.13 NOTE
r-release-osx-x86_64-mavericks 1.60.0-1 NOTE
r-release-windows-ix86+x86_64 1.60.0-1 110.00 23.00 133.00 NOTE
r-oldrel-windows-ix86+x86_64 1.60.0-1 92.00 23.00 115.00 NOTE

Check Details

Version: 1.60.0-1
Check: installed package size
Result: NOTE
     installed size is 122.0Mb
     sub-directories of 1Mb or more:
     include 121.9Mb
Flavors: r-devel-linux-x86_64-debian-gcc, r-devel-linux-x86_64-fedora-clang, r-devel-linux-x86_64-fedora-gcc, r-devel-osx-x86_64-clang, r-devel-windows-ix86+x86_64, r-patched-linux-x86_64, r-patched-solaris-sparc, r-patched-solaris-x86, r-release-linux-x86_64, r-release-osx-x86_64-mavericks, r-release-windows-ix86+x86_64, r-oldrel-windows-ix86+x86_64