CRAN Package Check Results for Package BH

Last updated on 2014-12-22 14:48:36.

Flavor Version Tinstall Tcheck Ttotal Status Flags
r-devel-linux-x86_64-debian-clang 1.54.0-5 10.17 30.49 40.66 NOTE
r-devel-linux-x86_64-debian-gcc 1.55.0-1 12.30 32.44 44.74 NOTE
r-devel-linux-x86_64-fedora-clang 1.55.0-1 47.70 NOTE
r-devel-linux-x86_64-fedora-gcc 1.55.0-1 45.27 NOTE
r-devel-osx-x86_64-clang 1.55.0-1 33.27 NOTE
r-devel-windows-ix86+x86_64 1.54.0-5 223.00 18.00 241.00 NOTE
r-patched-linux-x86_64 1.54.0-5 11.32 30.35 41.66 NOTE
r-patched-solaris-sparc 1.55.0-1 555.10 NOTE
r-patched-solaris-x86 1.55.0-1 96.80 NOTE
r-release-linux-ix86 1.54.0-5 14.56 44.76 59.32 NOTE
r-release-linux-x86_64 1.55.0-1 13.04 32.50 45.54 NOTE
r-release-osx-x86_64-mavericks 1.55.0-1 NOTE
r-release-osx-x86_64-snowleopard 1.54.0-5 NOTE
r-release-windows-ix86+x86_64 1.55.0-1 64.00 16.00 80.00 NOTE
r-oldrel-windows-ix86+x86_64 1.55.0-1 62.00 15.00 77.00 NOTE

Check Details

Version: 1.54.0-5
Check: installed package size
Result: NOTE
     installed size is 88.6Mb
     sub-directories of 1Mb or more:
     include 88.5Mb
Flavors: r-devel-linux-x86_64-debian-clang, r-devel-windows-ix86+x86_64, r-patched-linux-x86_64, r-release-linux-ix86, r-release-osx-x86_64-snowleopard

Version: 1.55.0-1
Check: installed package size
Result: NOTE
     installed size is 96.1Mb
     sub-directories of 1Mb or more:
     include 96.1Mb
Flavors: r-devel-linux-x86_64-debian-gcc, r-devel-linux-x86_64-fedora-clang, r-devel-linux-x86_64-fedora-gcc, r-devel-osx-x86_64-clang, r-patched-solaris-sparc, r-patched-solaris-x86, r-release-linux-x86_64, r-release-osx-x86_64-mavericks, r-release-windows-ix86+x86_64, r-oldrel-windows-ix86+x86_64