CRAN Package Check Results for Package BH

Last updated on 2016-05-28 23:47:30.

Flavor Version Tinstall Tcheck Ttotal Status Flags
r-devel-linux-x86_64-debian-gcc 1.60.0-2 14.24 48.64 62.88 NOTE
r-devel-linux-x86_64-fedora-clang 1.60.0-2 50.16 NOTE
r-devel-linux-x86_64-fedora-gcc 1.60.0-2 51.03 NOTE
r-devel-osx-x86_64-clang 1.60.0-2 158.74 NOTE
r-devel-windows-ix86+x86_64 1.60.0-2 184.00 23.00 207.00 NOTE
r-patched-linux-x86_64 1.60.0-2 15.06 51.91 66.97 NOTE
r-patched-solaris-sparc 1.60.0-2 586.40 NOTE
r-patched-solaris-x86 1.60.0-2 124.30 NOTE
r-release-linux-x86_64 1.60.0-2 13.97 49.80 63.77 NOTE
r-release-osx-x86_64-mavericks 1.60.0-2 NOTE
r-release-windows-ix86+x86_64 1.60.0-2 142.00 32.00 174.00 NOTE
r-oldrel-windows-ix86+x86_64 1.60.0-2 92.00 22.00 114.00 NOTE

Check Details

Version: 1.60.0-2
Check: installed package size
Result: NOTE
     installed size is 123.6Mb
     sub-directories of 1Mb or more:
     include 123.6Mb
Flavors: r-devel-linux-x86_64-debian-gcc, r-devel-linux-x86_64-fedora-clang, r-devel-linux-x86_64-fedora-gcc, r-devel-osx-x86_64-clang, r-devel-windows-ix86+x86_64, r-patched-linux-x86_64, r-patched-solaris-sparc, r-patched-solaris-x86, r-release-linux-x86_64, r-release-osx-x86_64-mavericks, r-release-windows-ix86+x86_64, r-oldrel-windows-ix86+x86_64