CRAN Package Check Results for Package BH

Last updated on 2014-11-23 12:46:26.

Flavor Version Tinstall Tcheck Ttotal Status Flags
r-devel-linux-x86_64-debian-clang 1.54.0-5 11.38 33.48 44.85 NOTE
r-devel-linux-x86_64-debian-gcc 1.54.0-5 10.18 34.77 44.95 NOTE
r-devel-linux-x86_64-fedora-clang 1.54.0-5 44.82 NOTE
r-devel-linux-x86_64-fedora-gcc 1.54.0-5 42.97 NOTE
r-devel-osx-x86_64-clang 1.54.0-5 31.60 NOTE
r-devel-windows-ix86+x86_64 1.54.0-5 54.00 14.00 68.00 NOTE
r-patched-linux-x86_64 1.54.0-5 12.20 31.30 43.50 NOTE
r-patched-solaris-sparc 1.54.0-5 457.20 NOTE
r-patched-solaris-x86 1.54.0-5 110.50 NOTE
r-release-linux-ix86 1.54.0-5 14.38 46.30 60.69 NOTE
r-release-linux-x86_64 1.54.0-5 12.77 29.44 42.20 NOTE
r-release-osx-x86_64-mavericks 1.54.0-5 NOTE
r-release-osx-x86_64-snowleopard 1.54.0-5 NOTE
r-release-windows-ix86+x86_64 1.54.0-5 47.00 16.00 63.00 NOTE
r-oldrel-windows-ix86+x86_64 1.54.0-5 44.00 15.00 59.00 NOTE

Check Details

Version: 1.54.0-5
Check: installed package size
Result: NOTE
     installed size is 88.6Mb
     sub-directories of 1Mb or more:
     include 88.5Mb
Flavors: r-devel-linux-x86_64-debian-clang, r-devel-linux-x86_64-debian-gcc, r-devel-linux-x86_64-fedora-clang, r-devel-linux-x86_64-fedora-gcc, r-devel-osx-x86_64-clang, r-devel-windows-ix86+x86_64, r-patched-linux-x86_64, r-patched-solaris-sparc, r-patched-solaris-x86, r-release-linux-ix86, r-release-linux-x86_64, r-release-osx-x86_64-mavericks, r-release-osx-x86_64-snowleopard, r-release-windows-ix86+x86_64, r-oldrel-windows-ix86+x86_64