CRAN Package Check Results for Package BH

Last updated on 2015-05-29 07:47:19.

Flavor Version Tinstall Tcheck Ttotal Status Flags
r-devel-linux-x86_64-debian-clang 1.58.0-1 13.60 38.10 51.71 NOTE
r-devel-linux-x86_64-debian-gcc 1.58.0-1 11.99 38.44 50.43 NOTE
r-devel-linux-x86_64-fedora-clang 1.58.0-1 53.75 NOTE
r-devel-linux-x86_64-fedora-gcc 1.58.0-1 52.66 NOTE
r-devel-osx-x86_64-clang 1.58.0-1 34.91 NOTE
r-devel-windows-ix86+x86_64 1.58.0-1 168.00 16.00 184.00 NOTE
r-patched-linux-x86_64 1.58.0-1 13.12 37.97 51.08 NOTE
r-patched-solaris-sparc 1.58.0-1 537.60 NOTE
r-patched-solaris-x86 1.58.0-1 117.30 NOTE
r-release-linux-x86_64 1.58.0-1 12.06 37.06 49.11 NOTE
r-release-osx-x86_64-mavericks 1.58.0-1 NOTE
r-release-osx-x86_64-snowleopard 1.55.0-3 NOTE
r-release-windows-ix86+x86_64 1.58.0-1 81.00 17.00 98.00 NOTE
r-oldrel-windows-ix86+x86_64 1.58.0-1 87.00 20.00 107.00 NOTE

Check Details

Version: 1.58.0-1
Check: installed package size
Result: NOTE
     installed size is 110.4Mb
     sub-directories of 1Mb or more:
     include 110.3Mb
Flavors: r-devel-linux-x86_64-debian-clang, r-devel-linux-x86_64-debian-gcc, r-devel-linux-x86_64-fedora-clang, r-devel-linux-x86_64-fedora-gcc, r-devel-osx-x86_64-clang, r-devel-windows-ix86+x86_64, r-patched-linux-x86_64, r-patched-solaris-sparc, r-patched-solaris-x86, r-release-linux-x86_64, r-release-osx-x86_64-mavericks, r-release-windows-ix86+x86_64, r-oldrel-windows-ix86+x86_64

Version: 1.55.0-3
Check: installed package size
Result: NOTE
     installed size is 98.6Mb
     sub-directories of 1Mb or more:
     include 98.5Mb
Flavor: r-release-osx-x86_64-snowleopard