CRAN Package Check Results for Package BH

Last updated on 2017-02-22 03:47:10.

Flavor Version Tinstall Tcheck Ttotal Status Flags
r-devel-linux-x86_64-debian-clang 1.62.0-1 15.57 33.86 49.43 OK
r-devel-linux-x86_64-debian-gcc 1.62.0-1 14.67 35.28 49.95 OK
r-devel-linux-x86_64-fedora-clang 1.62.0-1 56.52 NOTE --no-stop-on-test-error
r-devel-linux-x86_64-fedora-gcc 1.62.0-1 57.88 NOTE --no-stop-on-test-error
r-devel-macos-x86_64-clang 1.62.0-1 54.91 NOTE --no-stop-on-test-error
r-devel-windows-ix86+x86_64 1.62.0-1 200.00 35.00 235.00 NOTE
r-patched-linux-x86_64 1.62.0-1 14.73 36.52 51.25 OK
r-patched-solaris-sparc 1.62.0-1 604.00 NOTE
r-patched-solaris-x86 1.62.0-1 129.10 NOTE
r-release-linux-x86_64 1.62.0-1 16.84 35.79 52.64 OK
r-release-osx-x86_64-mavericks 1.62.0-1 NOTE
r-release-windows-ix86+x86_64 1.62.0-1 133.00 34.00 167.00 NOTE
r-oldrel-windows-ix86+x86_64 1.62.0-1 102.00 21.00 123.00 NOTE

Check Details

Version: 1.62.0-1
Flags: --no-stop-on-test-error
Check: installed package size
Result: NOTE
     installed size is 126.8Mb
     sub-directories of 1Mb or more:
     include 126.8Mb
Flavors: r-devel-linux-x86_64-fedora-clang, r-devel-linux-x86_64-fedora-gcc, r-devel-macos-x86_64-clang

Version: 1.62.0-1
Check: installed package size
Result: NOTE
     installed size is 124.4Mb
     sub-directories of 1Mb or more:
     include 123.5Mb
Flavors: r-devel-windows-ix86+x86_64, r-patched-solaris-sparc, r-patched-solaris-x86, r-release-osx-x86_64-mavericks, r-release-windows-ix86+x86_64, r-oldrel-windows-ix86+x86_64