CRAN Package Check Results for Package BH

Last updated on 2017-10-22 22:48:37.

Flavor Version Tinstall Tcheck Ttotal Status Flags
r-devel-linux-x86_64-debian-clang 1.65.0-1 17.09 26.88 43.97 OK
r-devel-linux-x86_64-debian-gcc 1.65.0-1 13.74 18.48 32.22 OK
r-devel-linux-x86_64-fedora-clang 1.65.0-1 52.37 NOTE
r-devel-linux-x86_64-fedora-gcc 1.65.0-1 52.14 NOTE
r-devel-windows-ix86+x86_64 1.65.0-1 315.00 25.00 340.00 NOTE
r-patched-linux-x86_64 1.65.0-1 16.28 26.76 43.04 OK
r-patched-solaris-x86 1.65.0-1 144.90 NOTE
r-release-linux-x86_64 1.65.0-1 15.13 27.26 42.39 OK
r-release-windows-ix86+x86_64 1.65.0-1 117.00 25.00 142.00 NOTE
r-release-osx-x86_64 1.65.0-1 NOTE
r-oldrel-windows-ix86+x86_64 1.65.0-1 129.00 24.00 153.00 NOTE
r-oldrel-osx-x86_64 1.65.0-1 NOTE

Check Details

Version: 1.65.0-1
Check: installed package size
Result: NOTE
     installed size is 141.6Mb
     sub-directories of 1Mb or more:
     include 141.5Mb
Flavors: r-devel-linux-x86_64-fedora-clang, r-devel-linux-x86_64-fedora-gcc, r-devel-windows-ix86+x86_64, r-patched-solaris-x86, r-release-windows-ix86+x86_64, r-release-osx-x86_64, r-oldrel-windows-ix86+x86_64, r-oldrel-osx-x86_64