CRAN Package Check Results for Package BH

Last updated on 2015-04-01 08:49:59.

Flavor Version Tinstall Tcheck Ttotal Status Flags
r-devel-linux-x86_64-debian-clang 1.55.0-3 12.58 35.69 48.28 NOTE
r-devel-linux-x86_64-debian-gcc 1.55.0-3 11.10 35.32 46.42 NOTE
r-devel-linux-x86_64-fedora-clang 1.55.0-3 49.65 NOTE
r-devel-linux-x86_64-fedora-gcc 1.55.0-3 50.14 NOTE
r-devel-osx-x86_64-clang 1.55.0-3 36.00 NOTE
r-prerel-windows-ix86+x86_64 1.55.0-3 162.00 16.00 178.00 NOTE
r-prerel-linux-x86_64 1.55.0-3 12.11 36.80 48.91 NOTE
r-prerel-solaris-sparc 1.55.0-3 543.20 NOTE
r-prerel-solaris-x86 1.55.0-3 119.20 NOTE
r-release-linux-x86_64 1.55.0-3 14.23 36.68 50.91 NOTE
r-release-osx-x86_64-mavericks 1.55.0-3 NOTE
r-release-osx-x86_64-snowleopard 1.55.0-3 NOTE
r-release-windows-ix86+x86_64 1.55.0-3 164.00 22.00 186.00 NOTE
r-oldrel-windows-ix86+x86_64 1.55.0-3 76.00 15.00 91.00 NOTE

Check Details

Version: 1.55.0-3
Check: installed package size
Result: NOTE
     installed size is 101.5Mb
     sub-directories of 1Mb or more:
     include 101.4Mb
Flavors: r-devel-linux-x86_64-debian-clang, r-devel-linux-x86_64-debian-gcc, r-devel-linux-x86_64-fedora-clang, r-devel-linux-x86_64-fedora-gcc, r-devel-osx-x86_64-clang, r-prerel-windows-ix86+x86_64, r-prerel-linux-x86_64, r-prerel-solaris-sparc, r-prerel-solaris-x86, r-release-linux-x86_64, r-release-osx-x86_64-mavericks, r-release-osx-x86_64-snowleopard, r-release-windows-ix86+x86_64, r-oldrel-windows-ix86+x86_64