CRAN Package Check Results for Package BH

Last updated on 2017-03-27 06:47:57.

Flavor Version Tinstall Tcheck Ttotal Status Flags
r-devel-linux-x86_64-debian-clang 1.62.0-1 15.33 33.95 49.28 OK
r-devel-linux-x86_64-debian-gcc 1.62.0-1 14.83 35.59 50.42 OK
r-devel-linux-x86_64-fedora-clang 1.62.0-1 56.85 NOTE --no-stop-on-test-error
r-devel-linux-x86_64-fedora-gcc 1.62.0-1 60.23 NOTE --no-stop-on-test-error
r-devel-macos-x86_64-clang 1.62.0-1 54.70 NOTE --no-stop-on-test-error
r-devel-windows-ix86+x86_64 1.62.0-1 186.00 25.00 211.00 NOTE
r-patched-linux-x86_64 1.62.0-1 14.93 36.16 51.09 OK
r-patched-solaris-sparc 1.62.0-1 613.40 NOTE
r-patched-solaris-x86 1.62.0-1 138.50 NOTE
r-release-linux-x86_64 1.62.0-1 15.00 36.25 51.25 OK
r-release-osx-x86_64-mavericks 1.62.0-1 NOTE
r-release-windows-ix86+x86_64 1.62.0-1 133.00 34.00 167.00 NOTE
r-oldrel-windows-ix86+x86_64 1.62.0-1 102.00 21.00 123.00 NOTE

Check Details

Version: 1.62.0-1
Flags: --no-stop-on-test-error
Check: installed package size
Result: NOTE
     installed size is 126.8Mb
     sub-directories of 1Mb or more:
     include 126.8Mb
Flavors: r-devel-linux-x86_64-fedora-clang, r-devel-linux-x86_64-fedora-gcc, r-devel-macos-x86_64-clang

Version: 1.62.0-1
Check: installed package size
Result: NOTE
     installed size is 125.9Mb
     sub-directories of 1Mb or more:
     include 125.0Mb
Flavors: r-devel-windows-ix86+x86_64, r-patched-solaris-sparc, r-patched-solaris-x86, r-release-osx-x86_64-mavericks, r-release-windows-ix86+x86_64, r-oldrel-windows-ix86+x86_64