CRAN Package Check Results for Package BH

Last updated on 2014-04-16 23:46:53.

Flavor Version Tinstall Tcheck Ttotal Status Flags
r-devel-linux-x86_64-debian-clang 1.54.0-2 12.52 93.64 106.17 NOTE
r-devel-linux-x86_64-debian-gcc 1.54.0-2 13.46 94.08 107.54 NOTE
r-devel-linux-x86_64-fedora-clang 1.54.0-2 90.24 NOTE
r-devel-linux-x86_64-fedora-gcc 1.54.0-2 89.85 NOTE
r-devel-macosx-x86_64-clang 1.54.0-2 27.23 NOTE
r-devel-macosx-x86_64-gcc 1.54.0-2 NOTE
r-devel-windows-ix86+x86_64 1.54.0-2 42.00 14.00 56.00 NOTE
r-patched-linux-x86_64 1.54.0-2 12.94 92.22 105.16 NOTE
r-patched-solaris-sparc 1.54.0-2 463.60 WARN
r-patched-solaris-x86 1.54.0-2 92.50 NOTE
r-release-linux-ix86 1.54.0-1 28.00 326.00 354.00 NOTE
r-release-linux-x86_64 1.54.0-2 12.64 93.87 106.52 NOTE
r-release-macosx-x86_64 1.54.0-2 NOTE
r-release-windows-ix86+x86_64 1.54.0-2 64.00 14.00 78.00 NOTE
r-oldrel-windows-ix86+x86_64 1.54.0-2 45.00 15.00 60.00 NOTE

Check Details

Version: 1.54.0-2
Check: installed package size
Result: NOTE
     installed size is 88.0Mb
     sub-directories of 1Mb or more:
     include 87.9Mb
Flavors: r-devel-linux-x86_64-debian-clang, r-devel-linux-x86_64-debian-gcc, r-devel-linux-x86_64-fedora-clang, r-devel-linux-x86_64-fedora-gcc, r-devel-macosx-x86_64-clang, r-devel-macosx-x86_64-gcc, r-devel-windows-ix86+x86_64, r-patched-linux-x86_64, r-patched-solaris-sparc, r-patched-solaris-x86, r-release-linux-x86_64, r-release-macosx-x86_64, r-release-windows-ix86+x86_64, r-oldrel-windows-ix86+x86_64

Version: 1.54.0-2
Check: package subdirectories
Result: WARNING
    Problems with news in ‘inst/NEWS.Rd’:
     inst/NEWS.Rd: Sections \title, and \name must exist and be unique in Rd files
Flavor: r-patched-solaris-sparc

Version: 1.54.0-1
Check: installed package size
Result: NOTE
     installed size is 89.0Mb
     sub-directories of 1Mb or more:
     include 88.9Mb
Flavor: r-release-linux-ix86