CRAN Package Check Results for Package BH

Last updated on 2014-07-22 10:47:15.

Flavor Version Tinstall Tcheck Ttotal Status Flags
r-devel-linux-x86_64-debian-clang 1.54.0-2 12.52 29.06 41.58 NOTE
r-devel-linux-x86_64-debian-gcc 1.54.0-2 10.87 29.73 40.60 NOTE
r-devel-linux-x86_64-fedora-clang 1.54.0-2 41.41 NOTE
r-devel-linux-x86_64-fedora-gcc 1.54.0-2 40.80 NOTE
r-devel-osx-x86_64-clang 1.54.0-2 26.73 NOTE
r-devel-windows-ix86+x86_64 1.54.0-2 51.00 11.00 62.00 NOTE
r-patched-linux-x86_64 1.54.0-2 13.70 30.91 44.61 NOTE
r-patched-solaris-sparc 1.54.0-2 463.60 WARN
r-patched-solaris-x86 1.54.0-2 106.10 NOTE
r-release-linux-ix86 1.54.0-2 14.51 45.04 59.56 NOTE
r-release-linux-x86_64 1.54.0-2 12.24 29.66 41.90 NOTE
r-release-osx-x86_64-mavericks 1.54.0-2 NOTE
r-release-osx-x86_64-snowleopard 1.54.0-2 NOTE
r-release-windows-ix86+x86_64 1.54.0-2 67.00 12.00 79.00 NOTE
r-oldrel-windows-ix86+x86_64 1.54.0-2 45.00 15.00 60.00 NOTE

Check Details

Version: 1.54.0-2
Check: installed package size
Result: NOTE
     installed size is 88.0Mb
     sub-directories of 1Mb or more:
     include 87.9Mb
Flavors: r-devel-linux-x86_64-debian-clang, r-devel-linux-x86_64-debian-gcc, r-devel-linux-x86_64-fedora-clang, r-devel-linux-x86_64-fedora-gcc, r-devel-osx-x86_64-clang, r-devel-windows-ix86+x86_64, r-patched-linux-x86_64, r-patched-solaris-sparc, r-patched-solaris-x86, r-release-linux-ix86, r-release-linux-x86_64, r-release-osx-x86_64-mavericks, r-release-osx-x86_64-snowleopard, r-release-windows-ix86+x86_64, r-oldrel-windows-ix86+x86_64

Version: 1.54.0-2
Check: package subdirectories
Result: WARNING
    Problems with news in ‘inst/NEWS.Rd’:
     inst/NEWS.Rd: Sections \title, and \name must exist and be unique in Rd files
Flavor: r-patched-solaris-sparc