CRAN Package Check Results for Package BH

Last updated on 2017-04-24 12:47:22.

Flavor Version Tinstall Tcheck Ttotal Status Flags
r-devel-linux-x86_64-debian-clang 1.62.0-1 15.56 36.18 51.74 OK
r-devel-linux-x86_64-debian-gcc 1.62.0-1 14.23 35.74 49.98 OK
r-devel-linux-x86_64-fedora-clang 1.62.0-1 56.46 NOTE --no-stop-on-test-error
r-devel-linux-x86_64-fedora-gcc 1.62.0-1 57.52 NOTE --no-stop-on-test-error
r-devel-windows-ix86+x86_64 1.62.0-1 195.00 26.00 221.00 NOTE
r-patched-linux-x86_64 1.62.0-1 14.89 35.35 50.24 OK
r-patched-solaris-sparc 1.62.0-1 613.40 NOTE
r-patched-solaris-x86 1.62.0-1 138.90 NOTE
r-release-linux-x86_64 1.62.0-1 14.20 36.96 51.16 OK
r-release-windows-ix86+x86_64 1.62.0-1 180.00 25.00 205.00 NOTE
r-release-osx-x86_64 1.62.0-1 NOTE
r-oldrel-windows-ix86+x86_64 1.62.0-1 133.00 34.00 167.00 NOTE
r-oldrel-osx-x86_64 1.62.0-1 NOTE

Check Details

Version: 1.62.0-1
Flags: --no-stop-on-test-error
Check: installed package size
Result: NOTE
     installed size is 126.8Mb
     sub-directories of 1Mb or more:
     include 126.8Mb
Flavors: r-devel-linux-x86_64-fedora-clang, r-devel-linux-x86_64-fedora-gcc

Version: 1.62.0-1
Check: installed package size
Result: NOTE
     installed size is 124.9Mb
     sub-directories of 1Mb or more:
     include 124.1Mb
Flavors: r-devel-windows-ix86+x86_64, r-patched-solaris-sparc, r-patched-solaris-x86, r-release-windows-ix86+x86_64, r-release-osx-x86_64, r-oldrel-windows-ix86+x86_64, r-oldrel-osx-x86_64