CRAN Package Check Results for Package BH

Last updated on 2016-12-11 10:46:46.

Flavor Version Tinstall Tcheck Ttotal Status Flags
r-devel-linux-x86_64-debian-clang 1.62.0-1 16.34 33.46 49.80 OK
r-devel-linux-x86_64-debian-gcc 1.62.0-1 15.83 32.33 48.16 OK
r-devel-linux-x86_64-fedora-clang 1.62.0-1 58.38 NOTE --no-stop-on-test-error
r-devel-linux-x86_64-fedora-gcc 1.62.0-1 55.89 NOTE --no-stop-on-test-error
r-devel-macos-x86_64-clang 1.62.0-1 54.33 NOTE --no-stop-on-test-error
r-devel-windows-ix86+x86_64 1.62.0-1 192.00 25.00 217.00 NOTE
r-patched-linux-x86_64 1.62.0-1 16.19 32.27 48.46 OK
r-patched-solaris-sparc 1.62.0-1 570.80 NOTE
r-patched-solaris-x86 1.62.0-1 127.90 NOTE
r-release-linux-x86_64 1.62.0-1 15.36 32.25 47.61 OK
r-release-osx-x86_64-mavericks 1.62.0-1 NOTE
r-release-windows-ix86+x86_64 1.62.0-1 133.00 34.00 167.00 NOTE
r-oldrel-windows-ix86+x86_64 1.62.0-1 102.00 21.00 123.00 NOTE

Check Details

Version: 1.62.0-1
Flags: --no-stop-on-test-error
Check: installed package size
Result: NOTE
     installed size is 126.8Mb
     sub-directories of 1Mb or more:
     include 126.8Mb
Flavors: r-devel-linux-x86_64-fedora-clang, r-devel-linux-x86_64-fedora-gcc, r-devel-macos-x86_64-clang

Version: 1.62.0-1
Check: installed package size
Result: NOTE
     installed size is 125.9Mb
     sub-directories of 1Mb or more:
     include 125.0Mb
Flavors: r-devel-windows-ix86+x86_64, r-patched-solaris-sparc, r-patched-solaris-x86, r-release-osx-x86_64-mavericks, r-release-windows-ix86+x86_64, r-oldrel-windows-ix86+x86_64