CRAN Package Check Results for Package BH

Last updated on 2015-08-30 23:47:33.

Flavor Version Tinstall Tcheck Ttotal Status Flags
r-devel-linux-x86_64-debian-clang 1.58.0-1 13.32 37.52 50.84 NOTE
r-devel-linux-x86_64-debian-gcc 1.58.0-1 13.62 37.34 50.96 NOTE
r-devel-linux-x86_64-fedora-clang 1.58.0-1 51.55 NOTE
r-devel-linux-x86_64-fedora-gcc 1.58.0-1 51.58 NOTE
r-devel-osx-x86_64-clang 1.58.0-1 129.73 NOTE
r-devel-windows-ix86+x86_64 1.58.0-1 291.00 19.00 310.00 NOTE
r-patched-linux-x86_64 1.58.0-1 13.13 38.58 51.70 NOTE
r-patched-solaris-sparc 1.58.0-1 545.30 NOTE
r-patched-solaris-x86 1.58.0-1 117.00 NOTE
r-release-linux-x86_64 1.58.0-1 12.56 37.82 50.38 NOTE
r-release-osx-x86_64-mavericks 1.58.0-1 NOTE
r-release-windows-ix86+x86_64 1.58.0-1 163.00 21.00 184.00 NOTE
r-oldrel-windows-ix86+x86_64 1.58.0-1 87.00 20.00 107.00 NOTE

Check Details

Version: 1.58.0-1
Check: installed package size
Result: NOTE
     installed size is 110.4Mb
     sub-directories of 1Mb or more:
     include 110.3Mb
Flavors: r-devel-linux-x86_64-debian-clang, r-devel-linux-x86_64-debian-gcc, r-devel-linux-x86_64-fedora-clang, r-devel-linux-x86_64-fedora-gcc, r-devel-osx-x86_64-clang, r-devel-windows-ix86+x86_64, r-patched-linux-x86_64, r-patched-solaris-sparc, r-patched-solaris-x86, r-release-linux-x86_64, r-release-osx-x86_64-mavericks, r-release-windows-ix86+x86_64, r-oldrel-windows-ix86+x86_64