CRAN Package Check Results for Package BH

Last updated on 2018-01-16 23:48:39 CET.

Flavor Version Tinstall Tcheck Ttotal Status Flags
r-devel-linux-x86_64-debian-clang 1.65.0-1 18.98 32.54 51.52 WARN
r-devel-linux-x86_64-debian-gcc 1.65.0-1 17.41 25.42 42.83 WARN
r-devel-linux-x86_64-fedora-clang 1.65.0-1 61.18 WARN
r-devel-linux-x86_64-fedora-gcc 1.65.0-1 60.92 WARN
r-devel-windows-ix86+x86_64 1.65.0-1 178.00 41.00 219.00 WARN
r-patched-linux-x86_64 1.65.0-1 20.16 25.71 45.87 OK
r-patched-solaris-x86 1.65.0-1 158.30 NOTE
r-release-linux-x86_64 1.65.0-1 20.72 25.38 46.10 OK
r-release-windows-ix86+x86_64 1.65.0-1 117.00 25.00 142.00 NOTE
r-release-osx-x86_64 1.65.0-1 NOTE
r-oldrel-windows-ix86+x86_64 1.65.0-1 129.00 24.00 153.00 NOTE
r-oldrel-osx-x86_64 1.65.0-1 NOTE

Check Details

Version: 1.65.0-1
Check: pragmas in C/C++ headers and code
Result: WARN
    File which contains pragma(s) suppressing important diagnostics:
     ‘inst/include/boost/lexical_cast/try_lexical_convert.hpp’
    Files which contain pragma(s) suppressing diagnostics:
     ‘inst/include/boost/atomic/detail/bitwise_cast.hpp’
     ‘inst/include/boost/get_pointer.hpp’
     ‘inst/include/boost/interprocess/detail/config_begin.hpp’
     ‘inst/include/boost/log/detail/header.hpp’
     ‘inst/include/boost/move/detail/std_ns_begin.hpp’
     ‘inst/include/boost/multi_index/detail/ignore_wstrict_aliasing.hpp’
     ‘inst/include/boost/random/detail/disable_warnings.hpp’
     ‘inst/include/boost/regex/v4/instances.hpp’
     ‘inst/include/boost/smart_ptr/detail/shared_count.hpp’
     ‘inst/include/boost/smart_ptr/scoped_ptr.hpp’
     ‘inst/include/boost/smart_ptr/shared_ptr.hpp’
     ‘inst/include/boost/tuple/detail/tuple_basic.hpp’
     ‘inst/include/boost/type_traits/has_logical_not.hpp’
Flavors: r-devel-linux-x86_64-debian-clang, r-devel-linux-x86_64-debian-gcc, r-devel-linux-x86_64-fedora-clang, r-devel-linux-x86_64-fedora-gcc, r-devel-windows-ix86+x86_64

Version: 1.65.0-1
Check: installed package size
Result: NOTE
     installed size is 141.6Mb
     sub-directories of 1Mb or more:
     include 141.5Mb
Flavors: r-devel-linux-x86_64-fedora-clang, r-devel-linux-x86_64-fedora-gcc, r-devel-windows-ix86+x86_64, r-patched-solaris-x86, r-release-windows-ix86+x86_64, r-release-osx-x86_64, r-oldrel-windows-ix86+x86_64, r-oldrel-osx-x86_64