CRAN Package Check Results for Package BH

Last updated on 2016-06-25 16:47:41.

Flavor Version Tinstall Tcheck Ttotal Status Flags
r-devel-linux-x86_64-debian-gcc 1.60.0-2 15.49 53.66 69.15 NOTE
r-devel-linux-x86_64-fedora-clang 1.60.0-2 50.12 NOTE
r-devel-linux-x86_64-fedora-gcc 1.60.0-2 50.29 NOTE
r-devel-osx-x86_64-clang 1.60.0-2 119.69 NOTE
r-devel-windows-ix86+x86_64 1.60.0-2 245.00 24.00 269.00 NOTE
r-patched-linux-x86_64 1.60.0-2 15.84 55.66 71.51 NOTE
r-patched-solaris-sparc 1.60.0-2 588.00 NOTE
r-patched-solaris-x86 1.60.0-2 125.10 NOTE
r-release-linux-x86_64 1.60.0-2 15.55 52.59 68.14 NOTE
r-release-osx-x86_64-mavericks 1.60.0-2 NOTE
r-release-windows-ix86+x86_64 1.60.0-2 142.00 32.00 174.00 NOTE
r-oldrel-windows-ix86+x86_64 1.60.0-2 92.00 22.00 114.00 NOTE

Check Details

Version: 1.60.0-2
Check: installed package size
Result: NOTE
     installed size is 123.6Mb
     sub-directories of 1Mb or more:
     include 123.6Mb
Flavors: r-devel-linux-x86_64-debian-gcc, r-devel-linux-x86_64-fedora-clang, r-devel-linux-x86_64-fedora-gcc, r-devel-osx-x86_64-clang, r-devel-windows-ix86+x86_64, r-patched-linux-x86_64, r-patched-solaris-sparc, r-patched-solaris-x86, r-release-linux-x86_64, r-release-osx-x86_64-mavericks, r-release-windows-ix86+x86_64, r-oldrel-windows-ix86+x86_64