CRAN Package Check Results for Package BHH2

Last updated on 2014-04-24 07:52:23.

Flavor Version Tinstall Tcheck Ttotal Status Flags
r-devel-linux-x86_64-debian-clang 2012.04-0 0.78 15.82 16.60 OK
r-devel-linux-x86_64-debian-gcc 2012.04-0 0.85 15.88 16.73 OK
r-devel-linux-x86_64-fedora-clang 2012.04-0 33.84 OK
r-devel-linux-x86_64-fedora-gcc 2012.04-0 33.08 OK
r-devel-osx-x86_64-clang 2012.04-0 38.12 OK
r-devel-osx-x86_64-gcc 2012.04-0 NOTE
r-devel-windows-ix86+x86_64 2012.04-0 3.00 26.00 29.00 OK
r-patched-linux-x86_64 2012.04-0 0.77 15.43 16.20 OK
r-patched-solaris-sparc 2012.04-0 177.60 OK
r-patched-solaris-x86 2012.04-0 46.80 OK
r-release-linux-ix86 2012.04-0 1.00 32.00 33.00 OK
r-release-linux-x86_64 2012.04-0 0.78 15.49 16.27 OK
r-release-osx-x86_64-mavericks 2012.04-0 WARN
r-release-windows-ix86+x86_64 2012.04-0 3.00 26.00 29.00 OK
r-oldrel-windows-ix86+x86_64 2012.04-0 3.00 27.00 30.00 OK

Check Details

Version: 2012.04-0
Check: package dependencies
Result: NOTE
    Package suggested but not available for checking: ‘FrF2’
Flavor: r-devel-osx-x86_64-gcc

Version: 2012.04-0
Check: Rd cross-references
Result: NOTE
    Package unavailable to check Rd xrefs: ‘FrF2’
Flavor: r-devel-osx-x86_64-gcc

Version: 2012.04-0
Check: PDF version of manual
Result: WARNING
    LaTeX errors when creating PDF version.
    This typically indicates Rd problems.
    LaTeX errors found:
    ! LaTeX Error: File `upquote.sty' not found.
    
    Type X to quit or <RETURN> to proceed,
    or enter new name. (Default extension: sty)
    
    4fd7835/Rd2.tex:8: ==> Fatal error occurred, no output PDF file produced!
Flavor: r-release-osx-x86_64-mavericks