CRAN Package Check Results for Package BIFIEsurvey

Last updated on 2020-08-13 01:54:58 CEST.

Flavor Version Tinstall Tcheck Ttotal Status Flags
r-devel-linux-x86_64-debian-clang 3.3-12 0.57 2.22 2.79 ERROR
r-devel-linux-x86_64-debian-gcc 3.3-12 126.87 64.49 191.36 OK
r-devel-linux-x86_64-fedora-clang 3.3-12 338.06 NOTE
r-devel-linux-x86_64-fedora-gcc 3.3-12 324.65 OK
r-devel-windows-ix86+x86_64 3.3-12 375.00 177.00 552.00 NOTE
r-patched-linux-x86_64 3.3-12 137.18 82.90 220.08 OK
r-patched-solaris-x86 3.3-12 304.70 OK
r-release-linux-x86_64 3.3-12 0.58 2.32 2.90 ERROR
r-release-macos-x86_64 3.3-12 NOTE
r-release-windows-ix86+x86_64 3.3-12 378.00 181.00 559.00 NOTE
r-oldrel-macos-x86_64 3.3-12 NOTE
r-oldrel-windows-ix86+x86_64 3.3-12 253.00 109.00 362.00 OK

Check Details

Version: 3.3-12
Check: package dependencies
Result: ERROR
    Package required but not available: 'miceadds'
    
    See section 'The DESCRIPTION file' in the 'Writing R Extensions'
    manual.
Flavors: r-devel-linux-x86_64-debian-clang, r-release-linux-x86_64

Version: 3.3-12
Check: installed package size
Result: NOTE
     installed size is 13.0Mb
     sub-directories of 1Mb or more:
     data 1.4Mb
     libs 11.1Mb
Flavors: r-devel-linux-x86_64-fedora-clang, r-devel-windows-ix86+x86_64, r-release-macos-x86_64, r-release-windows-ix86+x86_64, r-oldrel-macos-x86_64