CRAN Package Check Results for Package BIFIEsurvey

Last updated on 2020-01-17 19:47:29 CET.

Flavor Version Tinstall Tcheck Ttotal Status Flags
r-devel-linux-x86_64-debian-clang 3.3-12 154.77 122.62 277.39 OK
r-devel-linux-x86_64-debian-gcc 3.3-12 122.61 93.15 215.76 OK
r-devel-linux-x86_64-fedora-clang 3.3-12 366.07 NOTE
r-devel-linux-x86_64-fedora-gcc 3.3-12 387.64 OK
r-devel-windows-ix86+x86_64 3.3-12 358.00 255.00 613.00 OK
r-devel-windows-ix86+x86_64-gcc8 3.3-12 301.00 192.00 493.00 NOTE
r-patched-linux-x86_64 3.3-12 132.12 104.89 237.01 OK
r-patched-solaris-x86 3.3-12 345.00 OK
r-release-linux-x86_64 3.3-12 131.05 106.10 237.15 OK
r-release-windows-ix86+x86_64 3.3-12 370.00 233.00 603.00 OK
r-release-osx-x86_64 3.3-12 NOTE
r-oldrel-windows-ix86+x86_64 3.3-12 323.00 146.00 469.00 OK
r-oldrel-osx-x86_64 3.3-12 NOTE

Check Details

Version: 3.3-12
Check: installed package size
Result: NOTE
     installed size is 11.7Mb
     sub-directories of 1Mb or more:
     data 1.4Mb
     libs 9.8Mb
Flavors: r-devel-linux-x86_64-fedora-clang, r-devel-windows-ix86+x86_64-gcc8, r-release-osx-x86_64, r-oldrel-osx-x86_64