CRAN Package Check Results for Package BIGDAWG

Last updated on 2019-03-24 10:46:23 CET.

Flavor Version Tinstall Tcheck Ttotal Status Flags
r-devel-linux-x86_64-debian-clang 2.1 8.74 53.99 62.73 OK
r-devel-linux-x86_64-debian-gcc 2.1 7.23 41.61 48.84 OK
r-devel-linux-x86_64-fedora-clang 2.1 75.82 NOTE
r-devel-linux-x86_64-fedora-gcc 2.1 77.51 NOTE
r-devel-windows-ix86+x86_64 2.1 22.00 83.00 105.00 OK
r-patched-linux-x86_64 2.1 6.58 49.70 56.28 OK
r-patched-solaris-x86 2.1 101.20 NOTE
r-release-linux-x86_64 2.1 0.35 2.78 3.13 ERROR
r-release-windows-ix86+x86_64 2.1 12.00 62.00 74.00 OK
r-release-osx-x86_64 2.1 NOTE
r-oldrel-windows-ix86+x86_64 2.1 8.00 66.00 74.00 OK
r-oldrel-osx-x86_64 2.1 NOTE

Check Details

Version: 2.1
Check: dependencies in R code
Result: NOTE
    Namespaces in Imports field not imported from:
     ‘knitr’ ‘rmarkdown’
     All declared Imports should be used.
Flavors: r-devel-linux-x86_64-fedora-clang, r-devel-linux-x86_64-fedora-gcc, r-patched-solaris-x86, r-release-osx-x86_64, r-oldrel-osx-x86_64

Version: 2.1
Check: whether package can be installed
Result: ERROR
    Installation failed.
Flavor: r-release-linux-x86_64