Last updated on 2023-03-21 09:53:50 CET.
Flavor | Version | Tinstall | Tcheck | Ttotal | Status | Flags |
---|---|---|---|---|---|---|
r-devel-linux-x86_64-debian-clang | 3.0.3 | OK | ||||
r-devel-linux-x86_64-debian-gcc | 3.0.3 | 27.05 | 57.66 | 84.71 | OK | |
r-devel-linux-x86_64-fedora-clang | 3.0.3 | 141.25 | NOTE | |||
r-devel-linux-x86_64-fedora-gcc | 3.0.3 | 144.32 | NOTE | |||
r-devel-windows-x86_64 | 3.0.3 | 50.00 | 103.00 | 153.00 | OK | |
r-patched-linux-x86_64 | 3.0.3 | 28.81 | 72.63 | 101.44 | OK | |
r-release-linux-x86_64 | 3.0.3 | 29.03 | 70.80 | 99.83 | OK | |
r-release-macos-arm64 | 3.0.3 | 53.00 | NOTE | |||
r-release-macos-x86_64 | 3.0.3 | 75.00 | NOTE | |||
r-release-windows-x86_64 | 3.0.3 | 56.00 | 98.00 | 154.00 | OK | |
r-oldrel-macos-arm64 | 3.0.3 | 65.00 | NOTE | |||
r-oldrel-macos-x86_64 | 3.0.3 | 66.00 | NOTE | |||
r-oldrel-windows-ix86+x86_64 | 3.0.3 | 61.00 | 92.00 | 153.00 | OK |
Version: 3.0.3
Check: dependencies in R code
Result: NOTE
Namespace in Imports field not imported from: ‘httr’
All declared Imports should be used.
Flavors: r-devel-linux-x86_64-fedora-clang, r-devel-linux-x86_64-fedora-gcc, r-release-macos-arm64, r-release-macos-x86_64, r-oldrel-macos-arm64, r-oldrel-macos-x86_64