CRAN Package Check Results for Package BIGDAWG

Last updated on 2019-05-26 17:52:43 CEST.

Flavor Version Tinstall Tcheck Ttotal Status Flags
r-devel-linux-x86_64-debian-clang 2.1 7.68 53.33 61.01 OK
r-devel-linux-x86_64-debian-gcc 2.1 7.65 41.33 48.98 OK
r-devel-linux-x86_64-fedora-clang 2.1 75.45 NOTE
r-devel-linux-x86_64-fedora-gcc 2.1 74.43 NOTE
r-devel-windows-ix86+x86_64 2.1 19.00 66.00 85.00 OK
r-patched-linux-x86_64 2.1 OK
r-patched-solaris-x86 2.1 112.00 NOTE
r-release-linux-x86_64 2.1 9.17 53.07 62.24 OK
r-release-windows-ix86+x86_64 2.1 25.00 81.00 106.00 OK
r-release-osx-x86_64 2.1 NOTE
r-oldrel-windows-ix86+x86_64 2.1 16.00 87.00 103.00 OK
r-oldrel-osx-x86_64 2.1 NOTE

Check Details

Version: 2.1
Check: dependencies in R code
Result: NOTE
    Namespaces in Imports field not imported from:
     ‘knitr’ ‘rmarkdown’
     All declared Imports should be used.
Flavors: r-devel-linux-x86_64-fedora-clang, r-devel-linux-x86_64-fedora-gcc, r-patched-solaris-x86, r-release-osx-x86_64, r-oldrel-osx-x86_64