CRAN Package Check Results for Package BIOdry

Last updated on 2024-03-05 14:49:19 CET.

Flavor Version Tinstall Tcheck Ttotal Status Flags
r-devel-linux-x86_64-debian-clang 0.9 5.59 44.72 50.31 NOTE
r-devel-linux-x86_64-debian-gcc 0.9 4.19 33.83 38.02 NOTE
r-devel-linux-x86_64-fedora-clang 0.9 60.05 NOTE
r-devel-linux-x86_64-fedora-gcc 0.9 58.75 NOTE
r-devel-windows-x86_64 0.9 6.00 61.00 67.00 NOTE
r-patched-linux-x86_64 0.9 10.80 44.26 55.06 OK
r-release-linux-x86_64 0.9 5.39 44.53 49.92 OK
r-release-macos-arm64 0.9 22.00 OK
r-release-macos-x86_64 0.9 30.00 OK
r-release-windows-x86_64 0.9 7.00 65.00 72.00 OK
r-oldrel-macos-arm64 0.9 22.00 OK
r-oldrel-windows-x86_64 0.9 8.00 67.00 75.00 OK

Check Details

Version: 0.9
Check: Rd files
Result: NOTE checkRd: (-1) ringApply.Rd:9: Lost braces; missing escapes or markup? 9 | \item{lv}{{numeric} position, or {character} name, of an | ^ Flavors: r-devel-linux-x86_64-debian-clang, r-devel-linux-x86_64-debian-gcc, r-devel-linux-x86_64-fedora-clang, r-devel-linux-x86_64-fedora-gcc, r-devel-windows-x86_64