CRAN Package Check Results for Package BLCOP

Last updated on 2015-03-30 23:47:40.

Flavor Version Tinstall Tcheck Ttotal Status Flags
r-devel-linux-x86_64-debian-clang 0.3.1 4.38 54.65 59.04 OK
r-devel-linux-x86_64-debian-gcc 0.3.1 4.01 53.16 57.17 OK
r-devel-linux-x86_64-fedora-clang 0.3.1 125.43 OK
r-devel-linux-x86_64-fedora-gcc 0.3.1 119.65 OK
r-devel-osx-x86_64-clang 0.3.1 114.18 OK
r-prerel-windows-ix86+x86_64 0.3.1 11.00 79.00 90.00 OK
r-prerel-linux-x86_64 0.3.1 6.41 53.34 59.75 OK
r-release-linux-x86_64 0.3.1 7.00 83.28 90.28 OK
r-release-osx-x86_64-mavericks 0.3.1 ERROR
r-release-osx-x86_64-snowleopard 0.3.1 OK
r-release-windows-ix86+x86_64 0.3.1 21.00 126.00 147.00 OK
r-oldrel-windows-ix86+x86_64 0.3.1 19.00 131.00 150.00 OK

Check Details

Version: 0.3.1
Check: package dependencies
Result: ERROR
    Package required but not available: ‘fPortfolio’
    
    See section ‘The DESCRIPTION file’ in the ‘Writing R Extensions’
    manual.
Flavor: r-release-osx-x86_64-mavericks