CRAN Package Check Results for Package BLCOP

Last updated on 2015-06-30 06:46:50.

Flavor Version Tinstall Tcheck Ttotal Status Flags
r-devel-linux-x86_64-debian-clang 0.3.1 4.40 54.52 58.92 NOTE
r-devel-linux-x86_64-debian-gcc 0.3.1 3.98 53.62 57.60 NOTE
r-devel-linux-x86_64-fedora-clang 0.3.1 124.40 OK
r-devel-linux-x86_64-fedora-gcc 0.3.1 112.19 OK
r-devel-osx-x86_64-clang 0.3.1 107.75 OK
r-devel-windows-ix86+x86_64 0.3.1 12.00 85.00 97.00 NOTE
r-patched-linux-x86_64 0.3.1 4.00 53.76 57.77 OK
r-release-linux-x86_64 0.3.1 4.04 55.12 59.16 OK
r-release-osx-x86_64-mavericks 0.3.1 ERROR
r-release-windows-ix86+x86_64 0.3.1 17.00 79.00 96.00 OK
r-oldrel-windows-ix86+x86_64 0.3.1 27.00 157.00 184.00 OK

Check Details

Version: 0.3.1
Check: R code for possible problems
Result: NOTE
    .createBLViews.Editor: no visible global function definition for ‘edit’
    .createCOPViews.Editor: no visible global function definition for
     ‘edit’
    .empCDF: no visible global function definition for ‘approxfun’
    .empQuantile: no visible global function definition for ‘approxfun’
    CAPMList: no visible binding for global variable ‘coef’
    biDensityPlots: no visible global function definition for ‘tail’
    biDensityPlots: no visible global function definition for ‘par’
    biDensityPlots: no visible global function definition for ‘plot’
    densityPlots.BLResult: no visible global function definition for
     ‘dnorm’
    densityPlots.BLResult: no visible global function definition for ‘plot’
    densityPlots.BLResult: no visible global function definition for
     ‘abline’
    densityPlots.BLResult: no visible global function definition for
     ‘lines’
    densityPlots.BLResult: no visible global function definition for
     ‘legend’
    densityPlots.COPViews: no visible global function definition for ‘tail’
    densityPlots.COPViews: no visible global function definition for ‘plot’
    densityPlots.COPViews: no visible global function definition for
     ‘density’
    densityPlots.COPViews: no visible global function definition for
     ‘lines’
    densityPlots.COPViews: no visible global function definition for
     ‘abline’
    densityPlots.COPViews: no visible global function definition for
     ‘legend’
    optimalPortfolios: no visible global function definition for ‘barplot’
    optimalPortfolios.fPort.COP: no visible global function definition for
     ‘tail’
    plot.BLOptimPortfolios: no visible global function definition for
     ‘barplot’
    plot.COPOptimPortfolios: no visible global function definition for
     ‘barplot’
    posteriorFeasibility: no visible global function definition for
     ‘mahalanobis’
    posteriorFeasibility: no visible global function definition for
     ‘pchisq’
    show.BLViews : .innerViewString: no visible global function definition
     for ‘tail’
    show.BLViews : .innerViewString: no visible global function definition
     for ‘head’
    updateBLViews: no visible global function definition for ‘edit’
    densityPlots,BLResult: no visible global function definition for
     ‘dnorm’
    densityPlots,BLResult: no visible global function definition for ‘plot’
    densityPlots,BLResult: no visible global function definition for
     ‘abline’
    densityPlots,BLResult: no visible global function definition for
     ‘lines’
    densityPlots,BLResult: no visible global function definition for
     ‘legend’
    densityPlots,COPResult: no visible global function definition for
     ‘tail’
    densityPlots,COPResult: no visible global function definition for
     ‘plot’
    densityPlots,COPResult: no visible global function definition for
     ‘density’
    densityPlots,COPResult: no visible global function definition for
     ‘lines’
    densityPlots,COPResult: no visible global function definition for
     ‘abline’
    densityPlots,COPResult: no visible global function definition for
     ‘legend’
    optimalPortfolios.fPort,COPResult: no visible global function
     definition for ‘tail’
    show,BLViews : .innerViewString: no visible global function definition
     for ‘tail’
    show,BLViews : .innerViewString: no visible global function definition
     for ‘head’
Flavors: r-devel-linux-x86_64-debian-clang, r-devel-linux-x86_64-debian-gcc, r-devel-windows-ix86+x86_64

Version: 0.3.1
Check: package dependencies
Result: ERROR
    Package required but not available: ‘fPortfolio’
    
    See section ‘The DESCRIPTION file’ in the ‘Writing R Extensions’
    manual.
Flavor: r-release-osx-x86_64-mavericks