CRAN Package Check Results for Package BLCOP

Last updated on 2015-05-23 02:46:42.

Flavor Version Tinstall Tcheck Ttotal Status Flags
r-devel-linux-x86_64-debian-clang 0.3.1 4.20 54.52 58.72 OK
r-devel-linux-x86_64-debian-gcc 0.3.1 5.70 53.86 59.56 OK
r-devel-linux-x86_64-fedora-clang 0.3.1 125.54 OK
r-devel-linux-x86_64-fedora-gcc 0.3.1 118.19 OK
r-devel-osx-x86_64-clang 0.3.1 102.79 OK
r-devel-windows-ix86+x86_64 0.3.1 14.00 80.00 94.00 OK
r-patched-linux-x86_64 0.3.1 4.02 53.70 57.72 OK
r-release-linux-x86_64 0.3.1 5.31 54.09 59.40 OK
r-release-osx-x86_64-mavericks 0.3.1 ERROR
r-release-osx-x86_64-snowleopard 0.3.1 ERROR
r-release-windows-ix86+x86_64 0.3.1 16.00 79.00 95.00 OK
r-oldrel-windows-ix86+x86_64 0.3.1 23.00 133.00 156.00 OK

Check Details

Version: 0.3.1
Check: package dependencies
Result: ERROR
    Package required but not available: ‘fPortfolio’
    
    See section ‘The DESCRIPTION file’ in the ‘Writing R Extensions’
    manual.
Flavors: r-release-osx-x86_64-mavericks, r-release-osx-x86_64-snowleopard