CRAN Package Check Results for Package BLCOP

Last updated on 2014-04-24 23:47:59.

Flavor Version Tinstall Tcheck Ttotal Status Flags
r-devel-linux-x86_64-debian-clang 0.2.7 1.16 26.09 27.25 NOTE
r-devel-linux-x86_64-debian-gcc 0.2.7 1.07 25.32 26.39 NOTE
r-devel-linux-x86_64-fedora-clang 0.2.7 55.45 NOTE
r-devel-linux-x86_64-fedora-gcc 0.2.7 52.10 NOTE
r-devel-osx-x86_64-clang 0.2.7 54.32 NOTE
r-devel-osx-x86_64-gcc 0.2.7 WARN
r-devel-windows-ix86+x86_64 0.2.7 4.00 40.00 44.00 NOTE
r-patched-linux-x86_64 0.2.7 1.09 25.68 26.77 NOTE
r-patched-solaris-sparc 0.2.7 293.80 NOTE
r-patched-solaris-x86 0.2.7 74.30 NOTE
r-release-linux-ix86 0.2.7 2.00 47.00 49.00 NOTE
r-release-linux-x86_64 0.2.7 1.18 25.16 26.34 NOTE
r-release-osx-x86_64-mavericks 0.2.7 WARN
r-release-osx-x86_64-snowleopard 0.2.7 OK
r-release-windows-ix86+x86_64 0.2.7 4.00 43.00 47.00 NOTE
r-oldrel-windows-ix86+x86_64 0.2.7 5.00 39.00 44.00 NOTE

Check Details

Version: 0.2.7
Check: dependencies in R code
Result: NOTE
    Packages in Depends field not imported from:
     ‘MASS’ ‘methods’ ‘quadprog’
     These packages need to be imported from (in the NAMESPACE file)
     for when this namespace is loaded but not attached.
    See the information on DESCRIPTION files in the chapter ‘Creating R
    packages’ of the ‘Writing R Extensions’ manual.
Flavors: r-devel-linux-x86_64-debian-clang, r-devel-linux-x86_64-debian-gcc, r-devel-linux-x86_64-fedora-clang, r-devel-linux-x86_64-fedora-gcc, r-devel-osx-x86_64-clang, r-devel-osx-x86_64-gcc, r-devel-windows-ix86+x86_64, r-patched-linux-x86_64, r-patched-solaris-sparc, r-patched-solaris-x86, r-release-linux-ix86, r-release-linux-x86_64, r-release-osx-x86_64-mavericks, r-release-windows-ix86+x86_64, r-oldrel-windows-ix86+x86_64

Version: 0.2.7
Check: package dependencies
Result: NOTE
    Package suggested but not available for checking: ‘fPortfolio’
Flavors: r-devel-osx-x86_64-gcc, r-release-osx-x86_64-mavericks

Version: 0.2.7
Check: R code for possible problems
Result: NOTE
    biDensityPlots: no visible global function definition for ‘hexBinning’
    biDensityPlots: no visible global function definition for ‘greyPalette’
    biDensityPlots: no visible global function definition for ‘seqPalette’
    optimalPortfolios.fPort.BL: no visible global function definition for
     ‘as.timeSeries’
    optimalPortfolios.fPort.BL: no visible global function definition for
     ‘portfolioSpec’
    optimalPortfolios.fPort.BL: no visible global function definition for
     ‘setEstimator<-’
    optimalPortfolios.fPort.COP: no visible global function definition for
     ‘as.timeSeries’
    optimalPortfolios.fPort.COP: no visible global function definition for
     ‘portfolioSpec’
    optimalPortfolios.fPort.COP: no visible global function definition for
     ‘setType<-’
    optimalPortfolios.fPort.COP: no visible global function definition for
     ‘setWeights<-’
    optimalPortfolios.fPort.COP: no visible global function definition for
     ‘setSolver<-’
    plot.BLOptimPortfolios: no visible global function definition for
     ‘getWeights’
    plot.COPOptimPortfolios: no visible global function definition for
     ‘getWeights’
    optimalPortfolios.fPort,BLResult: no visible global function definition
     for ‘as.timeSeries’
    optimalPortfolios.fPort,BLResult: no visible global function definition
     for ‘portfolioSpec’
    optimalPortfolios.fPort,BLResult: no visible global function definition
     for ‘setEstimator<-’
    optimalPortfolios.fPort,COPResult: no visible global function
     definition for ‘as.timeSeries’
    optimalPortfolios.fPort,COPResult: no visible global function
     definition for ‘portfolioSpec’
    optimalPortfolios.fPort,COPResult: no visible global function
     definition for ‘setType<-’
    optimalPortfolios.fPort,COPResult: no visible global function
     definition for ‘setWeights<-’
    optimalPortfolios.fPort,COPResult: no visible global function
     definition for ‘setSolver<-’
Flavors: r-devel-osx-x86_64-gcc, r-release-osx-x86_64-mavericks

Version: 0.2.7
Check: running R code from vignettes
Result: WARNING
    Errors in running code in vignettes:
    when running code in ‘BLCOP.Rnw’
     ...
    
    > optPorts <- optimalPortfolios.fPort(marketPosterior,
    + optimizer = "tangencyPortfolio")
    Loading required package: fPortfolio
    Warning in library(package, lib.loc = lib.loc, character.only = TRUE, logical.return = TRUE, :
     there is no package called ‘fPortfolio’
    
     When sourcing ‘BLCOP.R’:
    Error: The package fPortfolio is required to execute this function, but you do not have it installed.
    Execution halted
Flavors: r-devel-osx-x86_64-gcc, r-release-osx-x86_64-mavericks

Version: 0.2.7
Check: re-building of vignette outputs
Result: NOTE
    Error in re-building vignettes:
     ...
    Loading required package: BLCOP
    Loading required package: MASS
    Loading required package: quadprog
    Loading required package: sn
    Loading required package: mnormt
    Loading required package: numDeriv
    Loading required package: stats4
    Loading required package: fPortfolio
    Warning in library(package, lib.loc = lib.loc, character.only = TRUE, logical.return = TRUE, :
     there is no package called ‘fPortfolio’
    
    Error: processing vignette 'BLCOP.Rnw' failed with diagnostics:
     chunk 7
    Error in optimalPortfolios.fPort(marketPosterior, optimizer = "tangencyPortfolio") :
     The package fPortfolio is required to execute this function, but you do not have it installed.
    Execution halted
Flavors: r-devel-osx-x86_64-gcc, r-release-osx-x86_64-mavericks

Version: 0.2.7
Check: PDF version of manual
Result: WARNING
    LaTeX errors when creating PDF version.
    This typically indicates Rd problems.
    LaTeX errors found:
    ! LaTeX Error: File `upquote.sty' not found.
    
    Type X to quit or <RETURN> to proceed,
    or enter new name. (Default extension: sty)
    
    8785b6c/Rd2.tex:8: ==> Fatal error occurred, no output PDF file produced!
Flavor: r-release-osx-x86_64-mavericks