CRAN Package Check Results for Package BLCOP

Last updated on 2014-07-31 09:49:18.

Flavor Version Tinstall Tcheck Ttotal Status Flags
r-devel-linux-x86_64-debian-clang 0.2.7 1.12 25.04 26.16 NOTE
r-devel-linux-x86_64-debian-gcc 0.2.8 1.06 24.71 25.77 OK
r-devel-linux-x86_64-fedora-clang 0.2.8 56.46 OK
r-devel-linux-x86_64-fedora-gcc 0.2.8 48.67 OK
r-devel-osx-x86_64-clang 0.2.8 56.68 OK
r-devel-windows-ix86+x86_64 0.2.8 4.00 46.00 50.00 OK
r-patched-linux-x86_64 0.2.7 1.04 23.58 24.62 NOTE
r-patched-solaris-sparc 0.2.8 275.50 OK
r-patched-solaris-x86 0.2.8 70.70 OK
r-release-linux-ix86 0.2.7 1.47 33.70 35.17 NOTE
r-release-linux-x86_64 0.2.7 1.11 24.88 25.99 NOTE
r-release-osx-x86_64-mavericks 0.2.7 WARN
r-release-osx-x86_64-snowleopard 0.2.7 OK
r-release-windows-ix86+x86_64 0.2.8 4.00 45.00 49.00 OK
r-oldrel-windows-ix86+x86_64 0.2.8 4.00 46.00 50.00 OK

Check Details

Version: 0.2.7
Check: dependencies in R code
Result: NOTE
    Packages in Depends field not imported from:
     MASS methods quadprog
     These packages need to be imported from (in the NAMESPACE file)
     for when this namespace is loaded but not attached.
    See the information on DESCRIPTION files in the chapter Creating R
    packages of the Writing R Extensions manual.
Flavors: r-devel-linux-x86_64-debian-clang, r-patched-linux-x86_64, r-release-linux-ix86, r-release-linux-x86_64, r-release-osx-x86_64-mavericks

Version: 0.2.7
Check: package dependencies
Result: NOTE
    Package suggested but not available for checking: fPortfolio
Flavor: r-release-osx-x86_64-mavericks

Version: 0.2.7
Check: R code for possible problems
Result: NOTE
    biDensityPlots: no visible global function definition for hexBinning
    biDensityPlots: no visible global function definition for greyPalette
    biDensityPlots: no visible global function definition for seqPalette
    optimalPortfolios.fPort.BL: no visible global function definition for
     as.timeSeries
    optimalPortfolios.fPort.BL: no visible global function definition for
     portfolioSpec
    optimalPortfolios.fPort.BL: no visible global function definition for
     setEstimator<-
    optimalPortfolios.fPort.COP: no visible global function definition for
     as.timeSeries
    optimalPortfolios.fPort.COP: no visible global function definition for
     portfolioSpec
    optimalPortfolios.fPort.COP: no visible global function definition for
     setType<-
    optimalPortfolios.fPort.COP: no visible global function definition for
     setWeights<-
    optimalPortfolios.fPort.COP: no visible global function definition for
     setSolver<-
    plot.BLOptimPortfolios: no visible global function definition for
     getWeights
    plot.COPOptimPortfolios: no visible global function definition for
     getWeights
    optimalPortfolios.fPort,BLResult: no visible global function definition
     for as.timeSeries
    optimalPortfolios.fPort,BLResult: no visible global function definition
     for portfolioSpec
    optimalPortfolios.fPort,BLResult: no visible global function definition
     for setEstimator<-
    optimalPortfolios.fPort,COPResult: no visible global function
     definition for as.timeSeries
    optimalPortfolios.fPort,COPResult: no visible global function
     definition for portfolioSpec
    optimalPortfolios.fPort,COPResult: no visible global function
     definition for setType<-
    optimalPortfolios.fPort,COPResult: no visible global function
     definition for setWeights<-
    optimalPortfolios.fPort,COPResult: no visible global function
     definition for setSolver<-
Flavor: r-release-osx-x86_64-mavericks

Version: 0.2.7
Check: running R code from vignettes
Result: WARNING
    Errors in running code in vignettes:
    when running code in BLCOP.Rnw
     ...
    
    > optPorts <- optimalPortfolios.fPort(marketPosterior,
    + optimizer = "tangencyPortfolio")
    Loading required package: fPortfolio
    Warning in library(package, lib.loc = lib.loc, character.only = TRUE, logical.return = TRUE, :
     there is no package called fPortfolio
    
     When sourcing BLCOP.R :
    Error: The package fPortfolio is required to execute this function, but you do not have it installed.
    Execution halted
Flavor: r-release-osx-x86_64-mavericks

Version: 0.2.7
Check: re-building of vignette outputs
Result: NOTE
    Error in re-building vignettes:
     ...
    Loading required package: BLCOP
    Loading required package: MASS
    Loading required package: quadprog
    Loading required package: sn
    Loading required package: mnormt
    Loading required package: numDeriv
    Loading required package: stats4
    Loading required package: fPortfolio
    Warning in library(package, lib.loc = lib.loc, character.only = TRUE, logical.return = TRUE, :
     there is no package called fPortfolio
    
    Error: processing vignette 'BLCOP.Rnw' failed with diagnostics:
     chunk 7
    Error in optimalPortfolios.fPort(marketPosterior, optimizer = "tangencyPortfolio") :
     The package fPortfolio is required to execute this function, but you do not have it installed.
    Execution halted
Flavor: r-release-osx-x86_64-mavericks