CRAN Package Check Results for Package BLCOP

Last updated on 2015-04-18 08:48:36.

Flavor Version Tinstall Tcheck Ttotal Status Flags
r-devel-linux-x86_64-debian-clang 0.3.1 4.13 55.14 59.27 OK
r-devel-linux-x86_64-debian-gcc 0.3.1 4.10 54.45 58.55 OK
r-devel-linux-x86_64-fedora-clang 0.3.1 127.98 OK
r-devel-linux-x86_64-fedora-gcc 0.3.1 134.30 OK
r-devel-osx-x86_64-clang 0.3.1 108.11 OK
r-prerel-windows-ix86+x86_64 0.3.1 13.00 82.00 95.00 OK
r-prerel-linux-x86_64 0.3.1 4.32 53.37 57.68 OK
r-release-linux-x86_64 0.3.1 7.41 81.95 89.36 OK
r-release-osx-x86_64-mavericks 0.3.1 ERROR
r-release-osx-x86_64-snowleopard 0.3.1 OK
r-release-windows-ix86+x86_64 0.3.1 29.00 186.00 215.00 OK
r-oldrel-windows-ix86+x86_64 0.3.1 30.00 130.00 160.00 OK

Check Details

Version: 0.3.1
Check: package dependencies
Result: ERROR
    Package required but not available: ‘fPortfolio’
    
    See section ‘The DESCRIPTION file’ in the ‘Writing R Extensions’
    manual.
Flavor: r-release-osx-x86_64-mavericks