CRAN Package Check Results for Package BLR

Last updated on 2015-02-28 12:51:07.

Flavor Version Tinstall Tcheck Ttotal Status Flags
r-devel-linux-x86_64-debian-clang 1.4 1.00 10.87 11.87 NOTE
r-devel-linux-x86_64-debian-gcc 1.4 0.95 10.59 11.54 NOTE
r-devel-linux-x86_64-fedora-clang 1.4 22.55 NOTE
r-devel-linux-x86_64-fedora-gcc 1.4 20.15 NOTE
r-devel-osx-x86_64-clang 1.4 25.34 NOTE
r-devel-windows-ix86+x86_64 1.4 6.00 23.00 29.00 NOTE
r-patched-linux-x86_64 1.4 1.07 11.80 12.87 OK
r-patched-solaris-sparc 1.4 142.90 OK
r-patched-solaris-x86 1.4 36.70 OK
r-release-linux-ix86 1.4 1.53 17.72 19.25 OK
r-release-linux-x86_64 1.4 1.03 11.55 12.58 OK
r-release-osx-x86_64-mavericks 1.4 OK
r-release-osx-x86_64-snowleopard 1.4 OK
r-release-windows-ix86+x86_64 1.4 6.00 26.00 32.00 OK
r-oldrel-windows-ix86+x86_64 1.3 5.00 24.00 29.00 NOTE

Check Details

Version: 1.4
Check: DESCRIPTION meta-information
Result: NOTE
    Malformed Description field: should contain one or more complete sentences.
Flavors: r-devel-linux-x86_64-debian-clang, r-devel-linux-x86_64-debian-gcc, r-devel-linux-x86_64-fedora-clang, r-devel-linux-x86_64-fedora-gcc, r-devel-osx-x86_64-clang, r-devel-windows-ix86+x86_64

Version: 1.3
Check: dependencies in R code
Result: NOTE
    Package in Depends field not imported from: 'SuppDists'
     These packages need to be imported from (in the NAMESPACE file)
     for when this namespace is loaded but not attached.
    See the information on DESCRIPTION files in the chapter 'Creating R
    packages' of the 'Writing R Extensions' manual.
Flavor: r-oldrel-windows-ix86+x86_64