CRAN Package Check Results for Package BLR

Last updated on 2015-04-01 08:49:59.

Flavor Version Tinstall Tcheck Ttotal Status Flags
r-devel-linux-x86_64-debian-clang 1.4 0.95 10.29 11.24 NOTE
r-devel-linux-x86_64-debian-gcc 1.4 1.01 10.14 11.15 NOTE
r-devel-linux-x86_64-fedora-clang 1.4 21.53 NOTE
r-devel-linux-x86_64-fedora-gcc 1.4 20.65 NOTE
r-devel-osx-x86_64-clang 1.4 28.55 NOTE
r-prerel-windows-ix86+x86_64 1.4 10.00 23.00 33.00 NOTE
r-prerel-linux-x86_64 1.4 1.06 10.48 11.54 NOTE
r-prerel-solaris-sparc 1.4 156.20 NOTE
r-prerel-solaris-x86 1.4 31.30 NOTE
r-release-linux-x86_64 1.4 1.13 11.90 13.03 OK
r-release-osx-x86_64-mavericks 1.4 OK
r-release-osx-x86_64-snowleopard 1.4 OK
r-release-windows-ix86+x86_64 1.4 9.00 32.00 41.00 OK
r-oldrel-windows-ix86+x86_64 1.3 5.00 24.00 29.00 NOTE

Check Details

Version: 1.4
Check: DESCRIPTION meta-information
Result: NOTE
    Malformed Description field: should contain one or more complete sentences.
Flavors: r-devel-linux-x86_64-debian-clang, r-devel-linux-x86_64-debian-gcc, r-devel-linux-x86_64-fedora-clang, r-devel-linux-x86_64-fedora-gcc, r-devel-osx-x86_64-clang, r-prerel-windows-ix86+x86_64, r-prerel-linux-x86_64, r-prerel-solaris-sparc, r-prerel-solaris-x86

Version: 1.3
Check: dependencies in R code
Result: NOTE
    Package in Depends field not imported from: 'SuppDists'
     These packages need to be imported from (in the NAMESPACE file)
     for when this namespace is loaded but not attached.
    See the information on DESCRIPTION files in the chapter 'Creating R
    packages' of the 'Writing R Extensions' manual.
Flavor: r-oldrel-windows-ix86+x86_64