CRAN Package Check Results for Package BLR

Last updated on 2014-10-22 09:51:33.

Flavor Version Tinstall Tcheck Ttotal Status Flags
r-devel-linux-x86_64-debian-clang 1.3 1.08 11.53 12.62 NOTE
r-devel-linux-x86_64-debian-gcc 1.3 0.97 11.11 12.08 NOTE
r-devel-linux-x86_64-fedora-clang 1.3 24.37 NOTE
r-devel-linux-x86_64-fedora-gcc 1.3 23.89 NOTE
r-devel-osx-x86_64-clang 1.3 27.79 NOTE
r-devel-windows-ix86+x86_64 1.3 6.00 22.00 28.00 NOTE
r-patched-linux-x86_64 1.3 0.99 11.90 12.89 NOTE
r-patched-solaris-sparc 1.3 138.00 NOTE
r-patched-solaris-x86 1.3 36.20 NOTE
r-release-linux-ix86 1.3 1.44 17.97 19.40 NOTE
r-release-linux-x86_64 1.3 0.98 11.76 12.75 NOTE
r-release-osx-x86_64-mavericks 1.3 NOTE
r-release-windows-ix86+x86_64 1.3 6.00 24.00 30.00 NOTE
r-oldrel-windows-ix86+x86_64 1.3 5.00 24.00 29.00 NOTE

Check Details

Version: 1.3
Check: top-level files
Result: NOTE
    Non-standard file/directory found at top level:
     ‘history.txt’
Flavors: r-devel-linux-x86_64-debian-clang, r-devel-linux-x86_64-debian-gcc, r-devel-linux-x86_64-fedora-clang, r-devel-linux-x86_64-fedora-gcc, r-patched-linux-x86_64, r-release-linux-x86_64

Version: 1.3
Check: dependencies in R code
Result: NOTE
    Package in Depends field not imported from: ‘SuppDists’
     These packages need to be imported from (in the NAMESPACE file)
     for when this namespace is loaded but not attached.
    See the information on DESCRIPTION files in the chapter ‘Creating R
    packages’ of the ‘Writing R Extensions’ manual.
Flavors: r-devel-linux-x86_64-debian-clang, r-devel-linux-x86_64-debian-gcc, r-devel-linux-x86_64-fedora-clang, r-devel-linux-x86_64-fedora-gcc, r-devel-osx-x86_64-clang, r-devel-windows-ix86+x86_64, r-patched-linux-x86_64, r-patched-solaris-sparc, r-patched-solaris-x86, r-release-linux-ix86, r-release-linux-x86_64, r-release-osx-x86_64-mavericks, r-release-windows-ix86+x86_64, r-oldrel-windows-ix86+x86_64

Version: 1.3
Check: R code for possible problems
Result: NOTE
    BLR: no visible global function definition for ‘rinvGauss’
Flavors: r-devel-linux-x86_64-debian-clang, r-devel-linux-x86_64-debian-gcc, r-devel-linux-x86_64-fedora-clang, r-devel-linux-x86_64-fedora-gcc, r-devel-osx-x86_64-clang, r-devel-windows-ix86+x86_64, r-patched-linux-x86_64, r-patched-solaris-sparc, r-patched-solaris-x86