CRAN Package Check Results for Package BLR

Last updated on 2015-01-25 04:46:59.

Flavor Version Tinstall Tcheck Ttotal Status Flags
r-devel-linux-x86_64-debian-clang 1.4 1.12 11.75 12.87 OK
r-devel-linux-x86_64-debian-gcc 1.4 1.01 12.08 13.10 OK
r-devel-linux-x86_64-fedora-clang 1.4 25.37 OK
r-devel-linux-x86_64-fedora-gcc 1.4 27.47 OK
r-devel-osx-x86_64-clang 1.4 25.40 OK
r-devel-windows-ix86+x86_64 1.4 6.00 24.00 30.00 OK
r-patched-linux-x86_64 1.4 1.11 11.95 13.06 OK
r-patched-solaris-sparc 1.4 142.90 OK
r-patched-solaris-x86 1.4 36.60 OK
r-release-linux-ix86 1.4 1.65 16.77 18.42 OK
r-release-linux-x86_64 1.4 1.03 11.59 12.62 OK
r-release-osx-x86_64-mavericks 1.4 OK
r-release-osx-x86_64-snowleopard 1.4 OK
r-release-windows-ix86+x86_64 1.4 6.00 26.00 32.00 OK
r-oldrel-windows-ix86+x86_64 1.3 5.00 24.00 29.00 NOTE

Check Details

Version: 1.3
Check: dependencies in R code
Result: NOTE
    Package in Depends field not imported from: 'SuppDists'
     These packages need to be imported from (in the NAMESPACE file)
     for when this namespace is loaded but not attached.
    See the information on DESCRIPTION files in the chapter 'Creating R
    packages' of the 'Writing R Extensions' manual.
Flavor: r-oldrel-windows-ix86+x86_64