CRAN Package Check Results for Package BLR

Last updated on 2015-05-24 10:46:52.

Flavor Version Tinstall Tcheck Ttotal Status Flags
r-devel-linux-x86_64-debian-clang 1.4 0.99 10.68 11.67 NOTE
r-devel-linux-x86_64-debian-gcc 1.4 0.94 10.90 11.84 NOTE
r-devel-linux-x86_64-fedora-clang 1.4 21.63 NOTE
r-devel-linux-x86_64-fedora-gcc 1.4 20.16 NOTE
r-devel-osx-x86_64-clang 1.4 25.57 NOTE
r-devel-windows-ix86+x86_64 1.4 5.00 22.00 27.00 NOTE
r-patched-linux-x86_64 1.4 1.08 10.35 11.43 NOTE
r-patched-solaris-sparc 1.4 146.50 NOTE
r-patched-solaris-x86 1.4 31.80 NOTE
r-release-linux-x86_64 1.4 0.94 10.80 11.73 NOTE
r-release-osx-x86_64-mavericks 1.4 NOTE
r-release-osx-x86_64-snowleopard 1.4 NOTE
r-release-windows-ix86+x86_64 1.4 4.00 20.00 24.00 NOTE
r-oldrel-windows-ix86+x86_64 1.4 9.00 32.00 41.00 OK

Check Details

Version: 1.4
Check: DESCRIPTION meta-information
Result: NOTE
    Malformed Description field: should contain one or more complete sentences.
Flavors: r-devel-linux-x86_64-debian-clang, r-devel-linux-x86_64-debian-gcc, r-devel-linux-x86_64-fedora-clang, r-devel-linux-x86_64-fedora-gcc, r-devel-osx-x86_64-clang, r-devel-windows-ix86+x86_64, r-patched-linux-x86_64, r-patched-solaris-sparc, r-patched-solaris-x86, r-release-linux-x86_64, r-release-osx-x86_64-mavericks, r-release-osx-x86_64-snowleopard, r-release-windows-ix86+x86_64