CRAN Package Check Results for Package BLR

Last updated on 2015-07-31 15:47:20.

Flavor Version Tinstall Tcheck Ttotal Status Flags
r-devel-linux-x86_64-debian-clang 1.4 1.55 10.08 11.63 NOTE
r-devel-linux-x86_64-debian-gcc 1.4 1.19 10.08 11.26 NOTE
r-devel-linux-x86_64-fedora-clang 1.4 20.42 NOTE
r-devel-linux-x86_64-fedora-gcc 1.4 19.37 NOTE
r-devel-osx-x86_64-clang 1.4 21.11 NOTE
r-devel-windows-ix86+x86_64 1.4 6.00 22.00 28.00 NOTE
r-patched-linux-x86_64 1.4 0.93 10.23 11.16 NOTE
r-patched-solaris-sparc 1.4 147.20 NOTE
r-patched-solaris-x86 1.4 31.60 NOTE
r-release-linux-x86_64 1.4 1.12 10.93 12.05 NOTE
r-release-osx-x86_64-mavericks 1.4 NOTE
r-release-windows-ix86+x86_64 1.4 6.00 23.00 29.00 NOTE
r-oldrel-windows-ix86+x86_64 1.4 9.00 32.00 41.00 OK

Check Details

Version: 1.4
Check: DESCRIPTION meta-information
Result: NOTE
    Malformed Description field: should contain one or more complete sentences.
Flavors: r-devel-linux-x86_64-debian-clang, r-devel-linux-x86_64-debian-gcc, r-devel-linux-x86_64-fedora-clang, r-devel-linux-x86_64-fedora-gcc, r-devel-osx-x86_64-clang, r-devel-windows-ix86+x86_64, r-patched-linux-x86_64, r-patched-solaris-sparc, r-patched-solaris-x86, r-release-linux-x86_64, r-release-osx-x86_64-mavericks, r-release-windows-ix86+x86_64

Version: 1.4
Check: R code for possible problems
Result: NOTE
    BLR: no visible global function definition for ‘weighted.mean’
    BLR: no visible global function definition for ‘var’
    BLR: no visible global function definition for ‘model.matrix’
    BLR: no visible global function definition for ‘rnorm’
    BLR: no visible global function definition for ‘rchisq’
    BLR: no visible global function definition for ‘rgamma’
    BLR: no visible global function definition for ‘dnorm’
    dLambda: no visible global function definition for ‘dgamma’
    dScaledInvChisq: no visible global function definition for ‘dchisq’
    metropLambda: no visible global function definition for ‘rgamma’
    metropLambda: no visible global function definition for ‘dexp’
    metropLambda: no visible global function definition for ‘dbeta’
    metropLambda: no visible global function definition for ‘dgamma’
    metropLambda: no visible global function definition for ‘runif’
    Undefined global functions or variables:
     dbeta dchisq dexp dgamma dnorm model.matrix rchisq rgamma rnorm runif
     var weighted.mean
    Consider adding
     importFrom("stats", "dbeta", "dchisq", "dexp", "dgamma", "dnorm",
     "model.matrix", "rchisq", "rgamma", "rnorm", "runif", "var",
     "weighted.mean")
    to your NAMESPACE.
Flavors: r-devel-linux-x86_64-debian-clang, r-devel-linux-x86_64-debian-gcc, r-devel-linux-x86_64-fedora-clang, r-devel-linux-x86_64-fedora-gcc, r-devel-windows-ix86+x86_64