CRAN Package Check Results for Package BLR

Last updated on 2014-12-19 12:48:13.

Flavor Version Tinstall Tcheck Ttotal Status Flags
r-devel-linux-x86_64-debian-clang 1.4 1.03 11.59 12.62 OK
r-devel-linux-x86_64-debian-gcc 1.4 0.98 11.10 12.09 OK
r-devel-linux-x86_64-fedora-clang 1.4 26.13 OK
r-devel-linux-x86_64-fedora-gcc 1.4 24.17 OK
r-devel-osx-x86_64-clang 1.4 27.24 OK
r-devel-windows-ix86+x86_64 1.4 7.00 29.00 36.00 OK
r-patched-linux-x86_64 1.4 1.08 11.22 12.30 OK
r-patched-solaris-sparc 1.4 133.90 OK
r-patched-solaris-x86 1.4 36.40 OK
r-release-linux-ix86 1.4 1.54 16.78 18.32 OK
r-release-linux-x86_64 1.4 1.02 11.96 12.98 OK
r-release-osx-x86_64-mavericks 1.4 OK
r-release-osx-x86_64-snowleopard 1.4 OK
r-release-windows-ix86+x86_64 1.4 6.00 26.00 32.00 OK
r-oldrel-windows-ix86+x86_64 1.3 5.00 24.00 29.00 NOTE

Check Details

Version: 1.3
Check: dependencies in R code
Result: NOTE
    Package in Depends field not imported from: 'SuppDists'
     These packages need to be imported from (in the NAMESPACE file)
     for when this namespace is loaded but not attached.
    See the information on DESCRIPTION files in the chapter 'Creating R
    packages' of the 'Writing R Extensions' manual.
Flavor: r-oldrel-windows-ix86+x86_64