CRAN Package Check Results for Package BMA

Last updated on 2015-08-03 21:47:13.

Flavor Version Tinstall Tcheck Ttotal Status Flags
r-devel-linux-x86_64-debian-clang 3.18.4 2.54 43.49 46.03 NOTE
r-devel-linux-x86_64-debian-gcc 3.18.4 2.55 43.57 46.12 NOTE
r-devel-linux-x86_64-fedora-clang 3.18.4 89.29 NOTE
r-devel-linux-x86_64-fedora-gcc 3.18.4 84.55 NOTE
r-devel-osx-x86_64-clang 3.18.4 74.95 OK
r-devel-windows-ix86+x86_64 3.18.4 9.00 89.00 98.00 NOTE
r-patched-linux-x86_64 3.18.4 2.52 46.68 49.20 OK
r-patched-solaris-sparc 3.18.4 573.90 OK
r-patched-solaris-x86 3.18.4 109.50 OK
r-release-linux-x86_64 3.18.4 2.70 45.02 47.72 OK
r-release-osx-x86_64-mavericks 3.18.4 OK
r-release-windows-ix86+x86_64 3.18.4 11.00 92.00 103.00 OK
r-oldrel-windows-ix86+x86_64 3.18.4 13.00 109.00 122.00 OK

Check Details

Version: 3.18.4
Check: R code for possible problems
Result: NOTE
    For.MC3.REG: no visible global function definition for ‘rbinom’
    MC3.REG: no visible global function definition for ‘lm’
    bic.glm.data.frame : dropcols: no visible global function definition
     for ‘model.matrix’
    bic.glm.data.frame : dropcols: no visible global function definition
     for ‘terms.formula’
    bic.glm.data.frame : dropcols: no visible global function definition
     for ‘glm’
    bic.glm.data.frame : dropcols: no visible global function definition
     for ‘drop1’
    bic.glm.data.frame: no visible global function definition for ‘na.omit’
    bic.glm.data.frame: no visible global function definition for ‘glm’
    bic.glm.data.frame: no visible global function definition for
     ‘model.matrix’
    bic.glm.data.frame: no visible global function definition for ‘formula’
    bic.glm.formula: no visible global function definition for ‘terms’
    bic.glm.formula: no visible global function definition for
     ‘model.matrix’
    bic.glm.matrix : dropcols: no visible global function definition for
     ‘model.matrix’
    bic.glm.matrix : dropcols: no visible global function definition for
     ‘terms.formula’
    bic.glm.matrix : dropcols: no visible global function definition for
     ‘glm’
    bic.glm.matrix : dropcols: no visible global function definition for
     ‘drop1’
    bic.glm.matrix: no visible global function definition for ‘na.omit’
    bic.glm.matrix: no visible global function definition for ‘glm’
    bic.glm.matrix: no visible global function definition for
     ‘model.matrix’
    bic.glm.matrix: no visible global function definition for ‘formula’
    bic.surv.data.frame : dropcols: no visible global function definition
     for ‘model.matrix’
    bic.surv.data.frame : dropcols: no visible global function definition
     for ‘terms.formula’
    bic.surv.data.frame : dropcols: no visible global function definition
     for ‘drop1’
    bic.surv.data.frame: no visible global function definition for
     ‘na.omit’
    bic.surv.data.frame: no visible global function definition for
     ‘model.matrix’
    bic.surv.data.frame: no visible global function definition for
     ‘formula’
    bic.surv.formula: no visible global function definition for ‘terms’
    bic.surv.formula: no visible global function definition for
     ‘model.matrix’
    bic.surv.matrix : dropcols: no visible global function definition for
     ‘model.matrix’
    bic.surv.matrix : dropcols: no visible global function definition for
     ‘terms.formula’
    bic.surv.matrix : dropcols: no visible global function definition for
     ‘drop1’
    bic.surv.matrix: no visible global function definition for ‘na.omit’
    bic.surv.matrix: no visible global function definition for
     ‘model.matrix’
    bic.surv.matrix: no visible global function definition for ‘formula’
    bicreg : dropcols: no visible global function definition for ‘lm’
    bicreg : dropcols: no visible global function definition for ‘formula’
    bicreg : dropcols: no visible global function definition for ‘drop1’
    bicreg : dropcols: no visible global function definition for
     ‘model.matrix’
    bicreg: no visible global function definition for ‘na.omit’
    bicreg: no visible global function definition for ‘model.matrix’
    bicreg: no visible global function definition for ‘formula’
    bicreg: no visible global function definition for ‘lm’
    bicreg: no visible global function definition for ‘ls.print’
    bicreg: no visible global function definition for ‘lsfit’
    glib.bic.glm: no visible global function definition for ‘model.matrix’
    glib.bic.glm: no visible global function definition for ‘terms’
    glib.data.frame : glim.pmean.A: no visible global function definition
     for ‘pnorm’
    glib.data.frame : glim.pmean.A: no visible global function definition
     for ‘dnorm’
    glib.data.frame : glim.pmean.A: no visible global function definition
     for ‘qnorm’
    glib.data.frame : glim.pmean.A: no visible global function definition
     for ‘weighted.mean’
    glib.data.frame : glim: no visible binding for global variable ‘pnorm’
    glib.data.frame : glim: no visible global function definition for
     ‘qnorm’
    glib.data.frame: no visible global function definition for
     ‘model.matrix’
    glib.data.frame: no visible global function definition for ‘terms’
    glib.matrix : glim.pmean.A: no visible global function definition for
     ‘pnorm’
    glib.matrix : glim.pmean.A: no visible global function definition for
     ‘dnorm’
    glib.matrix : glim.pmean.A: no visible global function definition for
     ‘qnorm’
    glib.matrix : glim.pmean.A: no visible global function definition for
     ‘weighted.mean’
    glib.matrix : glim: no visible binding for global variable ‘pnorm’
    glib.matrix : glim: no visible global function definition for ‘qnorm’
    glib.matrix: no visible global function definition for ‘model.matrix’
    glib.matrix: no visible global function definition for ‘terms’
    iBMA.bicreg.data.frame : sortX: no visible global function definition
     for ‘lm’
    iBMA.bicreg.matrix : sortX: no visible global function definition for
     ‘lm’
    iBMA.glm.data.frame: no visible global function definition for
     ‘signature’
    iBMA.glm.data.frame : sortX: no visible global function definition for
     ‘glm’
    iBMA.glm.data.frame : sortX: no visible global function definition for
     ‘formula’
    iBMA.glm.data.frame : sortX: no visible global function definition for
     ‘add1’
    iBMA.glm.data.frame: no visible global function definition for
     ‘model.matrix’
    iBMA.glm.data.frame: no visible global function definition for
     ‘terms.formula’
    iBMA.glm.matrix: no visible global function definition for ‘signature’
    iBMA.glm.matrix : sortX: no visible global function definition for
     ‘glm’
    iBMA.glm.matrix : sortX: no visible global function definition for
     ‘formula’
    iBMA.glm.matrix : sortX: no visible global function definition for
     ‘add1’
    iBMA.glm.matrix: no visible global function definition for
     ‘model.matrix’
    iBMA.glm.matrix: no visible global function definition for
     ‘terms.formula’
    iBMA.surv.data.frame: no visible global function definition for
     ‘signature’
    iBMA.surv.data.frame : sortX: no visible global function definition for
     ‘formula’
    iBMA.surv.data.frame : sortX: no visible global function definition for
     ‘add1’
    iBMA.surv.data.frame: no visible global function definition for
     ‘model.matrix’
    iBMA.surv.data.frame: no visible global function definition for
     ‘terms.formula’
    iBMA.surv.matrix: no visible global function definition for ‘signature’
    iBMA.surv.matrix : sortX: no visible global function definition for
     ‘formula’
    iBMA.surv.matrix : sortX: no visible global function definition for
     ‘add1’
    iBMA.surv.matrix: no visible global function definition for
     ‘model.matrix’
    iBMA.surv.matrix: no visible global function definition for
     ‘terms.formula’
    imageplot.bma: no visible global function definition for ‘par’
    imageplot.bma: no visible global function definition for ‘cmdscale’
    imageplot.bma: no visible global function definition for ‘image’
    imageplot.bma: no visible global function definition for ‘axis’
    orderplot.iBMA.bicreg: no visible global function definition for
     ‘lines’
    orderplot.iBMA.bicreg: no visible global function definition for
     ‘points’
    orderplot.iBMA.glm: no visible global function definition for ‘lines’
    orderplot.iBMA.glm: no visible global function definition for ‘points’
    orderplot.iBMA.intermediate.bicreg: no visible global function
     definition for ‘lines’
    orderplot.iBMA.intermediate.bicreg: no visible global function
     definition for ‘points’
    orderplot.iBMA.intermediate.glm: no visible global function definition
     for ‘lines’
    orderplot.iBMA.intermediate.glm: no visible global function definition
     for ‘points’
    orderplot.iBMA.intermediate.surv: no visible global function definition
     for ‘lines’
    orderplot.iBMA.intermediate.surv: no visible global function definition
     for ‘points’
    orderplot.iBMA.surv: no visible global function definition for ‘lines’
    orderplot.iBMA.surv: no visible global function definition for ‘points’
    out.ltsreg: no visible global function definition for ‘mad’
    plot.bic.glm : plotvar: no visible global function definition for
     ‘qnorm’
    plot.bic.glm : plotvar: no visible global function definition for
     ‘dnorm’
    plot.bic.glm : plotvar: no visible global function definition for
     ‘lines’
    plot.bic.glm: no visible global function definition for ‘par’
    plot.bic.surv : plotvar: no visible global function definition for
     ‘qnorm’
    plot.bic.surv : plotvar: no visible global function definition for
     ‘dnorm’
    plot.bic.surv : plotvar: no visible global function definition for
     ‘lines’
    plot.bic.surv: no visible global function definition for ‘par’
    plot.bicreg : plotvar: no visible global function definition for
     ‘qnorm’
    plot.bicreg : plotvar: no visible global function definition for
     ‘dnorm’
    plot.bicreg : plotvar: no visible global function definition for
     ‘lines’
    plot.bicreg: no visible global function definition for ‘par’
    predict.bic.glm : dropcols: no visible global function definition for
     ‘lm’
    predict.bic.glm : dropcols: no visible global function definition for
     ‘formula’
    predict.bic.glm : dropcols: no visible global function definition for
     ‘drop1’
    predict.bic.glm : dropcols: no visible global function definition for
     ‘model.matrix’
    predict.bic.glm : get.names: no visible global function definition for
     ‘na.omit’
    predict.bic.glm: no visible global function definition for
     ‘model.matrix’
    predict.bic.glm: no visible global function definition for ‘rnorm’
    predict.bic.glm: no visible global function definition for ‘formula’
    predict.bicreg : cdfBMAnormal: no visible global function definition
     for ‘pnorm’
    predict.bicreg : quantBMAnormal: no visible global function definition
     for ‘uniroot’
    predict.bicreg : dropcols: no visible global function definition for
     ‘lm’
    predict.bicreg : dropcols: no visible global function definition for
     ‘formula’
    predict.bicreg : dropcols: no visible global function definition for
     ‘drop1’
    predict.bicreg : dropcols: no visible global function definition for
     ‘model.matrix’
    predict.bicreg : get.names: no visible global function definition for
     ‘na.omit’
    predict.bicreg : get.names: no visible global function definition for
     ‘model.matrix’
    predict.bicreg : get.names: no visible global function definition for
     ‘formula’
    Undefined global functions or variables:
     add1 axis cmdscale dnorm drop1 formula glm image lines lm ls.print
     lsfit mad model.matrix na.omit par pnorm points qnorm rbinom rnorm
     signature terms terms.formula uniroot weighted.mean
    Consider adding
     importFrom("graphics", "axis", "image", "lines", "par", "points")
     importFrom("methods", "signature")
     importFrom("stats", "add1", "cmdscale", "dnorm", "drop1", "formula",
     "glm", "lm", "ls.print", "lsfit", "mad", "model.matrix",
     "na.omit", "pnorm", "qnorm", "rbinom", "rnorm", "terms",
     "terms.formula", "uniroot", "weighted.mean")
    to your NAMESPACE.
Flavors: r-devel-linux-x86_64-debian-clang, r-devel-linux-x86_64-debian-gcc, r-devel-linux-x86_64-fedora-clang, r-devel-linux-x86_64-fedora-gcc, r-devel-windows-ix86+x86_64