CRAN Package Check Results for Package BMA

Last updated on 2017-03-28 06:47:38.

Flavor Version Tinstall Tcheck Ttotal Status Flags
r-devel-linux-x86_64-debian-clang 3.18.6 4.17 65.83 70.01 NOTE
r-devel-linux-x86_64-debian-gcc 3.18.6 4.11 61.48 65.59 NOTE
r-devel-linux-x86_64-fedora-clang 3.18.6 138.92 NOTE --no-stop-on-test-error
r-devel-linux-x86_64-fedora-gcc 3.18.6 163.45 NOTE --no-stop-on-test-error
r-devel-macos-x86_64-clang 3.18.6 104.96 NOTE --no-stop-on-test-error
r-devel-windows-ix86+x86_64 3.18.6 14.00 146.00 160.00 OK
r-patched-linux-x86_64 3.18.6 4.36 62.34 66.70 NOTE
r-patched-solaris-sparc 3.18.6 821.20 OK
r-patched-solaris-x86 3.18.6 172.40 OK
r-release-linux-x86_64 3.18.6 3.85 58.33 62.18 OK
r-release-osx-x86_64-mavericks 3.18.6 OK
r-release-windows-ix86+x86_64 3.18.6 17.00 169.00 186.00 OK
r-oldrel-windows-ix86+x86_64 3.18.6 11.00 133.00 144.00 OK

Check Details

Version: 3.18.6
Check: compiled code
Result: NOTE
    File ‘BMA/libs/BMA.so’:
     Found no calls to: ‘R_registerRoutines’, ‘R_useDynamicSymbols’
    
    It is good practice to register native routines and to disable symbol
    search.
    
    See ‘Writing portable packages’ in the ‘Writing R Extensions’ manual.
Flavors: r-devel-linux-x86_64-debian-clang, r-devel-linux-x86_64-debian-gcc, r-patched-linux-x86_64

Version: 3.18.6
Flags: --no-stop-on-test-error
Check: compiled code
Result: NOTE
    File ‘BMA/libs/BMA.so’:
     Found no calls to: ‘R_registerRoutines’, ‘R_useDynamicSymbols’
    
    It is good practice to register native routines and to disable symbol
    search.
    
    See ‘Writing portable packages’ in the ‘Writing R Extensions’ manual.
Flavors: r-devel-linux-x86_64-fedora-clang, r-devel-linux-x86_64-fedora-gcc, r-devel-macos-x86_64-clang