CRAN Package Check Results for Package BMA

Last updated on 2014-04-19 08:50:10.

Flavor Version Tinstall Tcheck Ttotal Status Flags
r-devel-linux-x86_64-debian-clang 3.16.2.3 2.31 49.82 52.12 NOTE
r-devel-linux-x86_64-debian-gcc 3.16.2.3 2.13 49.98 52.11 NOTE
r-devel-linux-x86_64-fedora-clang 3.16.2.3 99.72 NOTE
r-devel-linux-x86_64-fedora-gcc 3.16.2.3 95.72 NOTE
r-devel-macosx-x86_64-clang 3.16.2.3 82.42 NOTE
r-devel-macosx-x86_64-gcc 3.16.2.3 ERROR
r-devel-windows-ix86+x86_64 3.16.2.3 7.00 84.00 91.00 NOTE
r-patched-linux-x86_64 3.16.2.3 2.08 52.94 55.02 NOTE
r-patched-solaris-sparc 3.16.2.3 569.00 NOTE
r-patched-solaris-x86 3.16.2.3 121.90 NOTE
r-release-linux-ix86 3.16.2.3 5.00 94.00 99.00 NOTE
r-release-linux-x86_64 3.16.2.3 2.10 50.01 52.11 NOTE
r-release-macosx-x86_64 3.16.2.3 OK
r-release-windows-ix86+x86_64 3.16.2.3 11.00 97.00 108.00 NOTE
r-oldrel-windows-ix86+x86_64 3.16.2.3 8.00 99.00 107.00 NOTE

Check Details

Version: 3.16.2.3
Check: dependencies in R code
Result: NOTE
    Packages in Depends field not imported from:
     ‘leaps’ ‘robustbase’ ‘survival’
     These packages need to be imported from (in the NAMESPACE file)
     for when this namespace is loaded but not attached.
    See the information on DESCRIPTION files in the chapter ‘Creating R
    packages’ of the ‘Writing R Extensions’ manual.
Flavors: r-devel-linux-x86_64-debian-clang, r-devel-linux-x86_64-debian-gcc, r-devel-linux-x86_64-fedora-clang, r-devel-linux-x86_64-fedora-gcc, r-devel-macosx-x86_64-clang, r-devel-windows-ix86+x86_64, r-patched-linux-x86_64, r-patched-solaris-sparc, r-patched-solaris-x86, r-release-linux-ix86, r-release-linux-x86_64, r-release-windows-ix86+x86_64, r-oldrel-windows-ix86+x86_64

Version: 3.16.2.3
Check: package dependencies
Result: ERROR
    Package required but not available: ‘robustbase’
    
    Package suggested but not available for checking: ‘rrcov’
    
    See the information on DESCRIPTION files in the chapter ‘Creating R
    packages’ of the ‘Writing R Extensions’ manual.
Flavor: r-devel-macosx-x86_64-gcc