CRAN Package Check Results for Package BMA

Last updated on 2017-01-16 15:50:38.

Flavor Version Tinstall Tcheck Ttotal Status Flags
r-devel-linux-x86_64-debian-clang 3.18.6 3.92 63.52 67.44 OK
r-devel-linux-x86_64-debian-gcc 3.18.6 4.17 61.30 65.47 OK
r-devel-linux-x86_64-fedora-clang 3.18.6 134.16 OK --no-stop-on-test-error
r-devel-linux-x86_64-fedora-gcc 3.18.6 129.53 NOTE --no-stop-on-test-error
r-devel-macos-x86_64-clang 3.18.6 102.31 OK --no-stop-on-test-error
r-devel-windows-ix86+x86_64 3.18.6 19.00 147.00 166.00 OK
r-patched-linux-x86_64 3.18.6 3.94 58.10 62.04 OK
r-patched-solaris-sparc 3.18.6 747.00 OK
r-patched-solaris-x86 3.18.6 150.90 OK
r-release-linux-x86_64 3.18.6 3.78 57.39 61.17 OK
r-release-osx-x86_64-mavericks 3.18.6 OK
r-release-windows-ix86+x86_64 3.18.6 16.00 127.00 143.00 OK
r-oldrel-windows-ix86+x86_64 3.18.6 12.00 137.00 149.00 OK

Check Details

Version: 3.18.6
Flags: --no-stop-on-test-error
Check: compiled code
Result: NOTE
    File ‘BMA/libs/BMA.so’:
     Found no calls to: ‘R_registerRoutines’, ‘R_useDynamicSymbols’
    
    It is good practice to use registered native symbols and disable symbol
    search.
    
    See ‘Writing portable packages’ in the ‘Writing R Extensions’ manual.
Flavor: r-devel-linux-x86_64-fedora-gcc