CRAN Package Check Results for Package BMA

Last updated on 2017-02-27 03:50:04.

Flavor Version Tinstall Tcheck Ttotal Status Flags
r-devel-linux-x86_64-debian-clang 3.18.6 4.16 63.93 68.09 NOTE
r-devel-linux-x86_64-debian-gcc 3.18.6 4.02 62.86 66.88 NOTE
r-devel-linux-x86_64-fedora-clang 3.18.6 136.89 NOTE --no-stop-on-test-error
r-devel-linux-x86_64-fedora-gcc 3.18.6 166.67 NOTE --no-stop-on-test-error
r-devel-macos-x86_64-clang 3.18.6 105.47 NOTE --no-stop-on-test-error
r-devel-windows-ix86+x86_64 3.18.6 14.00 200.00 214.00 OK
r-patched-linux-x86_64 3.18.6 3.75 59.97 63.72 OK
r-patched-solaris-sparc 3.18.6 747.00 OK
r-patched-solaris-x86 3.18.6 139.20 OK
r-release-linux-x86_64 3.18.6 4.07 59.36 63.43 OK
r-release-osx-x86_64-mavericks 3.18.6 OK
r-release-windows-ix86+x86_64 3.18.6 29.00 221.00 250.00 OK
r-oldrel-windows-ix86+x86_64 3.18.6 19.00 176.00 195.00 OK

Check Details

Version: 3.18.6
Check: compiled code
Result: NOTE
    File ‘BMA/libs/BMA.so’:
     Found no calls to: ‘R_registerRoutines’, ‘R_useDynamicSymbols’
    
    It is good practice to register native routines and to disable symbol
    search.
    
    See ‘Writing portable packages’ in the ‘Writing R Extensions’ manual.
Flavors: r-devel-linux-x86_64-debian-clang, r-devel-linux-x86_64-debian-gcc

Version: 3.18.6
Flags: --no-stop-on-test-error
Check: compiled code
Result: NOTE
    File ‘BMA/libs/BMA.so’:
     Found no calls to: ‘R_registerRoutines’, ‘R_useDynamicSymbols’
    
    It is good practice to register native routines and to disable symbol
    search.
    
    See ‘Writing portable packages’ in the ‘Writing R Extensions’ manual.
Flavors: r-devel-linux-x86_64-fedora-clang, r-devel-linux-x86_64-fedora-gcc, r-devel-macos-x86_64-clang