CRAN Package Check Results for Package BMA

Last updated on 2015-05-22 09:47:28.

Flavor Version Tinstall Tcheck Ttotal Status Flags
r-devel-linux-x86_64-debian-clang 3.18.1 2.35 42.30 44.65 NOTE
r-devel-linux-x86_64-debian-gcc 3.18.1 2.13 42.30 44.43 NOTE
r-devel-linux-x86_64-fedora-clang 3.18.1 83.17 NOTE
r-devel-linux-x86_64-fedora-gcc 3.18.1 78.11 NOTE
r-devel-osx-x86_64-clang 3.18.1 73.64 NOTE
r-devel-windows-ix86+x86_64 3.18.1 11.00 80.00 91.00 NOTE
r-patched-linux-x86_64 3.18.1 2.01 41.94 43.96 NOTE
r-patched-solaris-sparc 3.18.1 520.40 NOTE
r-patched-solaris-x86 3.18.1 98.60 NOTE
r-release-linux-x86_64 3.18.1 2.25 40.87 43.12 NOTE
r-release-osx-x86_64-mavericks 3.18.1 NOTE
r-release-osx-x86_64-snowleopard 3.18.1 NOTE
r-release-windows-ix86+x86_64 3.18.1 9.00 77.00 86.00 NOTE
r-oldrel-windows-ix86+x86_64 3.18.1 9.00 90.00 99.00 NOTE

Check Details

Version: 3.18.1
Check: dependencies in R code
Result: NOTE
    'library' or 'require' call to ‘rrcov’ in package code.
     Please use :: or requireNamespace() instead.
     See section 'Suggested packages' in the 'Writing R Extensions' manual.
Flavors: r-devel-linux-x86_64-debian-clang, r-devel-linux-x86_64-debian-gcc, r-devel-linux-x86_64-fedora-clang, r-devel-linux-x86_64-fedora-gcc, r-devel-osx-x86_64-clang, r-devel-windows-ix86+x86_64, r-patched-linux-x86_64, r-patched-solaris-sparc, r-patched-solaris-x86, r-release-linux-x86_64, r-release-osx-x86_64-mavericks, r-release-osx-x86_64-snowleopard, r-release-windows-ix86+x86_64, r-oldrel-windows-ix86+x86_64

Version: 3.18.1
Check: S3 generic/method consistency
Result: NOTE
    Found the following apparent S3 methods exported but not registered:
     as.bic.glm.glib bic.glm.data.frame bic.glm.formula bic.glm.matrix
     bic.surv.data.frame bic.surv.formula bic.surv.matrix glib.bic.glm
     glib.data.frame glib.matrix iBMA.bicreg.data.frame
     iBMA.bicreg.iBMA.intermediate.bicreg iBMA.bicreg.matrix
     iBMA.glm.data.frame iBMA.glm.iBMA.intermediate.glm iBMA.glm.matrix
     iBMA.surv.data.frame iBMA.surv.iBMA.intermediate.surv
     iBMA.surv.matrix orderplot.iBMA.bicreg orderplot.iBMA.glm
     orderplot.iBMA.intermediate.bicreg orderplot.iBMA.intermediate.glm
     orderplot.iBMA.intermediate.surv orderplot.iBMA.surv summary.glib
    See section ‘Registering S3 methods’ in the ‘Writing R Extensions’
    manual.
Flavors: r-devel-linux-x86_64-debian-clang, r-devel-linux-x86_64-debian-gcc, r-devel-linux-x86_64-fedora-clang, r-devel-linux-x86_64-fedora-gcc, r-devel-osx-x86_64-clang, r-patched-linux-x86_64, r-patched-solaris-x86, r-release-linux-x86_64