CRAN Package Check Results for Package BMAmevt

Last updated on 2017-11-19 18:47:13.

Flavor Version Tinstall Tcheck Ttotal Status Flags
r-devel-linux-x86_64-debian-clang 1.0.1 2.34 24.87 27.21 OK
r-devel-linux-x86_64-debian-gcc 1.0.1 2.38 24.87 27.25 OK
r-devel-linux-x86_64-fedora-clang 1.0.1 45.26 OK
r-devel-linux-x86_64-fedora-gcc 1.0.1 45.54 OK
r-devel-windows-ix86+x86_64 1.0.1 27.00 61.00 88.00 OK
r-patched-linux-x86_64 1.0.1 2.38 23.69 26.07 OK
r-patched-solaris-x86 1.0.1 66.30 OK
r-release-linux-x86_64 1.0.1 2.27 23.55 25.82 OK
r-release-windows-ix86+x86_64 1.0.1 15.00 77.00 92.00 OK
r-release-osx-x86_64 1.0.1 WARN
r-oldrel-windows-ix86+x86_64 1.0.1 16.00 79.00 95.00 OK
r-oldrel-osx-x86_64 1.0.1 OK

Check Details

Version: 1.0.1
Check: re-building of vignette outputs
Result: WARN
    Error in re-building vignettes:
     ...
    Error in texi2dvi(file = file, pdf = TRUE, clean = clean, quiet = quiet, :
     Running 'texi2dvi' on 'BMAmevt.tex' failed.
    LaTeX errors:
    ! LaTeX Error: File `cases.sty' not found.
    
    Type X to quit or <RETURN> to proceed,
    or enter new name. (Default extension: sty)
    
    ! Emergency stop.
    <read *>
    
    l.14 \usepackage
     {natbib}^^M
    ! ==> Fatal error occurred, no output PDF file produced!
    Calls: buildVignettes -> texi2pdf -> texi2dvi
    Execution halted
Flavor: r-release-osx-x86_64