CRAN Package Check Results for Package BMAmevt

Last updated on 2018-02-22 01:49:38 CET.

Flavor Version Tinstall Tcheck Ttotal Status Flags
r-devel-linux-x86_64-debian-clang 1.0.1 5.52 29.51 35.03 OK
r-devel-linux-x86_64-debian-gcc 1.0.1 4.15 27.77 31.92 OK
r-devel-linux-x86_64-fedora-clang 1.0.1 49.82 OK
r-devel-linux-x86_64-fedora-gcc 1.0.1 47.74 OK
r-devel-windows-ix86+x86_64 1.0.1 23.00 58.00 81.00 OK
r-patched-linux-x86_64 1.0.1 3.22 36.60 39.82 OK
r-patched-solaris-x86 1.0.1 59.60 OK
r-release-linux-x86_64 1.0.1 3.15 36.35 39.50 OK
r-release-windows-ix86+x86_64 1.0.1 20.00 58.00 78.00 OK
r-release-osx-x86_64 1.0.1 WARN
r-oldrel-windows-ix86+x86_64 1.0.1 19.00 80.00 99.00 OK
r-oldrel-osx-x86_64 1.0.1 OK

Check Details

Version: 1.0.1
Check: re-building of vignette outputs
Result: WARN
    Error in re-building vignettes:
     ...
    Error in texi2dvi(file = file, pdf = TRUE, clean = clean, quiet = quiet, :
     Running 'texi2dvi' on 'BMAmevt.tex' failed.
    LaTeX errors:
    ! LaTeX Error: File `cases.sty' not found.
    
    Type X to quit or <RETURN> to proceed,
    or enter new name. (Default extension: sty)
    
    ! Emergency stop.
    <read *>
    
    l.14 \usepackage
     {natbib}^^M
    ! ==> Fatal error occurred, no output PDF file produced!
    Calls: buildVignettes -> texi2pdf -> texi2dvi
    Execution halted
Flavor: r-release-osx-x86_64