CRAN Package Check Results for Package BMAmevt

Last updated on 2014-07-24 03:48:45.

Flavor Version Tinstall Tcheck Ttotal Status Flags
r-devel-linux-x86_64-debian-clang 1.0 2.05 25.84 27.89 NOTE
r-devel-linux-x86_64-debian-gcc 1.0 2.02 25.12 27.13 NOTE
r-devel-linux-x86_64-fedora-clang 1.0 55.50 NOTE
r-devel-linux-x86_64-fedora-gcc 1.0 51.49 NOTE
r-devel-osx-x86_64-clang 1.0 45.74 NOTE
r-devel-windows-ix86+x86_64 1.0 15.00 56.00 71.00 NOTE
r-patched-linux-x86_64 1.0 2.11 25.64 27.75 NOTE
r-patched-solaris-sparc 1.0 307.60 NOTE
r-patched-solaris-x86 1.0 70.50 NOTE
r-release-linux-ix86 1.0 2.98 34.33 37.30 NOTE
r-release-linux-x86_64 1.0 2.15 25.83 27.98 NOTE
r-release-osx-x86_64-mavericks 1.0 NOTE
r-release-windows-ix86+x86_64 1.0 13.00 59.00 72.00 NOTE
r-oldrel-windows-ix86+x86_64 1.0 14.00 55.00 69.00 NOTE

Check Details

Version: 1.0
Check: for old-style vignette sources
Result: NOTE
    Vignette sources only in ‘inst/doc’:
     ‘BMAmevt.Rnw’
    A ‘vignettes’ directory is required as from R 3.1.0
    and these will not be indexed nor checked
Flavors: r-devel-linux-x86_64-debian-clang, r-devel-linux-x86_64-debian-gcc, r-devel-linux-x86_64-fedora-clang, r-devel-linux-x86_64-fedora-gcc, r-devel-osx-x86_64-clang, r-patched-linux-x86_64, r-patched-solaris-sparc, r-patched-solaris-x86, r-release-linux-ix86, r-release-linux-x86_64, r-release-osx-x86_64-mavericks

Version: 1.0
Check: for old-style vignette sources
Result: NOTE
    Vignette sources only in 'inst/doc':
     'BMAmevt.Rnw'
    A 'vignettes' directory is required as from R 3.1.0
    and these will not be indexed nor checked
    * checking examples ...
Flavors: r-devel-windows-ix86+x86_64, r-release-windows-ix86+x86_64

Version: 1.0
Check: for old-style vignette sources
Result: NOTE
    Vignette sources only in 'inst/doc':
     'BMAmevt.Rnw'
    A 'vignettes' directory will be required as from R 3.1.0
    * checking examples ...
Flavor: r-oldrel-windows-ix86+x86_64