CRAN Package Check Results for Package BMAmevt

Last updated on 2014-09-01 14:46:24.

Flavor Version Tinstall Tcheck Ttotal Status Flags
r-devel-linux-x86_64-debian-clang 1.0 2.02 25.13 27.15 NOTE
r-devel-linux-x86_64-debian-gcc 1.0 1.97 25.11 27.08 NOTE
r-devel-linux-x86_64-fedora-clang 1.0 53.82 NOTE
r-devel-linux-x86_64-fedora-gcc 1.0 51.71 NOTE
r-devel-osx-x86_64-clang 1.0 44.57 NOTE
r-devel-windows-ix86+x86_64 1.0 16.00 57.00 73.00 NOTE
r-patched-linux-x86_64 1.0 2.03 25.93 27.96 NOTE
r-patched-solaris-sparc 1.0 311.40 NOTE
r-patched-solaris-x86 1.0 69.90 NOTE
r-release-linux-ix86 1.0 2.94 34.48 37.42 NOTE
r-release-linux-x86_64 1.0 2.02 26.05 28.07 NOTE
r-release-osx-x86_64-mavericks 1.0 NOTE
r-release-windows-ix86+x86_64 1.0 15.00 86.00 101.00 NOTE
r-oldrel-windows-ix86+x86_64 1.0 20.00 63.00 83.00 NOTE

Check Details

Version: 1.0
Check: for old-style vignette sources
Result: NOTE
    Vignette sources only in ‘inst/doc’:
     ‘BMAmevt.Rnw’
    A ‘vignettes’ directory is required as from R 3.1.0
    and these will not be indexed nor checked
Flavors: r-devel-linux-x86_64-debian-clang, r-devel-linux-x86_64-debian-gcc, r-devel-linux-x86_64-fedora-clang, r-devel-linux-x86_64-fedora-gcc, r-devel-osx-x86_64-clang, r-devel-windows-ix86+x86_64, r-patched-linux-x86_64, r-patched-solaris-sparc, r-patched-solaris-x86, r-release-linux-ix86, r-release-linux-x86_64, r-release-osx-x86_64-mavericks, r-release-windows-ix86+x86_64

Version: 1.0
Check: for old-style vignette sources
Result: NOTE
    Vignette sources only in 'inst/doc':
     'BMAmevt.Rnw'
    A 'vignettes' directory will be required as from R 3.1.0
Flavor: r-oldrel-windows-ix86+x86_64