CRAN Package Check Results for Package BMAmevt

Last updated on 2014-08-28 08:48:49.

Flavor Version Tinstall Tcheck Ttotal Status Flags
r-devel-linux-x86_64-debian-clang 1.0 1.98 25.93 27.91 NOTE
r-devel-linux-x86_64-debian-gcc 1.0 1.96 24.66 26.62 NOTE
r-devel-linux-x86_64-fedora-clang 1.0 53.82 NOTE
r-devel-linux-x86_64-fedora-gcc 1.0 51.67 NOTE
r-devel-osx-x86_64-clang 1.0 45.10 NOTE
r-devel-windows-ix86+x86_64 1.0 14.00 57.00 71.00 NOTE
r-patched-linux-x86_64 1.0 2.02 26.04 28.06 NOTE
r-patched-solaris-sparc 1.0 311.40 NOTE
r-patched-solaris-x86 1.0 69.90 NOTE
r-release-linux-ix86 1.0 2.96 34.74 37.70 NOTE
r-release-linux-x86_64 1.0 2.10 25.74 27.83 NOTE
r-release-osx-x86_64-mavericks 1.0 NOTE
r-release-windows-ix86+x86_64 1.0 13.00 57.00 70.00 NOTE
r-oldrel-windows-ix86+x86_64 1.0 16.00 59.00 75.00 NOTE

Check Details

Version: 1.0
Check: for old-style vignette sources
Result: NOTE
    Vignette sources only in ‘inst/doc’:
     ‘BMAmevt.Rnw’
    A ‘vignettes’ directory is required as from R 3.1.0
    and these will not be indexed nor checked
Flavors: r-devel-linux-x86_64-debian-clang, r-devel-linux-x86_64-debian-gcc, r-devel-linux-x86_64-fedora-clang, r-devel-linux-x86_64-fedora-gcc, r-devel-osx-x86_64-clang, r-devel-windows-ix86+x86_64, r-patched-linux-x86_64, r-patched-solaris-sparc, r-patched-solaris-x86, r-release-linux-ix86, r-release-linux-x86_64, r-release-osx-x86_64-mavericks, r-release-windows-ix86+x86_64

Version: 1.0
Check: for old-style vignette sources
Result: NOTE
    Vignette sources only in 'inst/doc':
     'BMAmevt.Rnw'
    A 'vignettes' directory will be required as from R 3.1.0
Flavor: r-oldrel-windows-ix86+x86_64