CRAN Package Check Results for Package BMAmevt

Last updated on 2017-07-29 12:47:08.

Flavor Version Tinstall Tcheck Ttotal Status Flags
r-devel-linux-x86_64-debian-clang 1.0.1 2.77 33.04 35.80 OK
r-devel-linux-x86_64-debian-gcc 1.0.1 2.30 32.32 34.62 OK
r-devel-linux-x86_64-fedora-clang 1.0.1 46.04 OK
r-devel-linux-x86_64-fedora-gcc 1.0.1 43.46 OK
r-devel-windows-ix86+x86_64 1.0.1 25.00 62.00 87.00 OK
r-patched-linux-x86_64 1.0.1 2.40 32.88 35.27 OK
r-patched-solaris-x86 1.0.1 65.10 OK
r-release-linux-x86_64 1.0.1 2.21 32.49 34.70 OK
r-release-windows-ix86+x86_64 1.0.1 29.00 79.00 108.00 OK
r-release-osx-x86_64 1.0.1 WARN
r-oldrel-windows-ix86+x86_64 1.0.1 14.00 75.00 89.00 OK
r-oldrel-osx-x86_64 1.0.1 OK

Check Details

Version: 1.0.1
Check: re-building of vignette outputs
Result: WARN
    Error in re-building vignettes:
     ...
    Error in texi2dvi(file = file, pdf = TRUE, clean = clean, quiet = quiet, :
     Running 'texi2dvi' on 'BMAmevt.tex' failed.
    LaTeX errors:
    ! LaTeX Error: File `cases.sty' not found.
    
    Type X to quit or <RETURN> to proceed,
    or enter new name. (Default extension: sty)
    
    ! Emergency stop.
    <read *>
    
    l.14 \usepackage
     {natbib}^^M
    ! ==> Fatal error occurred, no output PDF file produced!
    Calls: buildVignettes -> texi2pdf -> texi2dvi
    Execution halted
Flavor: r-release-osx-x86_64