CRAN Package Check Results for Package BMAmevt

Last updated on 2014-04-23 12:48:15.

Flavor Version Tinstall Tcheck Ttotal Status Flags
r-devel-linux-x86_64-debian-clang 1.0 2.14 27.04 29.18 NOTE
r-devel-linux-x86_64-debian-gcc 1.0 2.21 26.73 28.94 NOTE
r-devel-linux-x86_64-fedora-clang 1.0 55.19 NOTE
r-devel-linux-x86_64-fedora-gcc 1.0 52.88 NOTE
r-devel-osx-x86_64-clang 1.0 47.48 NOTE
r-devel-osx-x86_64-gcc 1.0 NOTE
r-devel-windows-ix86+x86_64 1.0 14.00 58.00 72.00 NOTE
r-patched-linux-x86_64 1.0 2.06 27.15 29.21 NOTE
r-patched-solaris-sparc 1.0 307.60 NOTE
r-patched-solaris-x86 1.0 68.90 NOTE
r-release-linux-ix86 1.0 4.00 46.00 50.00 NOTE
r-release-linux-x86_64 1.0 2.13 26.24 28.38 NOTE
r-release-osx-x86_64-mavericks 1.0 WARN
r-release-windows-ix86+x86_64 1.0 15.00 60.00 75.00 NOTE
r-oldrel-windows-ix86+x86_64 1.0 15.00 62.00 77.00 NOTE

Check Details

Version: 1.0
Check: for old-style vignette sources
Result: NOTE
    Vignette sources only in ‘inst/doc’:
     ‘BMAmevt.Rnw’
    A ‘vignettes’ directory is required as from R 3.1.0
    and these will not be indexed nor checked
Flavors: r-devel-linux-x86_64-debian-clang, r-devel-linux-x86_64-debian-gcc, r-devel-linux-x86_64-fedora-clang, r-devel-linux-x86_64-fedora-gcc, r-devel-osx-x86_64-clang, r-devel-osx-x86_64-gcc, r-patched-linux-x86_64, r-patched-solaris-sparc, r-patched-solaris-x86, r-release-linux-ix86, r-release-linux-x86_64, r-release-osx-x86_64-mavericks

Version: 1.0
Check: for old-style vignette sources
Result: NOTE
    Vignette sources only in 'inst/doc':
     'BMAmevt.Rnw'
    A 'vignettes' directory is required as from R 3.1.0
    and these will not be indexed nor checked
    * checking examples ...
Flavors: r-devel-windows-ix86+x86_64, r-release-windows-ix86+x86_64

Version: 1.0
Check: PDF version of manual
Result: WARNING
    LaTeX errors when creating PDF version.
    This typically indicates Rd problems.
    LaTeX errors found:
    ! LaTeX Error: File `upquote.sty' not found.
    
    Type X to quit or <RETURN> to proceed,
    or enter new name. (Default extension: sty)
    
    6f9abf1/Rd2.tex:8: ==> Fatal error occurred, no output PDF file produced!
Flavor: r-release-osx-x86_64-mavericks

Version: 1.0
Check: for old-style vignette sources
Result: NOTE
    Vignette sources only in 'inst/doc':
     'BMAmevt.Rnw'
    A 'vignettes' directory will be required as from R 3.1.0
    * checking examples ...
Flavor: r-oldrel-windows-ix86+x86_64