CRAN Package Check Results for Package BMS

Last updated on 2015-05-30 21:46:27.

Flavor Version Tinstall Tcheck Ttotal Status Flags
r-devel-linux-x86_64-debian-clang 0.3.3 1.14 182.64 183.78 NOTE
r-devel-linux-x86_64-debian-gcc 0.3.3 1.12 178.82 179.94 NOTE
r-devel-linux-x86_64-fedora-clang 0.3.3 367.11 NOTE
r-devel-linux-x86_64-fedora-gcc 0.3.3 357.26 NOTE
r-devel-osx-x86_64-clang 0.3.3 278.30 NOTE
r-devel-windows-ix86+x86_64 0.3.3 4.00 304.00 308.00 NOTE
r-patched-linux-x86_64 0.3.3 1.11 181.60 182.71 NOTE
r-patched-solaris-sparc 0.3.3 649.10 NOTE --no-vignettes
r-patched-solaris-x86 0.3.3 389.90 NOTE
r-release-linux-x86_64 0.3.3 1.14 180.33 181.48 NOTE
r-release-osx-x86_64-mavericks 0.3.3 NOTE
r-release-osx-x86_64-snowleopard 0.3.3 NOTE
r-release-windows-ix86+x86_64 0.3.3 3.00 278.00 281.00 NOTE
r-oldrel-windows-ix86+x86_64 0.3.3 7.00 404.00 411.00 NOTE

Check Details

Version: 0.3.3
Check: dependencies in R code
Result: NOTE
    Package in Depends field not imported from: ‘methods’
     These packages need to be imported from (in the NAMESPACE file)
     for when this namespace is loaded but not attached.
Flavors: r-devel-linux-x86_64-debian-clang, r-devel-linux-x86_64-debian-gcc, r-devel-linux-x86_64-fedora-clang, r-devel-linux-x86_64-fedora-gcc, r-devel-osx-x86_64-clang, r-devel-windows-ix86+x86_64, r-patched-linux-x86_64, r-patched-solaris-x86, r-release-linux-x86_64, r-release-osx-x86_64-mavericks, r-release-osx-x86_64-snowleopard, r-release-windows-ix86+x86_64, r-oldrel-windows-ix86+x86_64

Version: 0.3.3
Check: S3 generic/method consistency
Result: NOTE
    Found the following apparent S3 methods exported but not registered:
     c.bma coef.bma density.bma density.zlm deviance.bma deviance.zlm
     image.bma logLik.zlm model.frame.bma plot.bma plot.pred.density
     predict.bma predict.zlm print.bma print.pred.density print.topmod
     quantile.coef.density quantile.density quantile.pred.density
     summary.bma summary.zlm variable.names.bma variable.names.zlm
     vcov.zlm
    See section ‘Registering S3 methods’ in the ‘Writing R Extensions’
    manual.
Flavors: r-devel-linux-x86_64-debian-clang, r-devel-linux-x86_64-debian-gcc, r-devel-linux-x86_64-fedora-clang, r-devel-linux-x86_64-fedora-gcc, r-devel-osx-x86_64-clang, r-patched-linux-x86_64, r-patched-solaris-x86, r-release-linux-x86_64

Version: 0.3.3
Flags: --no-vignettes
Check: dependencies in R code
Result: NOTE
    Package in Depends field not imported from: ‘methods’
     These packages need to be imported from (in the NAMESPACE file)
     for when this namespace is loaded but not attached.
Flavor: r-patched-solaris-sparc

Version: 0.3.3
Flags: --no-vignettes
Check: S3 generic/method consistency
Result: NOTE
    Found the following apparent S3 methods exported but not registered:
     c.bma coef.bma density.bma density.zlm deviance.bma deviance.zlm
     image.bma logLik.zlm model.frame.bma plot.bma plot.pred.density
     predict.bma predict.zlm print.bma print.pred.density print.topmod
     quantile.coef.density quantile.density quantile.pred.density
     summary.bma summary.zlm variable.names.bma variable.names.zlm
     vcov.zlm
    See section ‘Registering S3 methods’ in the ‘Writing R Extensions’
    manual.
Flavor: r-patched-solaris-sparc