CRAN Package Check Results for Package BMS

Last updated on 2015-01-28 12:47:55.

Flavor Version Tinstall Tcheck Ttotal Status Flags
r-devel-linux-x86_64-debian-clang 0.3.3 1.35 191.29 192.64 NOTE
r-devel-linux-x86_64-debian-gcc 0.3.3 1.68 199.03 200.71 NOTE
r-devel-linux-x86_64-fedora-clang 0.3.3 386.66 NOTE
r-devel-linux-x86_64-fedora-gcc 0.3.3 375.91 NOTE
r-devel-osx-x86_64-clang 0.3.3 284.48 NOTE
r-devel-windows-ix86+x86_64 0.3.3 5.00 291.00 296.00 NOTE
r-patched-linux-x86_64 0.3.3 1.23 197.67 198.90 NOTE
r-patched-solaris-sparc 0.3.3 671.60 NOTE --no-vignettes
r-patched-solaris-x86 0.3.3 419.60 NOTE
r-release-linux-ix86 0.3.3 1.68 220.71 222.39 NOTE
r-release-linux-x86_64 0.3.3 1.27 195.86 197.13 NOTE
r-release-osx-x86_64-mavericks 0.3.3 NOTE
r-release-osx-x86_64-snowleopard 0.3.3 NOTE
r-release-windows-ix86+x86_64 0.3.3 4.00 298.00 302.00 NOTE
r-oldrel-windows-ix86+x86_64 0.3.3 4.00 363.00 367.00 NOTE

Check Details

Version: 0.3.3
Check: dependencies in R code
Result: NOTE
    Package in Depends field not imported from: ‘methods’
     These packages need to be imported from (in the NAMESPACE file)
     for when this namespace is loaded but not attached.
Flavors: r-devel-linux-x86_64-debian-clang, r-devel-linux-x86_64-debian-gcc, r-devel-linux-x86_64-fedora-clang, r-devel-linux-x86_64-fedora-gcc, r-devel-osx-x86_64-clang, r-devel-windows-ix86+x86_64

Version: 0.3.3
Check: S3 generic/method consistency
Result: NOTE
    Found the following apparent S3 methods exported but not registered:
     print.bma print.pred.density print.topmod summary.bma summary.zlm
     image.bma plot.bma plot.pred.density coef.bma density.bma density.zlm
     deviance.bma deviance.zlm logLik.zlm model.frame.bma predict.bma
     predict.zlm quantile.coef.density quantile.density
     quantile.pred.density variable.names.bma variable.names.zlm vcov.zlm
     c.bma
    See section ‘Registering S3 methods’ in the ‘Writing R Extensions’
    manual.
Flavors: r-devel-linux-x86_64-debian-clang, r-devel-linux-x86_64-debian-gcc, r-devel-linux-x86_64-fedora-clang, r-devel-linux-x86_64-fedora-gcc, r-devel-osx-x86_64-clang

Version: 0.3.3
Check: dependencies in R code
Result: NOTE
    Package in Depends field not imported from: ‘methods’
     These packages need to be imported from (in the NAMESPACE file)
     for when this namespace is loaded but not attached.
    See the information on DESCRIPTION files in the chapter ‘Creating R
    packages’ of the ‘Writing R Extensions’ manual.
Flavors: r-patched-linux-x86_64, r-patched-solaris-x86, r-release-linux-ix86, r-release-linux-x86_64, r-release-osx-x86_64-mavericks, r-release-windows-ix86+x86_64, r-oldrel-windows-ix86+x86_64

Version: 0.3.3
Flags: --no-vignettes
Check: dependencies in R code
Result: NOTE
    Package in Depends field not imported from: ‘methods’
     These packages need to be imported from (in the NAMESPACE file)
     for when this namespace is loaded but not attached.
    See the information on DESCRIPTION files in the chapter ‘Creating R
    packages’ of the ‘Writing R Extensions’ manual.
Flavor: r-patched-solaris-sparc

Version: 0.3.3
Check: re-building of vignette outputs
Result: NOTE
    Error in re-building vignettes:
     ...
    Error in texi2dvi(file = file, pdf = TRUE, clean = clean, quiet = quiet, :
     Running 'texi2dvi' on 'bms.tex' failed.
    LaTeX errors:
    ! LaTeX Error: File `vmargin.sty' not found.
    
    Type X to quit or <RETURN> to proceed,
    or enter new name. (Default extension: sty)
    
    BMS.Rcheck/vign_test/BMS/vignettes/bms.tex:7: ==> Fatal error occurred, no out
    put PDF file produced!
    Calls: buildVignettes -> texi2pdf -> texi2dvi
    Execution halted
Flavor: r-release-osx-x86_64-snowleopard