CRAN Package Check Results for Package BMS

Last updated on 2017-06-28 01:54:40.

Flavor Version Tinstall Tcheck Ttotal Status Flags
r-devel-linux-x86_64-debian-clang 0.3.4 1.32 113.11 114.43 OK
r-devel-linux-x86_64-debian-gcc 0.3.4 1.35 106.33 107.68 OK
r-devel-linux-x86_64-fedora-clang 0.3.4 214.52 OK
r-devel-linux-x86_64-fedora-gcc 0.3.4 205.97 OK
r-devel-windows-ix86+x86_64 0.3.4 7.00 234.00 241.00 OK
r-patched-linux-x86_64 0.3.4 1.27 110.08 111.34 OK
r-patched-solaris-sparc 0.3.4 602.00 OK --no-vignettes
r-patched-solaris-x86 0.3.4 223.80 OK
r-release-linux-x86_64 0.3.4 1.40 107.07 108.46 OK
r-release-windows-ix86+x86_64 0.3.4 5.00 169.00 174.00 OK
r-release-osx-x86_64 0.3.4 NOTE
r-oldrel-windows-ix86+x86_64 0.3.4 3.00 234.00 237.00 OK
r-oldrel-osx-x86_64 0.3.4 OK

Check Details

Version: 0.3.4
Check: re-building of vignette outputs
Result: NOTE
    Error in re-building vignettes:
     ...
    Error in texi2dvi(file = file, pdf = TRUE, clean = clean, quiet = quiet, :
     Running 'texi2dvi' on 'bms.tex' failed.
    LaTeX errors:
    ! LaTeX Error: File `vmargin.sty' not found.
    
    Type X to quit or <RETURN> to proceed,
    or enter new name. (Default extension: sty)
    
    ! Emergency stop.
    <read *>
    
    l.7 \setpapersize
     {A4}^^M
    ! ==> Fatal error occurred, no output PDF file produced!
    Calls: buildVignettes -> texi2pdf -> texi2dvi
    Execution halted
Flavor: r-release-osx-x86_64