CRAN Package Check Results for Package BMS

Last updated on 2017-08-17 07:46:47.

Flavor Version Tinstall Tcheck Ttotal Status Flags
r-devel-linux-x86_64-debian-clang 0.3.4 1.24 107.96 109.20 OK
r-devel-linux-x86_64-debian-gcc 0.3.4 1.36 105.45 106.81 OK
r-devel-linux-x86_64-fedora-clang 0.3.4 219.96 OK
r-devel-linux-x86_64-fedora-gcc 0.3.4 207.06 OK
r-devel-windows-ix86+x86_64 0.3.4 7.00 222.00 229.00 OK
r-patched-linux-x86_64 0.3.4 1.30 105.99 107.29 OK
r-patched-solaris-x86 0.3.4 228.70 OK
r-release-linux-x86_64 0.3.4 1.25 105.04 106.29 OK
r-release-windows-ix86+x86_64 0.3.4 4.00 178.00 182.00 OK
r-release-osx-x86_64 0.3.4 NOTE
r-oldrel-windows-ix86+x86_64 0.3.4 3.00 234.00 237.00 OK
r-oldrel-osx-x86_64 0.3.4 OK

Check Details

Version: 0.3.4
Check: re-building of vignette outputs
Result: NOTE
    Error in re-building vignettes:
     ...
    Error in texi2dvi(file = file, pdf = TRUE, clean = clean, quiet = quiet, :
     Running 'texi2dvi' on 'bms.tex' failed.
    LaTeX errors:
    ! LaTeX Error: File `vmargin.sty' not found.
    
    Type X to quit or <RETURN> to proceed,
    or enter new name. (Default extension: sty)
    
    ! Emergency stop.
    <read *>
    
    l.7 \setpapersize
     {A4}^^M
    ! ==> Fatal error occurred, no output PDF file produced!
    Calls: buildVignettes -> texi2pdf -> texi2dvi
    Execution halted
Flavor: r-release-osx-x86_64