CRAN Package Check Results for Package BMS

Last updated on 2015-04-26 03:47:28.

Flavor Version Tinstall Tcheck Ttotal Status Flags
r-devel-linux-x86_64-debian-clang 0.3.3 1.17 187.33 188.50 NOTE
r-devel-linux-x86_64-debian-gcc 0.3.3 1.52 181.27 182.79 NOTE
r-devel-linux-x86_64-fedora-clang 0.3.3 369.60 NOTE
r-devel-linux-x86_64-fedora-gcc 0.3.3 365.29 NOTE
r-devel-osx-x86_64-clang 0.3.3 280.35 NOTE
r-devel-windows-ix86+x86_64 0.3.3 4.00 291.00 295.00 NOTE
r-patched-linux-x86_64 0.3.3 1.15 178.84 179.99 NOTE
r-patched-solaris-sparc 0.3.3 682.10 NOTE --no-vignettes
r-patched-solaris-x86 0.3.3 386.10 NOTE
r-release-linux-x86_64 0.3.3 1.19 189.62 190.82 NOTE
r-release-osx-x86_64-mavericks 0.3.3 NOTE
r-release-osx-x86_64-snowleopard 0.3.3 NOTE
r-release-windows-ix86+x86_64 0.3.3 3.00 278.00 281.00 NOTE
r-oldrel-windows-ix86+x86_64 0.3.3 7.00 404.00 411.00 NOTE

Check Details

Version: 0.3.3
Check: dependencies in R code
Result: NOTE
    Package in Depends field not imported from: 'methods'
     These packages need to be imported from (in the NAMESPACE file)
     for when this namespace is loaded but not attached.
Flavors: r-devel-windows-ix86+x86_64, r-release-windows-ix86+x86_64, r-oldrel-windows-ix86+x86_64