CRAN Package Check Results for Package BMS

Last updated on 2014-08-29 17:47:28.

Flavor Version Tinstall Tcheck Ttotal Status Flags
r-devel-linux-x86_64-debian-clang 0.3.3 1.18 192.58 193.76 NOTE
r-devel-linux-x86_64-debian-gcc 0.3.3 1.17 186.18 187.34 NOTE
r-devel-linux-x86_64-fedora-clang 0.3.3 399.17 NOTE
r-devel-linux-x86_64-fedora-gcc 0.3.3 389.26 NOTE
r-devel-osx-x86_64-clang 0.3.3 277.33 NOTE
r-devel-windows-ix86+x86_64 0.3.3 3.00 302.00 305.00 NOTE
r-patched-linux-x86_64 0.3.3 1.31 201.35 202.66 NOTE
r-patched-solaris-sparc 0.3.3 651.40 NOTE --no-vignettes
r-patched-solaris-x86 0.3.3 424.30 NOTE
r-release-linux-ix86 0.3.3 1.69 241.39 243.08 NOTE
r-release-linux-x86_64 0.3.3 1.35 196.18 197.53 NOTE
r-release-osx-x86_64-mavericks 0.3.3 NOTE
r-release-osx-x86_64-snowleopard 0.3.3 NOTE
r-release-windows-ix86+x86_64 0.3.3 5.00 305.00 310.00 NOTE
r-oldrel-windows-ix86+x86_64 0.3.3 4.00 363.00 367.00 NOTE

Check Details

Version: 0.3.3
Check: dependencies in R code
Result: NOTE
    Package in Depends field not imported from: ‘methods’
     These packages need to be imported from (in the NAMESPACE file)
     for when this namespace is loaded but not attached.
    See the information on DESCRIPTION files in the chapter ‘Creating R
    packages’ of the ‘Writing R Extensions’ manual.
Flavors: r-devel-linux-x86_64-debian-clang, r-devel-linux-x86_64-debian-gcc, r-devel-linux-x86_64-fedora-clang, r-devel-linux-x86_64-fedora-gcc, r-devel-osx-x86_64-clang, r-devel-windows-ix86+x86_64, r-patched-linux-x86_64, r-patched-solaris-x86, r-release-linux-ix86, r-release-linux-x86_64, r-release-osx-x86_64-mavericks, r-release-windows-ix86+x86_64, r-oldrel-windows-ix86+x86_64

Version: 0.3.3
Flags: --no-vignettes
Check: dependencies in R code
Result: NOTE
    Package in Depends field not imported from: ‘methods’
     These packages need to be imported from (in the NAMESPACE file)
     for when this namespace is loaded but not attached.
    See the information on DESCRIPTION files in the chapter ‘Creating R
    packages’ of the ‘Writing R Extensions’ manual.
Flavor: r-patched-solaris-sparc

Version: 0.3.3
Check: re-building of vignette outputs
Result: NOTE
    Error in re-building vignettes:
     ...
    Error in texi2dvi(file = file, pdf = TRUE, clean = clean, quiet = quiet, :
     Running 'texi2dvi' on 'bms.tex' failed.
    LaTeX errors:
    ! LaTeX Error: File `vmargin.sty' not found.
    
    Type X to quit or <RETURN> to proceed,
    or enter new name. (Default extension: sty)
    
    t/BMS/vignettes/bms.tex:7: ==> Fatal error occurred, no output PDF file produc
    ed!
    Calls: buildVignettes -> texi2pdf -> texi2dvi
    Execution halted
Flavor: r-release-osx-x86_64-mavericks

Version: 0.3.3
Check: re-building of vignette outputs
Result: NOTE
    Error in re-building vignettes:
     ...
    Error in texi2dvi(file = file, pdf = TRUE, clean = clean, quiet = quiet, :
     Running 'texi2dvi' on 'bms.tex' failed.
    LaTeX errors:
    ! LaTeX Error: File `vmargin.sty' not found.
    
    Type X to quit or <RETURN> to proceed,
    or enter new name. (Default extension: sty)
    
    BMS.Rcheck/vign_test/BMS/vignettes/bms.tex:7: ==> Fatal error occurred, no out
    put PDF file produced!
    Calls: buildVignettes -> texi2pdf -> texi2dvi
    Execution halted
Flavor: r-release-osx-x86_64-snowleopard