CRAN Package Check Results for Package BMS

Last updated on 2017-10-17 19:47:45.

Flavor Version Tinstall Tcheck Ttotal Status Flags
r-devel-linux-x86_64-debian-clang 0.3.4 1.31 111.48 112.79 OK
r-devel-linux-x86_64-debian-gcc 0.3.4 1.57 102.77 104.34 OK
r-devel-linux-x86_64-fedora-clang 0.3.4 215.71 OK
r-devel-linux-x86_64-fedora-gcc 0.3.4 216.92 OK
r-devel-windows-ix86+x86_64 0.3.4 7.00 168.00 175.00 OK
r-patched-linux-x86_64 0.3.4 1.28 109.17 110.45 OK
r-patched-solaris-x86 0.3.4 235.20 OK
r-release-linux-x86_64 0.3.4 1.32 108.88 110.21 OK
r-release-windows-ix86+x86_64 0.3.4 4.00 178.00 182.00 OK
r-release-osx-x86_64 0.3.4 NOTE
r-oldrel-windows-ix86+x86_64 0.3.4 3.00 234.00 237.00 OK
r-oldrel-osx-x86_64 0.3.4 OK

Check Details

Version: 0.3.4
Check: re-building of vignette outputs
Result: NOTE
    Error in re-building vignettes:
     ...
    Error in texi2dvi(file = file, pdf = TRUE, clean = clean, quiet = quiet, :
     Running 'texi2dvi' on 'bms.tex' failed.
    LaTeX errors:
    ! LaTeX Error: File `vmargin.sty' not found.
    
    Type X to quit or <RETURN> to proceed,
    or enter new name. (Default extension: sty)
    
    ! Emergency stop.
    <read *>
    
    l.7 \setpapersize
     {A4}^^M
    ! ==> Fatal error occurred, no output PDF file produced!
    Calls: buildVignettes -> texi2pdf -> texi2dvi
    Execution halted
Flavor: r-release-osx-x86_64