CRAN Package Check Results for Package BMTME

Last updated on 2022-01-22 17:49:14 CET.

Flavor Version Tinstall Tcheck Ttotal Status Flags
r-devel-linux-x86_64-debian-clang 1.0.19 36.31 90.41 126.72 OK
r-devel-linux-x86_64-debian-gcc 1.0.19 26.93 67.62 94.55 OK
r-devel-linux-x86_64-fedora-clang 1.0.19 137.02 OK --no-tests
r-devel-linux-x86_64-fedora-gcc 1.0.19 118.36 OK --no-tests
r-devel-windows-x86_64-new-UL 1.0.19 68.00 136.00 204.00 OK
r-devel-windows-x86_64-new-TK 1.0.19 ERROR
r-patched-linux-x86_64 1.0.19 31.02 85.38 116.40 OK
r-release-linux-x86_64 1.0.19 33.18 88.03 121.21 OK
r-release-macos-arm64 1.0.19 OK
r-release-macos-x86_64 1.0.19 OK
r-release-windows-ix86+x86_64 1.0.19 89.00 180.00 269.00 OK
r-oldrel-macos-x86_64 1.0.19 OK
r-oldrel-windows-ix86+x86_64 1.0.19 91.00 185.00 276.00 ERROR

Check Details

Version: 1.0.19
Check: tests
Result: ERROR
     Running 'testthat.R'
    Running the tests in 'tests/testthat.R' failed.
    Complete output:
     > library(testthat)
     > library(BMTME)
     >
     > test_check("BMTME")
     ══ Failed tests ════════════════════════════════════════════════════════════════
     ── Error (test.R:152:5): BME function with Mada data ───────────────────────────
     Error in `Rmpi::mpi.comm.spawn(slave = mpitask, slavearg = args, nslaves = count,
     intercomm = intercomm)`: Internal MPI error!, error stack:
     MPI_Comm_spawn(cmd="C:/r_packages/rinst/bin/x64/Rscript.exe", argv=0x000001F99E9C0228, maxprocs=2, MPI_INFO_NULL, root=0, MPI_COMM_SELF, intercomm=0x000001F99C259348, errors=0x000001F9987CE1D0) failed
     Internal MPI error! FAILspawn not supported without process manager
     Backtrace:
     █
     1. └─BMTME::BME(...) test.R:152:4
     2. └─snow::makeCluster(parallelCores)
     3. └─snow::makeMPIcluster(spec, ...)
     4. └─Rmpi::mpi.comm.spawn(...)
     ── Error (test.R:264:5): BMTME function with Iranian data ──────────────────────
     Error in `Rmpi::mpi.comm.spawn(slave = mpitask, slavearg = args, nslaves = count,
     intercomm = intercomm)`: Internal MPI error!, error stack:
     MPI_Comm_spawn(cmd="C:/r_packages/rinst/bin/x64/Rscript.exe", argv=0x000001F99E9125E8, maxprocs=2, MPI_INFO_NULL, root=0, MPI_COMM_SELF, intercomm=0x000001F99C259348, errors=0x000001F9987CE150) failed
     Internal MPI error! FAILspawn not supported without process manager
     Backtrace:
     █
     1. └─BMTME::BMTME(...) test.R:264:4
     2. └─snow::makeCluster(parallelCores)
     3. └─snow::makeMPIcluster(spec, ...)
     4. └─Rmpi::mpi.comm.spawn(...)
     ── Error (test.R:347:5): BMORS function with Wheat full data ───────────────────
     Error in `Rmpi::mpi.comm.spawn(slave = mpitask, slavearg = args, nslaves = count,
     intercomm = intercomm)`: Internal MPI error!, error stack:
     MPI_Comm_spawn(cmd="C:/r_packages/rinst/bin/x64/Rscript.exe", argv=0x000001F99FAC18E8, maxprocs=2, MPI_INFO_NULL, root=0, MPI_COMM_SELF, intercomm=0x000001F99C259348, errors=0x000001F9987CE130) failed
     Internal MPI error! FAILspawn not supported without process manager
     Backtrace:
     █
     1. └─BMTME::BMORS(...) test.R:347:4
     2. └─snow::makeCluster(parallelCores)
     3. └─snow::makeMPIcluster(spec, ...)
     4. └─Rmpi::mpi.comm.spawn(...)
    
     [ FAIL 3 | WARN 0 | SKIP 0 | PASS 148 ]
     Error: Test failures
     Execution halted
Flavor: r-devel-windows-x86_64-new-TK

Version: 1.0.19
Check: running tests for arch ‘i386’
Result: ERROR
     Running 'testthat.R' [36s]
    Running the tests in 'tests/testthat.R' failed.
    Complete output:
     > library(testthat)
     > library(BMTME)
     >
     > test_check("BMTME")
     == Failed tests ================================================================
     -- Error (test.R:347:5): BMORS function with Wheat full data -------------------
     Error in `{
     CVBMORS(Y, testingSet, ETA, nIter, burnIn, thin, predictor_Sec_complete,
     covModel, digits, actual_CV, progressBar = FALSE, NULL)
     }`: task 2 failed - "cannot open the connection"
     Backtrace:
     x
     1. \-BMTME::BMORS(...) test.R:347:4
     2. \-`%dopar%`(...)
     3. \-e$fun(obj, substitute(ex), parent.frame(), e$data)
    
     [ FAIL 1 | WARN 0 | SKIP 0 | PASS 162 ]
     Error: Test failures
     Execution halted
Flavor: r-oldrel-windows-ix86+x86_64