CRAN Package Check Results for Package BNDataGenerator

Last updated on 2019-09-16 22:49:17 CEST.

Flavor Version Tinstall Tcheck Ttotal Status Flags
r-devel-linux-x86_64-debian-clang 1.0 2.45 18.13 20.58 NOTE
r-devel-linux-x86_64-debian-gcc 1.0 1.83 14.79 16.62 NOTE
r-devel-linux-x86_64-fedora-clang 1.0 25.59 NOTE
r-devel-linux-x86_64-fedora-gcc 1.0 24.41 NOTE
r-devel-windows-ix86+x86_64 1.0 6.00 43.00 49.00 NOTE
r-patched-linux-x86_64 1.0 2.05 18.30 20.35 NOTE
r-patched-solaris-x86 1.0 38.10 NOTE
r-release-linux-x86_64 1.0 2.22 19.09 21.31 NOTE
r-release-windows-ix86+x86_64 1.0 5.00 48.00 53.00 NOTE
r-release-osx-x86_64 1.0 NOTE
r-oldrel-windows-ix86+x86_64 1.0 4.00 31.00 35.00 NOTE
r-oldrel-osx-x86_64 1.0 NOTE

Check Details

Version: 1.0
Check: DESCRIPTION meta-information
Result: NOTE
    Malformed Description field: should contain one or more complete sentences.
Flavors: r-devel-linux-x86_64-debian-clang, r-devel-linux-x86_64-debian-gcc, r-devel-linux-x86_64-fedora-clang, r-devel-linux-x86_64-fedora-gcc, r-devel-windows-ix86+x86_64, r-patched-linux-x86_64, r-patched-solaris-x86, r-release-linux-x86_64, r-release-windows-ix86+x86_64, r-release-osx-x86_64, r-oldrel-windows-ix86+x86_64, r-oldrel-osx-x86_64

Version: 1.0
Check: R code for possible problems
Result: NOTE
    make_topology: no visible global function definition for 'runif'
    Undefined global functions or variables:
     runif
    Consider adding
     importFrom("stats", "runif")
    to your NAMESPACE file.
Flavors: r-devel-linux-x86_64-debian-clang, r-devel-linux-x86_64-debian-gcc, r-devel-linux-x86_64-fedora-clang, r-devel-linux-x86_64-fedora-gcc, r-devel-windows-ix86+x86_64, r-patched-linux-x86_64, r-patched-solaris-x86, r-release-linux-x86_64, r-release-windows-ix86+x86_64, r-release-osx-x86_64, r-oldrel-windows-ix86+x86_64, r-oldrel-osx-x86_64