CRAN Package Check Results for Package BNDataGenerator

Last updated on 2020-01-23 20:49:54 CET.

Flavor Version Tinstall Tcheck Ttotal Status Flags
r-devel-linux-x86_64-debian-clang 1.0 2.27 19.78 22.05 NOTE
r-devel-linux-x86_64-debian-gcc 1.0 1.75 15.80 17.55 NOTE
r-devel-linux-x86_64-fedora-clang 1.0 27.70 NOTE
r-devel-linux-x86_64-fedora-gcc 1.0 26.85 NOTE
r-devel-windows-ix86+x86_64 1.0 7.00 47.00 54.00 NOTE
r-devel-windows-ix86+x86_64-gcc8 1.0 7.00 32.00 39.00 NOTE
r-patched-linux-x86_64 1.0 2.08 18.36 20.44 NOTE
r-patched-solaris-x86 1.0 38.60 NOTE
r-release-linux-x86_64 1.0 1.70 18.37 20.07 NOTE
r-release-windows-ix86+x86_64 1.0 7.00 41.00 48.00 NOTE
r-release-osx-x86_64 1.0 NOTE
r-oldrel-windows-ix86+x86_64 1.0 3.00 36.00 39.00 NOTE
r-oldrel-osx-x86_64 1.0 NOTE

Check Details

Version: 1.0
Check: DESCRIPTION meta-information
Result: NOTE
    Malformed Description field: should contain one or more complete sentences.
Flavors: r-devel-linux-x86_64-debian-clang, r-devel-linux-x86_64-debian-gcc, r-devel-linux-x86_64-fedora-clang, r-devel-linux-x86_64-fedora-gcc, r-devel-windows-ix86+x86_64, r-devel-windows-ix86+x86_64-gcc8, r-patched-linux-x86_64, r-patched-solaris-x86, r-release-linux-x86_64, r-release-windows-ix86+x86_64, r-release-osx-x86_64, r-oldrel-windows-ix86+x86_64, r-oldrel-osx-x86_64

Version: 1.0
Check: R code for possible problems
Result: NOTE
    make_topology: no visible global function definition for 'runif'
    Undefined global functions or variables:
     runif
    Consider adding
     importFrom("stats", "runif")
    to your NAMESPACE file.
Flavors: r-devel-linux-x86_64-debian-clang, r-devel-linux-x86_64-debian-gcc, r-devel-linux-x86_64-fedora-clang, r-devel-linux-x86_64-fedora-gcc, r-devel-windows-ix86+x86_64, r-devel-windows-ix86+x86_64-gcc8, r-patched-linux-x86_64, r-patched-solaris-x86, r-release-linux-x86_64, r-release-windows-ix86+x86_64, r-release-osx-x86_64, r-oldrel-windows-ix86+x86_64, r-oldrel-osx-x86_64