CRAN Package Check Results for Package BNSP

Last updated on 2020-05-28 16:49:33 CEST.

Flavor Version Tinstall Tcheck Ttotal Status Flags
r-devel-linux-x86_64-debian-clang 2.1.4 62.42 102.38 164.80 OK
r-devel-linux-x86_64-debian-gcc 2.1.4 67.25 76.45 143.70 OK
r-devel-linux-x86_64-fedora-clang 2.1.4 217.14 OK
r-devel-linux-x86_64-fedora-gcc 2.1.4 241.62 OK
r-devel-windows-ix86+x86_64 2.1.4 172.00 187.00 359.00 OK
r-patched-linux-x86_64 2.1.4 69.07 99.65 168.72 OK
r-patched-solaris-x86 2.1.4 451.10 OK
r-release-linux-x86_64 2.1.4 70.03 100.31 170.34 OK
r-release-osx-x86_64 2.1.4 NOTE
r-release-windows-ix86+x86_64 2.1.4 119.00 205.00 324.00 OK
r-oldrel-osx-x86_64 2.1.4 OK
r-oldrel-windows-ix86+x86_64 2.1.4 112.00 144.00 256.00 OK

Check Details

Version: 2.1.4
Check: installed package size
Result: NOTE
     installed size is 5.1Mb
     sub-directories of 1Mb or more:
     libs 4.7Mb
Flavor: r-release-osx-x86_64