CRAN Package Check Results for Package BNSP

Last updated on 2020-08-13 21:48:31 CEST.

Flavor Version Tinstall Tcheck Ttotal Status Flags
r-devel-linux-x86_64-debian-clang 2.1.4 62.94 102.55 165.49 OK
r-devel-linux-x86_64-debian-gcc 2.1.4 66.75 76.85 143.60 OK
r-devel-linux-x86_64-fedora-clang 2.1.4 215.94 OK
r-devel-linux-x86_64-fedora-gcc 2.1.4 236.26 OK
r-devel-windows-ix86+x86_64 2.1.4 174.00 195.00 369.00 OK
r-patched-linux-x86_64 2.1.4 69.33 99.13 168.46 OK
r-patched-solaris-x86 2.1.4 462.30 OK
r-release-linux-x86_64 2.1.4 68.99 98.62 167.61 OK
r-release-macos-x86_64 2.1.4 NOTE
r-release-windows-ix86+x86_64 2.1.4 177.00 191.00 368.00 OK
r-oldrel-macos-x86_64 2.1.4 OK
r-oldrel-windows-ix86+x86_64 2.1.4 103.00 148.00 251.00 OK

Check Details

Version: 2.1.4
Check: installed package size
Result: NOTE
     installed size is 5.1Mb
     sub-directories of 1Mb or more:
     libs 4.7Mb
Flavor: r-release-macos-x86_64