CRAN Package Check Results for Package BPmodel

Last updated on 2021-12-01 03:55:23 CET.

Flavor Version Tinstall Tcheck Ttotal Status Flags
r-devel-linux-x86_64-debian-clang 1.1.2 9.31 90.04 99.35 OK
r-devel-linux-x86_64-debian-gcc 1.1.2 9.79 76.84 86.63 OK
r-devel-linux-x86_64-fedora-clang 1.1.2 133.24 NOTE
r-devel-linux-x86_64-fedora-gcc 1.1.2 127.08 NOTE
r-devel-windows-x86_64-new-UL 1.1.2 20.00 122.00 142.00 OK
r-devel-windows-x86_64-new-TK 1.1.2 NOTE
r-devel-windows-x86_64-old 1.1.2 17.00 79.00 96.00 OK
r-patched-linux-x86_64 1.1.2 11.12 83.68 94.80 OK
r-patched-solaris-x86 1.1.2 166.70 NOTE
r-release-linux-x86_64 1.1.2 9.62 84.83 94.45 OK
r-release-macos-arm64 1.1.2 NOTE
r-release-macos-x86_64 1.1.2 NOTE
r-release-windows-ix86+x86_64 1.1.2 26.00 77.00 103.00 OK
r-oldrel-macos-x86_64 1.1.2 NOTE
r-oldrel-windows-ix86+x86_64 1.1.2 20.00 81.00 101.00 OK

Check Details

Version: 1.1.2
Check: dependencies in R code
Result: NOTE
    Namespace in Imports field not imported from: ‘base’
     All declared Imports should be used.
Flavors: r-devel-linux-x86_64-fedora-clang, r-devel-linux-x86_64-fedora-gcc, r-devel-windows-x86_64-new-TK, r-patched-solaris-x86, r-release-macos-arm64, r-release-macos-x86_64, r-oldrel-macos-x86_64