CRAN Package Check Results for Package BRugs

Last updated on 2015-04-28 15:46:38.

Flavor Version Tinstall Tcheck Ttotal Status Flags
r-devel-linux-x86_64-debian-clang 0.8-3 2.12 52.46 54.58 OK
r-devel-linux-x86_64-debian-gcc 0.8-3 2.19 51.81 54.00 OK
r-devel-linux-x86_64-fedora-clang 0.8-3 96.49 OK
r-devel-linux-x86_64-fedora-gcc 0.8-3 95.92 OK
r-devel-windows-ix86+x86_64 0.8-3 6.00 110.00 116.00 WARN
r-patched-linux-x86_64 0.8-3 2.18 52.19 54.38 OK
r-release-linux-x86_64 0.8-3 2.17 51.06 53.24 OK
r-release-windows-ix86+x86_64 0.8-3 5.00 112.00 117.00 WARN
r-oldrel-windows-ix86+x86_64 0.8-3 5.00 66.00 71.00 WARN

Check Details

Version: 0.8-3
Check: foreign function calls
Result: WARN
    Foreign function calls to a different package:
     .C("CharArray", ..., PACKAGE = "libOpenBUGS")
     .C("CmdInterpreter", ..., PACKAGE = "libOpenBUGS")
     .C("Integer", ..., PACKAGE = "libOpenBUGS")
     .C("RealArray", ..., PACKAGE = "libOpenBUGS")
     .C("SetTempDir", ..., PACKAGE = "libOpenBUGS")
     .C("SetWorkingDir", ..., PACKAGE = "libOpenBUGS")
    Undeclared package in foreign function calls:
     'libOpenBUGS'
    See chapter 'System and foreign language interfaces' in the 'Writing R
    Extensions' manual.
Flavors: r-devel-windows-ix86+x86_64, r-release-windows-ix86+x86_64, r-oldrel-windows-ix86+x86_64