CRAN Package Check Results for Package BRugs

Last updated on 2017-07-24 10:46:36.

Flavor Version Tinstall Tcheck Ttotal Status Flags
r-devel-linux-x86_64-debian-clang 0.9-0 2.78 65.16 67.93 OK
r-devel-linux-x86_64-debian-gcc 0.9-0 2.49 64.55 67.04 OK
r-devel-linux-x86_64-fedora-clang 0.9-0 103.93 OK
r-devel-linux-x86_64-fedora-gcc 0.9-0 108.88 OK
r-devel-windows-ix86+x86_64 0.9-0 10.00 159.00 169.00 WARN
r-patched-linux-x86_64 0.9-0 2.73 64.98 67.71 OK
r-release-linux-x86_64 0.9-0 2.60 64.20 66.80 OK
r-release-windows-ix86+x86_64 0.9-0 5.00 169.00 174.00 WARN
r-oldrel-windows-ix86+x86_64 0.9-0 5.00 154.00 159.00 WARN

Check Details

Version: 0.9-0
Check: foreign function calls
Result: WARN
    Foreign function calls to a different package:
     .C("CharArray", ..., PACKAGE = "libOpenBUGS")
     .C("CmdInterpreter", ..., PACKAGE = "libOpenBUGS")
     .C("Integer", ..., PACKAGE = "libOpenBUGS")
     .C("RealArray", ..., PACKAGE = "libOpenBUGS")
     .C("SetTempDir", ..., PACKAGE = "libOpenBUGS")
     .C("SetWorkingDir", ..., PACKAGE = "libOpenBUGS")
    Undeclared package in foreign function calls:
     'libOpenBUGS'
    See chapter 'System and foreign language interfaces' in the 'Writing R
    Extensions' manual.
Flavors: r-devel-windows-ix86+x86_64, r-release-windows-ix86+x86_64, r-oldrel-windows-ix86+x86_64