CRAN Package Check Results for Package BRugs

Last updated on 2016-05-31 06:47:17.

Flavor Version Tinstall Tcheck Ttotal Status Flags
r-devel-linux-x86_64-debian-gcc 0.8-6 2.35 54.94 57.30 OK
r-devel-linux-x86_64-fedora-clang 0.8-6 93.15 OK
r-devel-linux-x86_64-fedora-gcc 0.8-6 97.51 OK
r-devel-windows-ix86+x86_64 0.8-6 2.00 4.00 6.00 ERROR
r-patched-linux-x86_64 0.8-6 2.46 54.34 56.80 OK
r-release-linux-x86_64 0.8-6 2.42 53.76 56.18 OK
r-release-windows-ix86+x86_64 0.8-6 3.00 4.00 7.00 ERROR
r-oldrel-windows-ix86+x86_64 0.8-6 6.00 173.00 179.00 WARN

Check Details

Version: 0.8-6
Check: whether package can be installed
Result: ERROR
    Installation failed.
Flavors: r-devel-windows-ix86+x86_64, r-release-windows-ix86+x86_64

Version: 0.8-6
Check: foreign function calls
Result: WARN
    Foreign function calls to a different package:
     .C("CharArray", ..., PACKAGE = "libOpenBUGS")
     .C("CmdInterpreter", ..., PACKAGE = "libOpenBUGS")
     .C("Integer", ..., PACKAGE = "libOpenBUGS")
     .C("RealArray", ..., PACKAGE = "libOpenBUGS")
     .C("SetTempDir", ..., PACKAGE = "libOpenBUGS")
     .C("SetWorkingDir", ..., PACKAGE = "libOpenBUGS")
    Undeclared package in foreign function calls:
     'libOpenBUGS'
    See chapter 'System and foreign language interfaces' in the 'Writing R
    Extensions' manual.
Flavor: r-oldrel-windows-ix86+x86_64