CRAN Package Check Results for Package BRugs

Last updated on 2017-09-21 17:47:57.

Flavor Version Tinstall Tcheck Ttotal Status Flags
r-devel-linux-x86_64-debian-clang 0.9-0 6.56 56.47 63.03 OK
r-devel-linux-x86_64-debian-gcc 0.9-0 6.00 56.06 62.06 OK
r-devel-linux-x86_64-fedora-clang 0.9-0 103.06 OK
r-devel-linux-x86_64-fedora-gcc 0.9-0 101.06 OK
r-devel-windows-ix86+x86_64 0.9-0 5.00 133.00 138.00 WARN
r-patched-linux-x86_64 0.9-0 2.54 55.70 58.25 OK
r-release-linux-x86_64 0.9-0 2.64 56.15 58.80 OK
r-release-windows-ix86+x86_64 0.9-0 4.00 134.00 138.00 WARN
r-oldrel-windows-ix86+x86_64 0.9-0 4.00 131.00 135.00 WARN

Check Details

Version: 0.9-0
Check: foreign function calls
Result: WARN
    Foreign function calls to a different package:
     .C("CharArray", ..., PACKAGE = "libOpenBUGS")
     .C("CmdInterpreter", ..., PACKAGE = "libOpenBUGS")
     .C("Integer", ..., PACKAGE = "libOpenBUGS")
     .C("RealArray", ..., PACKAGE = "libOpenBUGS")
     .C("SetTempDir", ..., PACKAGE = "libOpenBUGS")
     .C("SetWorkingDir", ..., PACKAGE = "libOpenBUGS")
    Undeclared package in foreign function calls:
     'libOpenBUGS'
    See chapter 'System and foreign language interfaces' in the 'Writing R
    Extensions' manual.
Flavors: r-devel-windows-ix86+x86_64, r-release-windows-ix86+x86_64, r-oldrel-windows-ix86+x86_64