CRAN Package Check Results for Package BRugs

Last updated on 2016-08-27 05:48:35.

Flavor Version Tinstall Tcheck Ttotal Status Flags
r-devel-linux-x86_64-debian-clang 0.8-6 2.42 54.98 57.40 OK
r-devel-linux-x86_64-debian-gcc 0.8-6 3.39 68.91 72.30 OK
r-devel-linux-x86_64-fedora-clang 0.8-6 94.20 OK
r-devel-linux-x86_64-fedora-gcc 0.8-6 92.36 OK
r-devel-windows-ix86+x86_64 0.8-6 2.00 4.00 6.00 ERROR
r-patched-linux-x86_64 0.8-6 2.78 54.22 57.00 OK
r-release-linux-x86_64 0.8-6 2.74 56.64 59.38 OK
r-release-windows-ix86+x86_64 0.8-6 2.00 4.00 6.00 ERROR
r-oldrel-windows-ix86+x86_64 0.8-6 5.00 157.00 162.00 WARN

Check Details

Version: 0.8-6
Check: whether package can be installed
Result: ERROR
    Installation failed.
Flavors: r-devel-windows-ix86+x86_64, r-release-windows-ix86+x86_64

Version: 0.8-6
Check: foreign function calls
Result: WARN
    Foreign function calls to a different package:
     .C("CharArray", ..., PACKAGE = "libOpenBUGS")
     .C("CmdInterpreter", ..., PACKAGE = "libOpenBUGS")
     .C("Integer", ..., PACKAGE = "libOpenBUGS")
     .C("RealArray", ..., PACKAGE = "libOpenBUGS")
     .C("SetTempDir", ..., PACKAGE = "libOpenBUGS")
     .C("SetWorkingDir", ..., PACKAGE = "libOpenBUGS")
    Undeclared package in foreign function calls:
     'libOpenBUGS'
    See chapter 'System and foreign language interfaces' in the 'Writing R
    Extensions' manual.
Flavor: r-oldrel-windows-ix86+x86_64