CRAN Package Check Results for Package BRugs

Last updated on 2017-05-27 22:46:06.

Flavor Version Tinstall Tcheck Ttotal Status Flags
r-devel-linux-x86_64-debian-clang 0.8-6 2.69 58.13 60.82 OK
r-devel-linux-x86_64-debian-gcc 0.8-6 2.72 56.63 59.35 OK
r-devel-linux-x86_64-fedora-clang 0.8-6 102.27 OK
r-devel-linux-x86_64-fedora-gcc 0.8-6 99.06 OK
r-devel-windows-ix86+x86_64 0.8-6 2.00 5.00 7.00 ERROR
r-patched-linux-x86_64 0.8-6 2.72 59.75 62.47 OK
r-release-linux-x86_64 0.8-6 2.74 57.28 60.02 OK
r-release-windows-ix86+x86_64 0.8-6 2.00 4.00 6.00 ERROR
r-oldrel-windows-ix86+x86_64 0.8-6 3.00 5.00 8.00 ERROR

Check Details

Version: 0.8-6
Check: whether package can be installed
Result: ERROR
    Installation failed.
Flavors: r-devel-windows-ix86+x86_64, r-release-windows-ix86+x86_64, r-oldrel-windows-ix86+x86_64