CRAN Package Check Results for Package BRugs

Last updated on 2014-10-25 11:48:32.

Flavor Version Tinstall Tcheck Ttotal Status Flags
r-devel-linux-x86_64-debian-clang 0.8-3 2.42 52.80 55.21 OK
r-devel-linux-x86_64-debian-gcc 0.8-3 2.26 53.14 55.40 OK
r-devel-linux-x86_64-fedora-clang 0.8-3 100.42 OK
r-devel-linux-x86_64-fedora-gcc 0.8-3 94.75 OK
r-devel-windows-ix86+x86_64 0.8-3 5.00 107.00 112.00 WARN
r-patched-linux-x86_64 0.8-3 2.34 54.37 56.71 OK
r-release-linux-ix86 0.8-3 3.50 81.01 84.51 OK
r-release-linux-x86_64 0.8-3 2.37 53.42 55.80 OK
r-release-windows-ix86+x86_64 0.8-3 4.00 107.00 111.00 WARN
r-oldrel-windows-ix86+x86_64 0.8-3 4.00 51.00 55.00 WARN

Check Details

Version: 0.8-3
Check: foreign function calls
Result: WARN
    Foreign function calls to a different package:
     .C("CharArray", ..., PACKAGE = "libOpenBUGS")
     .C("CmdInterpreter", ..., PACKAGE = "libOpenBUGS")
     .C("Integer", ..., PACKAGE = "libOpenBUGS")
     .C("RealArray", ..., PACKAGE = "libOpenBUGS")
     .C("SetTempDir", ..., PACKAGE = "libOpenBUGS")
     .C("SetWorkingDir", ..., PACKAGE = "libOpenBUGS")
    Undeclared package in foreign function calls:
     'libOpenBUGS'
    See the chapter 'System and foreign language interfaces' of the
    'Writing R Extensions' manual.
Flavors: r-devel-windows-ix86+x86_64, r-release-windows-ix86+x86_64, r-oldrel-windows-ix86+x86_64