CRAN Package Check Results for Package BRugs

Last updated on 2016-04-30 06:47:21.

Flavor Version Tinstall Tcheck Ttotal Status Flags
r-devel-linux-x86_64-debian-gcc 0.8-6 2.28 54.13 56.41 OK
r-devel-linux-x86_64-fedora-clang 0.8-6 93.33 OK
r-devel-linux-x86_64-fedora-gcc 0.8-6 91.44 OK
r-devel-windows-ix86+x86_64 0.8-6 2.00 4.00 6.00 ERROR
r-patched-linux-x86_64 0.8-6 2.37 55.53 57.90 OK
r-release-linux-x86_64 0.8-6 2.39 55.53 57.92 OK
r-release-windows-ix86+x86_64 0.8-6 5.00 127.00 132.00 WARN
r-oldrel-windows-ix86+x86_64 0.8-6 8.00 116.00 124.00 WARN

Check Details

Version: 0.8-6
Check: whether package can be installed
Result: ERROR
    Installation failed.
Flavor: r-devel-windows-ix86+x86_64

Version: 0.8-6
Check: foreign function calls
Result: WARN
    Foreign function calls to a different package:
     .C("CharArray", ..., PACKAGE = "libOpenBUGS")
     .C("CmdInterpreter", ..., PACKAGE = "libOpenBUGS")
     .C("Integer", ..., PACKAGE = "libOpenBUGS")
     .C("RealArray", ..., PACKAGE = "libOpenBUGS")
     .C("SetTempDir", ..., PACKAGE = "libOpenBUGS")
     .C("SetWorkingDir", ..., PACKAGE = "libOpenBUGS")
    Undeclared package in foreign function calls:
     'libOpenBUGS'
    See chapter 'System and foreign language interfaces' in the 'Writing R
    Extensions' manual.
Flavors: r-release-windows-ix86+x86_64, r-oldrel-windows-ix86+x86_64