CRAN Package Check Results for Package BRugs

Last updated on 2015-05-29 11:48:45.

Flavor Version Tinstall Tcheck Ttotal Status Flags
r-devel-linux-x86_64-debian-clang 0.8-3 2.20 51.32 53.52 OK
r-devel-linux-x86_64-debian-gcc 0.8-3 2.39 52.31 54.70 OK
r-devel-linux-x86_64-fedora-clang 0.8-3 96.31 OK
r-devel-linux-x86_64-fedora-gcc 0.8-3 93.27 OK
r-devel-windows-ix86+x86_64 0.8-3 5.00 109.00 114.00 WARN
r-patched-linux-x86_64 0.8-3 2.19 51.87 54.06 OK
r-release-linux-x86_64 0.8-3 2.09 52.03 54.12 OK
r-release-windows-ix86+x86_64 0.8-3 6.00 117.00 123.00 WARN
r-oldrel-windows-ix86+x86_64 0.8-3 5.00 84.00 89.00 WARN

Check Details

Version: 0.8-3
Check: foreign function calls
Result: WARN
    Foreign function calls to a different package:
     .C("CharArray", ..., PACKAGE = "libOpenBUGS")
     .C("CmdInterpreter", ..., PACKAGE = "libOpenBUGS")
     .C("Integer", ..., PACKAGE = "libOpenBUGS")
     .C("RealArray", ..., PACKAGE = "libOpenBUGS")
     .C("SetTempDir", ..., PACKAGE = "libOpenBUGS")
     .C("SetWorkingDir", ..., PACKAGE = "libOpenBUGS")
    Undeclared package in foreign function calls:
     'libOpenBUGS'
    See chapter 'System and foreign language interfaces' in the 'Writing R
    Extensions' manual.
Flavors: r-devel-windows-ix86+x86_64, r-release-windows-ix86+x86_64, r-oldrel-windows-ix86+x86_64