CRAN Package Check Results for Package BRugs

Last updated on 2015-09-03 12:49:33.

Flavor Version Tinstall Tcheck Ttotal Status Flags
r-devel-linux-x86_64-debian-clang 0.8-5 2.17 51.67 53.84 OK
r-devel-linux-x86_64-debian-gcc 0.8-5 2.25 50.77 53.02 OK
r-devel-linux-x86_64-fedora-clang 0.8-5 95.84 OK
r-devel-linux-x86_64-fedora-gcc 0.8-5 92.40 OK
r-devel-windows-ix86+x86_64 0.8-5 10.00 121.00 131.00 WARN
r-patched-linux-x86_64 0.8-5 2.26 51.98 54.25 OK
r-release-linux-x86_64 0.8-5 2.34 51.43 53.77 OK
r-release-windows-ix86+x86_64 0.8-5 6.00 117.00 123.00 WARN
r-oldrel-windows-ix86+x86_64 0.8-5 8.00 124.00 132.00 WARN

Check Details

Version: 0.8-5
Check: foreign function calls
Result: WARN
    Foreign function calls to a different package:
     .C("CharArray", ..., PACKAGE = "libOpenBUGS")
     .C("CmdInterpreter", ..., PACKAGE = "libOpenBUGS")
     .C("Integer", ..., PACKAGE = "libOpenBUGS")
     .C("RealArray", ..., PACKAGE = "libOpenBUGS")
     .C("SetTempDir", ..., PACKAGE = "libOpenBUGS")
     .C("SetWorkingDir", ..., PACKAGE = "libOpenBUGS")
    Undeclared package in foreign function calls:
     'libOpenBUGS'
    See chapter 'System and foreign language interfaces' in the 'Writing R
    Extensions' manual.
Flavors: r-devel-windows-ix86+x86_64, r-release-windows-ix86+x86_64, r-oldrel-windows-ix86+x86_64