CRAN Package Check Results for Package BRugs

Last updated on 2016-09-24 23:48:01.

Flavor Version Tinstall Tcheck Ttotal Status Flags
r-devel-linux-x86_64-debian-clang 0.8-6 2.35 54.52 56.88 OK
r-devel-linux-x86_64-debian-gcc 0.8-6 2.61 54.78 57.39 OK
r-devel-linux-x86_64-fedora-clang 0.8-6 93.37 OK
r-devel-linux-x86_64-fedora-gcc 0.8-6 91.60 OK
r-devel-windows-ix86+x86_64 0.8-6 2.00 4.00 6.00 ERROR
r-patched-linux-x86_64 0.8-6 2.76 53.41 56.18 OK
r-release-linux-x86_64 0.8-6 2.53 54.96 57.49 OK
r-release-windows-ix86+x86_64 0.8-6 1.00 5.00 6.00 ERROR
r-oldrel-windows-ix86+x86_64 0.8-6 9.00 168.00 177.00 WARN

Check Details

Version: 0.8-6
Check: whether package can be installed
Result: ERROR
    Installation failed.
Flavors: r-devel-windows-ix86+x86_64, r-release-windows-ix86+x86_64

Version: 0.8-6
Check: foreign function calls
Result: WARN
    Foreign function calls to a different package:
     .C("CharArray", ..., PACKAGE = "libOpenBUGS")
     .C("CmdInterpreter", ..., PACKAGE = "libOpenBUGS")
     .C("Integer", ..., PACKAGE = "libOpenBUGS")
     .C("RealArray", ..., PACKAGE = "libOpenBUGS")
     .C("SetTempDir", ..., PACKAGE = "libOpenBUGS")
     .C("SetWorkingDir", ..., PACKAGE = "libOpenBUGS")
    Undeclared package in foreign function calls:
     'libOpenBUGS'
    See chapter 'System and foreign language interfaces' in the 'Writing R
    Extensions' manual.
Flavor: r-oldrel-windows-ix86+x86_64