CRAN Package Check Results for Package BRugs

Last updated on 2015-08-01 08:51:37.

Flavor Version Tinstall Tcheck Ttotal Status Flags
r-devel-linux-x86_64-debian-clang 0.8-5 2.27 52.72 54.98 OK
r-devel-linux-x86_64-debian-gcc 0.8-5 2.24 51.85 54.08 OK
r-devel-linux-x86_64-fedora-clang 0.8-5 61.27 OK
r-devel-linux-x86_64-fedora-gcc 0.8-5 91.48 OK
r-devel-windows-ix86+x86_64 0.8-5 9.00 160.00 169.00 WARN
r-patched-linux-x86_64 0.8-5 2.26 51.12 53.38 OK
r-release-linux-x86_64 0.8-5 2.32 51.51 53.84 OK
r-release-windows-ix86+x86_64 0.8-5 7.00 122.00 129.00 WARN
r-oldrel-windows-ix86+x86_64 0.8-5 8.00 121.00 129.00 WARN

Check Details

Version: 0.8-5
Check: foreign function calls
Result: WARN
    Foreign function calls to a different package:
     .C("CharArray", ..., PACKAGE = "libOpenBUGS")
     .C("CmdInterpreter", ..., PACKAGE = "libOpenBUGS")
     .C("Integer", ..., PACKAGE = "libOpenBUGS")
     .C("RealArray", ..., PACKAGE = "libOpenBUGS")
     .C("SetTempDir", ..., PACKAGE = "libOpenBUGS")
     .C("SetWorkingDir", ..., PACKAGE = "libOpenBUGS")
    Undeclared package in foreign function calls:
     'libOpenBUGS'
    See chapter 'System and foreign language interfaces' in the 'Writing R
    Extensions' manual.
Flavors: r-devel-windows-ix86+x86_64, r-release-windows-ix86+x86_64, r-oldrel-windows-ix86+x86_64