CRAN Package Check Results for Package BRugs

Last updated on 2017-11-23 00:46:59 CET.

Flavor Version Tinstall Tcheck Ttotal Status Flags
r-devel-linux-x86_64-debian-clang 0.9-0 2.63 82.52 85.15 OK
r-devel-linux-x86_64-debian-gcc 0.9-0 6.34 151.45 157.79 OK
r-devel-linux-x86_64-fedora-clang 0.9-0 98.30 OK
r-devel-linux-x86_64-fedora-gcc 0.9-0 99.20 OK
r-devel-windows-ix86+x86_64 0.9-0 5.00 129.00 134.00 WARN
r-patched-linux-x86_64 0.9-0 2.47 56.53 59.00 OK
r-release-linux-x86_64 0.9-0 2.86 57.35 60.22 OK
r-release-windows-ix86+x86_64 0.9-0 6.00 219.00 225.00 WARN
r-oldrel-windows-ix86+x86_64 0.9-0 5.00 197.00 202.00 WARN

Check Details

Version: 0.9-0
Check: foreign function calls
Result: WARN
    Foreign function calls to a different package:
     .C("CharArray", ..., PACKAGE = "libOpenBUGS")
     .C("CmdInterpreter", ..., PACKAGE = "libOpenBUGS")
     .C("Integer", ..., PACKAGE = "libOpenBUGS")
     .C("RealArray", ..., PACKAGE = "libOpenBUGS")
     .C("SetTempDir", ..., PACKAGE = "libOpenBUGS")
     .C("SetWorkingDir", ..., PACKAGE = "libOpenBUGS")
    Undeclared package in foreign function calls:
     'libOpenBUGS'
    See chapter 'System and foreign language interfaces' in the 'Writing R
    Extensions' manual.
Flavors: r-devel-windows-ix86+x86_64, r-release-windows-ix86+x86_64, r-oldrel-windows-ix86+x86_64