CRAN Package Check Results for Package BRugs

Last updated on 2017-02-21 23:50:32.

Flavor Version Tinstall Tcheck Ttotal Status Flags
r-devel-linux-x86_64-debian-clang 0.8-6 2.45 56.98 59.44 OK
r-devel-linux-x86_64-debian-gcc 0.8-6 2.73 57.58 60.31 OK
r-devel-linux-x86_64-fedora-clang 0.8-6 100.21 OK --no-stop-on-test-error
r-devel-linux-x86_64-fedora-gcc 0.8-6 114.93 OK --no-stop-on-test-error
r-devel-windows-ix86+x86_64 0.8-6 5.00 7.00 12.00 ERROR
r-patched-linux-x86_64 0.8-6 2.36 54.03 56.40 OK
r-release-linux-x86_64 0.8-6 2.57 53.63 56.20 OK
r-release-windows-ix86+x86_64 0.8-6 6.00 6.00 12.00 ERROR
r-oldrel-windows-ix86+x86_64 0.8-6 13.00 161.00 174.00 WARN

Check Details

Version: 0.8-6
Check: whether package can be installed
Result: ERROR
    Installation failed.
Flavors: r-devel-windows-ix86+x86_64, r-release-windows-ix86+x86_64

Version: 0.8-6
Check: foreign function calls
Result: WARN
    Foreign function calls to a different package:
     .C("CharArray", ..., PACKAGE = "libOpenBUGS")
     .C("CmdInterpreter", ..., PACKAGE = "libOpenBUGS")
     .C("Integer", ..., PACKAGE = "libOpenBUGS")
     .C("RealArray", ..., PACKAGE = "libOpenBUGS")
     .C("SetTempDir", ..., PACKAGE = "libOpenBUGS")
     .C("SetWorkingDir", ..., PACKAGE = "libOpenBUGS")
    Undeclared package in foreign function calls:
     'libOpenBUGS'
    See chapter 'System and foreign language interfaces' in the 'Writing R
    Extensions' manual.
Flavor: r-oldrel-windows-ix86+x86_64