CRAN Package Check Results for Package BRugs

Last updated on 2017-01-18 08:47:36.

Flavor Version Tinstall Tcheck Ttotal Status Flags
r-devel-linux-x86_64-debian-clang 0.8-6 2.74 57.50 60.24 OK
r-devel-linux-x86_64-debian-gcc 0.8-6 2.65 57.14 59.79 OK
r-devel-linux-x86_64-fedora-clang 0.8-6 100.05 OK --no-stop-on-test-error
r-devel-linux-x86_64-fedora-gcc 0.8-6 111.20 OK --no-stop-on-test-error
r-devel-windows-ix86+x86_64 0.8-6 3.00 4.00 7.00 ERROR
r-patched-linux-x86_64 0.8-6 2.29 71.12 73.41 OK
r-release-linux-x86_64 0.8-6 2.59 54.81 57.40 OK
r-release-windows-ix86+x86_64 0.8-6 1.00 5.00 6.00 ERROR
r-oldrel-windows-ix86+x86_64 0.8-6 5.00 170.00 175.00 WARN

Check Details

Version: 0.8-6
Check: whether package can be installed
Result: ERROR
    Installation failed.
Flavors: r-devel-windows-ix86+x86_64, r-release-windows-ix86+x86_64

Version: 0.8-6
Check: foreign function calls
Result: WARN
    Foreign function calls to a different package:
     .C("CharArray", ..., PACKAGE = "libOpenBUGS")
     .C("CmdInterpreter", ..., PACKAGE = "libOpenBUGS")
     .C("Integer", ..., PACKAGE = "libOpenBUGS")
     .C("RealArray", ..., PACKAGE = "libOpenBUGS")
     .C("SetTempDir", ..., PACKAGE = "libOpenBUGS")
     .C("SetWorkingDir", ..., PACKAGE = "libOpenBUGS")
    Undeclared package in foreign function calls:
     'libOpenBUGS'
    See chapter 'System and foreign language interfaces' in the 'Writing R
    Extensions' manual.
Flavor: r-oldrel-windows-ix86+x86_64