CRAN Package Check Results for Package BRugs

Last updated on 2014-08-29 11:54:46.

Flavor Version Tinstall Tcheck Ttotal Status Flags
r-devel-linux-x86_64-debian-clang 0.8-3 2.07 52.37 54.44 OK
r-devel-linux-x86_64-debian-gcc 0.8-3 2.18 52.29 54.46 OK
r-devel-linux-x86_64-fedora-clang 0.8-3 98.44 OK
r-devel-linux-x86_64-fedora-gcc 0.8-3 96.62 OK
r-devel-windows-ix86+x86_64 0.8-3 5.00 102.00 107.00 WARN
r-patched-linux-x86_64 0.8-3 2.24 53.40 55.64 OK
r-release-linux-ix86 0.8-3 3.53 81.16 84.68 OK
r-release-linux-x86_64 0.8-3 2.51 53.82 56.32 OK
r-release-windows-ix86+x86_64 0.8-3 4.00 111.00 115.00 WARN
r-oldrel-windows-ix86+x86_64 0.8-3 5.00 54.00 59.00 WARN

Check Details

Version: 0.8-3
Check: foreign function calls
Result: WARN
    Foreign function calls to a different package:
     .C("CharArray", ..., PACKAGE = "libOpenBUGS")
     .C("CmdInterpreter", ..., PACKAGE = "libOpenBUGS")
     .C("Integer", ..., PACKAGE = "libOpenBUGS")
     .C("RealArray", ..., PACKAGE = "libOpenBUGS")
     .C("SetTempDir", ..., PACKAGE = "libOpenBUGS")
     .C("SetWorkingDir", ..., PACKAGE = "libOpenBUGS")
    Undeclared package in foreign function calls:
     'libOpenBUGS'
    See the chapter 'System and foreign language interfaces' of the
    'Writing R Extensions' manual.
Flavors: r-devel-windows-ix86+x86_64, r-release-windows-ix86+x86_64, r-oldrel-windows-ix86+x86_64