CRAN Package Check Results for Package BRugs

Last updated on 2015-01-28 03:49:07.

Flavor Version Tinstall Tcheck Ttotal Status Flags
r-devel-linux-x86_64-debian-clang 0.8-3 2.21 53.60 55.80 OK
r-devel-linux-x86_64-debian-gcc 0.8-3 2.50 51.73 54.22 OK
r-devel-linux-x86_64-fedora-clang 0.8-3 103.64 OK
r-devel-linux-x86_64-fedora-gcc 0.8-3 109.00 OK
r-devel-windows-ix86+x86_64 0.8-3 7.00 114.00 121.00 WARN
r-patched-linux-x86_64 0.8-3 2.30 53.33 55.63 OK
r-release-linux-ix86 0.8-3 3.50 77.22 80.72 OK
r-release-linux-x86_64 0.8-3 2.38 54.23 56.61 OK
r-release-windows-ix86+x86_64 0.8-3 6.00 113.00 119.00 WARN
r-oldrel-windows-ix86+x86_64 0.8-3 6.00 86.00 92.00 WARN

Check Details

Version: 0.8-3
Check: foreign function calls
Result: WARN
    Foreign function calls to a different package:
     .C("CharArray", ..., PACKAGE = "libOpenBUGS")
     .C("CmdInterpreter", ..., PACKAGE = "libOpenBUGS")
     .C("Integer", ..., PACKAGE = "libOpenBUGS")
     .C("RealArray", ..., PACKAGE = "libOpenBUGS")
     .C("SetTempDir", ..., PACKAGE = "libOpenBUGS")
     .C("SetWorkingDir", ..., PACKAGE = "libOpenBUGS")
    Undeclared package in foreign function calls:
     'libOpenBUGS'
    See chapter 'System and foreign language interfaces' in the 'Writing R
    Extensions' manual.
Flavor: r-devel-windows-ix86+x86_64

Version: 0.8-3
Check: foreign function calls
Result: WARN
    Foreign function calls to a different package:
     .C("CharArray", ..., PACKAGE = "libOpenBUGS")
     .C("CmdInterpreter", ..., PACKAGE = "libOpenBUGS")
     .C("Integer", ..., PACKAGE = "libOpenBUGS")
     .C("RealArray", ..., PACKAGE = "libOpenBUGS")
     .C("SetTempDir", ..., PACKAGE = "libOpenBUGS")
     .C("SetWorkingDir", ..., PACKAGE = "libOpenBUGS")
    Undeclared package in foreign function calls:
     'libOpenBUGS'
    See the chapter 'System and foreign language interfaces' of the
    'Writing R Extensions' manual.
Flavors: r-release-windows-ix86+x86_64, r-oldrel-windows-ix86+x86_64