CRAN Package Check Results for Package BRugs

Last updated on 2016-07-30 04:48:56.

Flavor Version Tinstall Tcheck Ttotal Status Flags
r-devel-linux-x86_64-debian-clang 0.8-6 2.46 53.40 55.86 OK
r-devel-linux-x86_64-debian-gcc 0.8-6 2.39 104.49 106.88 OK
r-devel-linux-x86_64-fedora-clang 0.8-6 102.01 OK
r-devel-linux-x86_64-fedora-gcc 0.8-6 91.31 OK
r-devel-windows-ix86+x86_64 0.8-6 2.00 4.00 6.00 ERROR
r-patched-linux-x86_64 0.8-6 3.06 65.90 68.96 OK
r-release-linux-x86_64 0.8-6 3.03 65.93 68.96 OK
r-release-windows-ix86+x86_64 0.8-6 4.00 5.00 9.00 ERROR
r-oldrel-windows-ix86+x86_64 0.8-6 11.00 163.00 174.00 WARN

Check Details

Version: 0.8-6
Check: whether package can be installed
Result: ERROR
    Installation failed.
Flavors: r-devel-windows-ix86+x86_64, r-release-windows-ix86+x86_64

Version: 0.8-6
Check: foreign function calls
Result: WARN
    Foreign function calls to a different package:
     .C("CharArray", ..., PACKAGE = "libOpenBUGS")
     .C("CmdInterpreter", ..., PACKAGE = "libOpenBUGS")
     .C("Integer", ..., PACKAGE = "libOpenBUGS")
     .C("RealArray", ..., PACKAGE = "libOpenBUGS")
     .C("SetTempDir", ..., PACKAGE = "libOpenBUGS")
     .C("SetWorkingDir", ..., PACKAGE = "libOpenBUGS")
    Undeclared package in foreign function calls:
     'libOpenBUGS'
    See chapter 'System and foreign language interfaces' in the 'Writing R
    Extensions' manual.
Flavor: r-oldrel-windows-ix86+x86_64