CRAN Package Check Results for Package BRugs

Last updated on 2014-12-21 09:51:23.

Flavor Version Tinstall Tcheck Ttotal Status Flags
r-devel-linux-x86_64-debian-clang 0.8-3 2.17 53.58 55.76 OK
r-devel-linux-x86_64-debian-gcc 0.8-3 2.14 52.28 54.42 OK
r-devel-linux-x86_64-fedora-clang 0.8-3 103.38 OK
r-devel-linux-x86_64-fedora-gcc 0.8-3 100.41 OK
r-devel-windows-ix86+x86_64 0.8-3 6.00 111.00 117.00 WARN
r-patched-linux-x86_64 0.8-3 2.28 53.34 55.62 OK
r-release-linux-ix86 0.8-3 3.53 76.89 80.42 OK
r-release-linux-x86_64 0.8-3 2.20 53.33 55.52 OK
r-release-windows-ix86+x86_64 0.8-3 6.00 117.00 123.00 WARN
r-oldrel-windows-ix86+x86_64 0.8-3 6.00 61.00 67.00 WARN

Check Details

Version: 0.8-3
Check: foreign function calls
Result: WARN
    Foreign function calls to a different package:
     .C("CharArray", ..., PACKAGE = "libOpenBUGS")
     .C("CmdInterpreter", ..., PACKAGE = "libOpenBUGS")
     .C("Integer", ..., PACKAGE = "libOpenBUGS")
     .C("RealArray", ..., PACKAGE = "libOpenBUGS")
     .C("SetTempDir", ..., PACKAGE = "libOpenBUGS")
     .C("SetWorkingDir", ..., PACKAGE = "libOpenBUGS")
    Undeclared package in foreign function calls:
     'libOpenBUGS'
    See the chapter 'System and foreign language interfaces' of the
    'Writing R Extensions' manual.
Flavors: r-devel-windows-ix86+x86_64, r-release-windows-ix86+x86_64, r-oldrel-windows-ix86+x86_64