CRAN Package Check Results for Package BRugs

Last updated on 2017-03-29 11:49:17.

Flavor Version Tinstall Tcheck Ttotal Status Flags
r-devel-linux-x86_64-debian-clang 0.8-6 2.67 57.34 60.00 OK
r-devel-linux-x86_64-debian-gcc 0.8-6 2.58 56.79 59.37 OK
r-devel-linux-x86_64-fedora-clang 0.8-6 100.59 OK --no-stop-on-test-error
r-devel-linux-x86_64-fedora-gcc 0.8-6 110.59 OK --no-stop-on-test-error
r-devel-windows-ix86+x86_64 0.8-6 2.00 5.00 7.00 ERROR
r-patched-linux-x86_64 0.8-6 2.75 57.38 60.13 OK
r-release-linux-x86_64 0.8-6 2.47 53.01 55.48 OK
r-release-windows-ix86+x86_64 0.8-6 3.00 7.00 10.00 ERROR
r-oldrel-windows-ix86+x86_64 0.8-6 6.00 129.00 135.00 WARN

Check Details

Version: 0.8-6
Check: whether package can be installed
Result: ERROR
    Installation failed.
Flavors: r-devel-windows-ix86+x86_64, r-release-windows-ix86+x86_64

Version: 0.8-6
Check: foreign function calls
Result: WARN
    Foreign function calls to a different package:
     .C("CharArray", ..., PACKAGE = "libOpenBUGS")
     .C("CmdInterpreter", ..., PACKAGE = "libOpenBUGS")
     .C("Integer", ..., PACKAGE = "libOpenBUGS")
     .C("RealArray", ..., PACKAGE = "libOpenBUGS")
     .C("SetTempDir", ..., PACKAGE = "libOpenBUGS")
     .C("SetWorkingDir", ..., PACKAGE = "libOpenBUGS")
    Undeclared package in foreign function calls:
     'libOpenBUGS'
    See chapter 'System and foreign language interfaces' in the 'Writing R
    Extensions' manual.
Flavor: r-oldrel-windows-ix86+x86_64