CRAN Package Check Results for Package BRugs

Last updated on 2015-03-04 11:47:29.

Flavor Version Tinstall Tcheck Ttotal Status Flags
r-devel-linux-x86_64-debian-clang 0.8-3 2.13 52.07 54.20 OK
r-devel-linux-x86_64-debian-gcc 0.8-3 2.12 52.21 54.33 OK
r-devel-linux-x86_64-fedora-clang 0.8-3 96.78 OK
r-devel-linux-x86_64-fedora-gcc 0.8-3 95.01 OK
r-devel-windows-ix86+x86_64 0.8-3 6.00 116.00 122.00 WARN
r-patched-linux-x86_64 0.8-3 2.35 54.60 56.95 OK
r-release-linux-ix86 0.8-3 3.52 85.18 88.70 OK
r-release-linux-x86_64 0.8-3 2.21 54.04 56.25 OK
r-release-windows-ix86+x86_64 0.8-3 6.00 119.00 125.00 WARN
r-oldrel-windows-ix86+x86_64 0.8-3 5.00 55.00 60.00 WARN

Check Details

Version: 0.8-3
Check: foreign function calls
Result: WARN
    Foreign function calls to a different package:
     .C("CharArray", ..., PACKAGE = "libOpenBUGS")
     .C("CmdInterpreter", ..., PACKAGE = "libOpenBUGS")
     .C("Integer", ..., PACKAGE = "libOpenBUGS")
     .C("RealArray", ..., PACKAGE = "libOpenBUGS")
     .C("SetTempDir", ..., PACKAGE = "libOpenBUGS")
     .C("SetWorkingDir", ..., PACKAGE = "libOpenBUGS")
    Undeclared package in foreign function calls:
     'libOpenBUGS'
    See chapter 'System and foreign language interfaces' in the 'Writing R
    Extensions' manual.
Flavor: r-devel-windows-ix86+x86_64

Version: 0.8-3
Check: foreign function calls
Result: WARN
    Foreign function calls to a different package:
     .C("CharArray", ..., PACKAGE = "libOpenBUGS")
     .C("CmdInterpreter", ..., PACKAGE = "libOpenBUGS")
     .C("Integer", ..., PACKAGE = "libOpenBUGS")
     .C("RealArray", ..., PACKAGE = "libOpenBUGS")
     .C("SetTempDir", ..., PACKAGE = "libOpenBUGS")
     .C("SetWorkingDir", ..., PACKAGE = "libOpenBUGS")
    Undeclared package in foreign function calls:
     'libOpenBUGS'
    See the chapter 'System and foreign language interfaces' of the
    'Writing R Extensions' manual.
Flavors: r-release-windows-ix86+x86_64, r-oldrel-windows-ix86+x86_64