CRAN Package Check Results for Package BRugs

Last updated on 2016-06-29 23:51:18.

Flavor Version Tinstall Tcheck Ttotal Status Flags
r-devel-linux-x86_64-debian-gcc 0.8-6 2.73 114.04 116.77 OK
r-devel-linux-x86_64-fedora-clang 0.8-6 93.15 OK
r-devel-linux-x86_64-fedora-gcc 0.8-6 90.60 OK
r-devel-windows-ix86+x86_64 0.8-6 2.00 5.00 7.00 ERROR
r-patched-linux-x86_64 0.8-6 2.80 58.35 61.15 OK
r-release-linux-x86_64 0.8-6 2.37 53.98 56.35 OK
r-release-windows-ix86+x86_64 0.8-6 4.00 5.00 9.00 ERROR
r-oldrel-windows-ix86+x86_64 0.8-6 9.00 124.00 133.00 WARN

Check Details

Version: 0.8-6
Check: whether package can be installed
Result: ERROR
    Installation failed.
Flavors: r-devel-windows-ix86+x86_64, r-release-windows-ix86+x86_64

Version: 0.8-6
Check: foreign function calls
Result: WARN
    Foreign function calls to a different package:
     .C("CharArray", ..., PACKAGE = "libOpenBUGS")
     .C("CmdInterpreter", ..., PACKAGE = "libOpenBUGS")
     .C("Integer", ..., PACKAGE = "libOpenBUGS")
     .C("RealArray", ..., PACKAGE = "libOpenBUGS")
     .C("SetTempDir", ..., PACKAGE = "libOpenBUGS")
     .C("SetWorkingDir", ..., PACKAGE = "libOpenBUGS")
    Undeclared package in foreign function calls:
     'libOpenBUGS'
    See chapter 'System and foreign language interfaces' in the 'Writing R
    Extensions' manual.
Flavor: r-oldrel-windows-ix86+x86_64