CRAN Package Check Results for Package BRugs

Last updated on 2014-11-29 03:51:49.

Flavor Version Tinstall Tcheck Ttotal Status Flags
r-devel-linux-x86_64-debian-clang 0.8-3 2.16 53.23 55.39 OK
r-devel-linux-x86_64-debian-gcc 0.8-3 2.24 52.48 54.72 OK
r-devel-linux-x86_64-fedora-clang 0.8-3 107.38 OK
r-devel-linux-x86_64-fedora-gcc 0.8-3 102.10 OK
r-devel-windows-ix86+x86_64 0.8-3 5.00 106.00 111.00 WARN
r-patched-linux-x86_64 0.8-3 2.22 53.81 56.03 OK
r-release-linux-ix86 0.8-3 3.46 77.64 81.10 OK
r-release-linux-x86_64 0.8-3 2.46 55.00 57.46 OK
r-release-windows-ix86+x86_64 0.8-3 5.00 103.00 108.00 WARN
r-oldrel-windows-ix86+x86_64 0.8-3 5.00 54.00 59.00 WARN

Check Details

Version: 0.8-3
Check: foreign function calls
Result: WARN
    Foreign function calls to a different package:
     .C("CharArray", ..., PACKAGE = "libOpenBUGS")
     .C("CmdInterpreter", ..., PACKAGE = "libOpenBUGS")
     .C("Integer", ..., PACKAGE = "libOpenBUGS")
     .C("RealArray", ..., PACKAGE = "libOpenBUGS")
     .C("SetTempDir", ..., PACKAGE = "libOpenBUGS")
     .C("SetWorkingDir", ..., PACKAGE = "libOpenBUGS")
    Undeclared package in foreign function calls:
     'libOpenBUGS'
    See the chapter 'System and foreign language interfaces' of the
    'Writing R Extensions' manual.
Flavors: r-devel-windows-ix86+x86_64, r-release-windows-ix86+x86_64, r-oldrel-windows-ix86+x86_64