CRAN Package Check Results for Package BRugs

Last updated on 2014-09-30 23:47:37.

Flavor Version Tinstall Tcheck Ttotal Status Flags
r-devel-linux-x86_64-debian-clang 0.8-3 2.40 54.79 57.20 OK
r-devel-linux-x86_64-debian-gcc 0.8-3 2.19 53.39 55.58 OK
r-devel-linux-x86_64-fedora-clang 0.8-3 102.82 OK
r-devel-linux-x86_64-fedora-gcc 0.8-3 110.79 OK
r-devel-windows-ix86+x86_64 0.8-3 5.00 112.00 117.00 WARN
r-patched-linux-x86_64 0.8-3 2.39 54.64 57.03 OK
r-release-linux-ix86 0.8-3 3.68 80.90 84.58 OK
r-release-linux-x86_64 0.8-3 2.42 53.94 56.35 OK
r-release-windows-ix86+x86_64 0.8-3 4.00 103.00 107.00 WARN
r-oldrel-windows-ix86+x86_64 0.8-3 4.00 53.00 57.00 WARN

Check Details

Version: 0.8-3
Check: foreign function calls
Result: WARN
    Foreign function calls to a different package:
     .C("CharArray", ..., PACKAGE = "libOpenBUGS")
     .C("CmdInterpreter", ..., PACKAGE = "libOpenBUGS")
     .C("Integer", ..., PACKAGE = "libOpenBUGS")
     .C("RealArray", ..., PACKAGE = "libOpenBUGS")
     .C("SetTempDir", ..., PACKAGE = "libOpenBUGS")
     .C("SetWorkingDir", ..., PACKAGE = "libOpenBUGS")
    Undeclared package in foreign function calls:
     'libOpenBUGS'
    See the chapter 'System and foreign language interfaces' of the
    'Writing R Extensions' manual.
Flavors: r-devel-windows-ix86+x86_64, r-release-windows-ix86+x86_64, r-oldrel-windows-ix86+x86_64