CRAN Package Check Results for Package BRugs

Last updated on 2016-02-07 10:47:42.

Flavor Version Tinstall Tcheck Ttotal Status Flags
r-devel-linux-x86_64-debian-gcc 0.8-6 2.83 56.78 59.61 OK
r-devel-linux-x86_64-fedora-clang 0.8-6 93.65 OK
r-devel-linux-x86_64-fedora-gcc 0.8-6 91.14 OK
r-devel-windows-ix86+x86_64 0.8-6 7.00 122.00 129.00 WARN
r-patched-linux-x86_64 0.8-6 2.37 54.52 56.89 OK
r-release-linux-x86_64 0.8-6 2.44 53.54 55.98 OK
r-release-windows-ix86+x86_64 0.8-6 6.00 244.00 250.00 WARN
r-oldrel-windows-ix86+x86_64 0.8-6 9.00 129.00 138.00 WARN

Check Details

Version: 0.8-6
Check: foreign function calls
Result: WARN
    Foreign function calls to a different package:
     .C("CharArray", ..., PACKAGE = "libOpenBUGS")
     .C("CmdInterpreter", ..., PACKAGE = "libOpenBUGS")
     .C("Integer", ..., PACKAGE = "libOpenBUGS")
     .C("RealArray", ..., PACKAGE = "libOpenBUGS")
     .C("SetTempDir", ..., PACKAGE = "libOpenBUGS")
     .C("SetWorkingDir", ..., PACKAGE = "libOpenBUGS")
    Undeclared package in foreign function calls:
     'libOpenBUGS'
    See chapter 'System and foreign language interfaces' in the 'Writing R
    Extensions' manual.
Flavors: r-devel-windows-ix86+x86_64, r-release-windows-ix86+x86_64, r-oldrel-windows-ix86+x86_64