CRAN Package Check Results for Package BRugs

Last updated on 2014-07-22 11:51:15.

Flavor Version Tinstall Tcheck Ttotal Status Flags
r-devel-linux-x86_64-debian-clang 0.8-3 2.25 52.88 55.13 OK
r-devel-linux-x86_64-debian-gcc 0.8-3 2.33 54.43 56.76 OK
r-devel-linux-x86_64-fedora-clang 0.8-3 99.79 OK
r-devel-linux-x86_64-fedora-gcc 0.8-3 97.07 OK
r-devel-windows-ix86+x86_64 0.8-3 5.00 105.00 110.00 WARN
r-patched-linux-x86_64 0.8-3 2.16 53.05 55.22 OK
r-release-linux-ix86 0.8-3 3.72 81.31 85.02 OK
r-release-linux-x86_64 0.8-3 2.16 53.70 55.86 OK
r-release-windows-ix86+x86_64 0.8-3 4.00 105.00 109.00 WARN
r-oldrel-windows-ix86+x86_64 0.8-3 5.00 52.00 57.00 WARN

Check Details

Version: 0.8-3
Check: foreign function calls
Result: WARNING
    Foreign function calls to a different package:
     .C("CharArray", ..., PACKAGE = "libOpenBUGS")
     .C("CmdInterpreter", ..., PACKAGE = "libOpenBUGS")
     .C("Integer", ..., PACKAGE = "libOpenBUGS")
     .C("RealArray", ..., PACKAGE = "libOpenBUGS")
     .C("SetTempDir", ..., PACKAGE = "libOpenBUGS")
     .C("SetWorkingDir", ..., PACKAGE = "libOpenBUGS")
    Undeclared package in foreign function calls:
     'libOpenBUGS'
    See the chapter 'System and foreign language interfaces' of the
    'Writing R Extensions' manual.
Flavors: r-devel-windows-ix86+x86_64, r-release-windows-ix86+x86_64, r-oldrel-windows-ix86+x86_64