CRAN Package Check Results for Package BRugs

Last updated on 2014-04-20 22:46:55.

Flavor Version Tinstall Tcheck Ttotal Status Flags
r-devel-linux-x86_64-debian-clang 0.8-3 2.21 55.08 57.29 OK
r-devel-linux-x86_64-debian-gcc 0.8-3 2.35 56.22 58.57 OK
r-devel-linux-x86_64-fedora-clang 0.8-3 101.18 OK
r-devel-linux-x86_64-fedora-gcc 0.8-3 97.54 OK
r-devel-windows-ix86+x86_64 0.8-3 5.00 103.00 108.00 WARN
r-patched-linux-x86_64 0.8-3 2.31 56.72 59.02 OK
r-release-linux-ix86 OK
r-release-linux-x86_64 0.8-3 2.26 56.74 59.00 OK
r-release-windows-ix86+x86_64 0.8-3 6.00 109.00 115.00 WARN
r-oldrel-windows-ix86+x86_64 0.8-3 4.00 58.00 62.00 WARN

Check Details

Version: 0.8-3
Check: foreign function calls
Result: WARNING
    Foreign function calls to a different package:
     .C("CharArray", ..., PACKAGE = "libOpenBUGS")
     .C("CmdInterpreter", ..., PACKAGE = "libOpenBUGS")
     .C("Integer", ..., PACKAGE = "libOpenBUGS")
     .C("RealArray", ..., PACKAGE = "libOpenBUGS")
     .C("SetTempDir", ..., PACKAGE = "libOpenBUGS")
     .C("SetWorkingDir", ..., PACKAGE = "libOpenBUGS")
    Undeclared package in foreign function calls:
     'libOpenBUGS'
    See the chapter 'System and foreign language interfaces' of the
    'Writing R Extensions' manual.
Flavors: r-devel-windows-ix86+x86_64, r-release-windows-ix86+x86_64, r-oldrel-windows-ix86+x86_64