CRAN Package Check Results for Package BSDA

Last updated on 2014-09-20 03:48:36.

Flavor Version Tinstall Tcheck Ttotal Status Flags
r-devel-linux-x86_64-debian-clang 1.01 6.42 34.94 41.36 NOTE
r-devel-linux-x86_64-debian-gcc 1.01 6.26 34.93 41.20 NOTE
r-devel-linux-x86_64-fedora-clang 1.01 77.51 NOTE
r-devel-linux-x86_64-fedora-gcc 1.01 83.12 NOTE
r-devel-osx-x86_64-clang 1.01 76.31 NOTE
r-devel-windows-ix86+x86_64 1.01 21.00 61.00 82.00 NOTE
r-patched-linux-x86_64 1.01 7.02 37.50 44.52 NOTE
r-patched-solaris-sparc 1.01 489.80 NOTE
r-patched-solaris-x86 1.01 108.70 NOTE
r-release-linux-ix86 1.01 8.43 45.96 54.39 NOTE
r-release-linux-x86_64 1.01 7.14 36.92 44.07 NOTE
r-release-osx-x86_64-mavericks 1.01 NOTE
r-release-windows-ix86+x86_64 1.01 22.00 63.00 85.00 NOTE
r-oldrel-windows-ix86+x86_64 1.01 24.00 60.00 84.00 NOTE

Check Details

Version: 1.01
Check: dependencies in R code
Result: NOTE
    'library' or 'require' call to ‘e1071’ which was already attached by Depends.
     Please remove these calls from your code.
    Packages in Depends field not imported from:
     ‘e1071’ ‘lattice’
     These packages need to be imported from (in the NAMESPACE file)
     for when this namespace is loaded but not attached.
    See the information on DESCRIPTION files in the chapter ‘Creating R
    packages’ of the ‘Writing R Extensions’ manual.
Flavors: r-devel-linux-x86_64-debian-clang, r-devel-linux-x86_64-debian-gcc, r-devel-linux-x86_64-fedora-clang, r-devel-linux-x86_64-fedora-gcc, r-devel-osx-x86_64-clang, r-devel-windows-ix86+x86_64, r-patched-linux-x86_64, r-patched-solaris-sparc, r-patched-solaris-x86, r-release-linux-ix86, r-release-linux-x86_64, r-release-osx-x86_64-mavericks, r-release-windows-ix86+x86_64, r-oldrel-windows-ix86+x86_64

Version: 1.01
Check: R code for possible problems
Result: NOTE
    EDA: no visible global function definition for ‘kurtosis’
    EDA: no visible global function definition for ‘skewness’
Flavors: r-devel-linux-x86_64-debian-clang, r-devel-linux-x86_64-debian-gcc, r-devel-linux-x86_64-fedora-clang, r-devel-linux-x86_64-fedora-gcc, r-devel-osx-x86_64-clang, r-devel-windows-ix86+x86_64

Version: 1.01
Check: Rd line widths
Result: NOTE
    Rd file 'Housing.Rd':
     \examples lines wider than 100 characters:
     stripchart(x=list(X1984,X1993),method="stack",pch=1,cex=1.2,col=c("orange","pink"),group.names=c("1984","1993"))
    
    These lines will be truncated in the PDF manual.
Flavors: r-devel-linux-x86_64-debian-clang, r-devel-linux-x86_64-debian-gcc, r-devel-linux-x86_64-fedora-clang, r-devel-linux-x86_64-fedora-gcc, r-patched-linux-x86_64, r-release-linux-x86_64