CRAN Package Check Results for Package BSDA

Last updated on 2014-10-31 21:47:49.

Flavor Version Tinstall Tcheck Ttotal Status Flags
r-devel-linux-x86_64-debian-clang 1.01 6.85 35.36 42.22 NOTE
r-devel-linux-x86_64-debian-gcc 1.01 6.96 36.02 42.98 NOTE
r-devel-linux-x86_64-fedora-clang 1.01 83.18 NOTE
r-devel-linux-x86_64-fedora-gcc 1.01 75.11 NOTE
r-devel-osx-x86_64-clang 1.01 78.10 NOTE
r-devel-windows-ix86+x86_64 1.01 21.00 61.00 82.00 NOTE
r-patched-linux-x86_64 1.01 6.68 35.58 42.26 NOTE
r-patched-solaris-sparc 1.01 493.40 NOTE
r-patched-solaris-x86 1.01 111.90 NOTE
r-release-linux-ix86 1.01 8.44 45.86 54.30 NOTE
r-release-linux-x86_64 1.01 6.65 38.67 45.32 NOTE
r-release-osx-x86_64-mavericks 1.01 NOTE
r-release-windows-ix86+x86_64 1.01 21.00 63.00 84.00 NOTE
r-oldrel-windows-ix86+x86_64 1.01 22.00 66.00 88.00 NOTE

Check Details

Version: 1.01
Check: dependencies in R code
Result: NOTE
    'library' or 'require' call to ‘e1071’ which was already attached by Depends.
     Please remove these calls from your code.
    Packages in Depends field not imported from:
     ‘e1071’ ‘lattice’
     These packages need to be imported from (in the NAMESPACE file)
     for when this namespace is loaded but not attached.
    See the information on DESCRIPTION files in the chapter ‘Creating R
    packages’ of the ‘Writing R Extensions’ manual.
Flavors: r-devel-linux-x86_64-debian-clang, r-devel-linux-x86_64-debian-gcc, r-devel-linux-x86_64-fedora-clang, r-devel-linux-x86_64-fedora-gcc, r-devel-osx-x86_64-clang, r-devel-windows-ix86+x86_64, r-patched-linux-x86_64, r-patched-solaris-sparc, r-patched-solaris-x86, r-release-linux-ix86, r-release-linux-x86_64, r-release-osx-x86_64-mavericks, r-release-windows-ix86+x86_64, r-oldrel-windows-ix86+x86_64

Version: 1.01
Check: R code for possible problems
Result: NOTE
    EDA: no visible global function definition for ‘kurtosis’
    EDA: no visible global function definition for ‘skewness’
Flavors: r-devel-linux-x86_64-debian-clang, r-devel-linux-x86_64-debian-gcc, r-devel-linux-x86_64-fedora-clang, r-devel-linux-x86_64-fedora-gcc, r-devel-osx-x86_64-clang, r-devel-windows-ix86+x86_64, r-patched-linux-x86_64, r-patched-solaris-sparc, r-patched-solaris-x86

Version: 1.01
Check: Rd line widths
Result: NOTE
    Rd file 'Housing.Rd':
     \examples lines wider than 100 characters:
     stripchart(x=list(X1984,X1993),method="stack",pch=1,cex=1.2,col=c("orange","pink"),group.names=c("1984","1993"))
    
    These lines will be truncated in the PDF manual.
Flavors: r-devel-linux-x86_64-debian-clang, r-devel-linux-x86_64-debian-gcc, r-devel-linux-x86_64-fedora-clang, r-devel-linux-x86_64-fedora-gcc, r-patched-linux-x86_64, r-release-linux-x86_64