CRAN Package Check Results for Package BSDA

Last updated on 2015-07-05 22:47:19.

Flavor Version Tinstall Tcheck Ttotal Status Flags
r-devel-linux-x86_64-debian-clang 1.01 4.43 31.83 36.26 NOTE
r-devel-linux-x86_64-debian-gcc 1.01 4.52 32.77 37.29 NOTE
r-devel-linux-x86_64-fedora-clang 1.01 70.44 NOTE
r-devel-linux-x86_64-fedora-gcc 1.01 68.86 NOTE
r-devel-osx-x86_64-clang 1.01 68.40 NOTE
r-devel-windows-ix86+x86_64 1.01 35.00 117.00 152.00 NOTE
r-patched-linux-x86_64 1.01 4.43 31.71 36.14 NOTE
r-patched-solaris-sparc 1.01 460.50 NOTE
r-patched-solaris-x86 1.01 94.30 NOTE
r-release-linux-x86_64 1.01 4.44 33.14 37.58 NOTE
r-release-osx-x86_64-mavericks 1.01 NOTE
r-release-windows-ix86+x86_64 1.01 27.00 112.00 139.00 NOTE
r-oldrel-windows-ix86+x86_64 1.01 38.00 68.00 106.00 NOTE

Check Details

Version: 1.01
Check: DESCRIPTION meta-information
Result: NOTE
    Malformed Description field: should contain one or more complete sentences.
Flavors: r-devel-linux-x86_64-debian-clang, r-devel-linux-x86_64-debian-gcc, r-devel-linux-x86_64-fedora-clang, r-devel-linux-x86_64-fedora-gcc, r-devel-osx-x86_64-clang, r-devel-windows-ix86+x86_64, r-patched-linux-x86_64, r-patched-solaris-sparc, r-patched-solaris-x86, r-release-linux-x86_64, r-release-osx-x86_64-mavericks, r-release-windows-ix86+x86_64

Version: 1.01
Check: dependencies in R code
Result: NOTE
    'library' or 'require' call to ‘e1071’ which was already attached by Depends.
     Please remove these calls from your code.
    Packages in Depends field not imported from:
     ‘e1071’ ‘lattice’
     These packages need to be imported from (in the NAMESPACE file)
     for when this namespace is loaded but not attached.
Flavors: r-devel-linux-x86_64-debian-clang, r-devel-linux-x86_64-debian-gcc, r-devel-linux-x86_64-fedora-clang, r-devel-linux-x86_64-fedora-gcc, r-devel-osx-x86_64-clang, r-devel-windows-ix86+x86_64, r-patched-linux-x86_64, r-patched-solaris-sparc, r-patched-solaris-x86, r-release-linux-x86_64, r-release-osx-x86_64-mavericks, r-release-windows-ix86+x86_64, r-oldrel-windows-ix86+x86_64

Version: 1.01
Check: R code for possible problems
Result: NOTE
    CIsim: no visible global function definition for ‘rnorm’
    CIsim: no visible global function definition for ‘qnorm’
    CIsim: no visible global function definition for ‘plot’
    CIsim: no visible global function definition for ‘title’
    CIsim: no visible global function definition for ‘segments’
    CIsim: no visible global function definition for ‘abline’
    CIsim: no visible binding for global variable ‘var’
    CIsim: no visible global function definition for ‘qchisq’
    CIsim: no visible global function definition for ‘rbinom’
    EDA: no visible global function definition for ‘sd’
    EDA: no visible global function definition for ‘median’
    EDA: no visible global function definition for ‘var’
    EDA: no visible global function definition for ‘par’
    EDA: no visible global function definition for ‘hist’
    EDA: no visible global function definition for ‘box’
    EDA: no visible global function definition for ‘plot’
    EDA: no visible global function definition for ‘density’
    EDA: no visible global function definition for ‘lines’
    EDA: no visible global function definition for ‘polygon’
    EDA: no visible global function definition for ‘points’
    EDA: no visible global function definition for ‘qqnorm’
    EDA: no visible global function definition for ‘qqline’
    EDA: no visible global function definition for ‘mtext’
    EDA: no visible global function definition for ‘shapiro.test’
    EDA: no visible global function definition for ‘kurtosis’
    EDA: no visible global function definition for ‘skewness’
    SIGN.test: no visible global function definition for ‘median’
    SIGN.test: no visible global function definition for ‘dbinom’
    normarea: no visible global function definition for ‘par’
    normarea: no visible global function definition for ‘pnorm’
    normarea: no visible global function definition for ‘dnorm’
    normarea: no visible global function definition for ‘plot’
    normarea: no visible global function definition for ‘mtext’
    normarea: no visible global function definition for ‘axis’
    normarea: no visible global function definition for ‘polygon’
    normarea: no visible global function definition for ‘lines’
    nsize: no visible global function definition for ‘qnorm’
    ntester: no visible global function definition for ‘par’
    ntester: no visible global function definition for ‘rnorm’
    ntester: no visible global function definition for ‘shapiro.test’
    ntester: no visible global function definition for ‘qqnorm’
    ntester: no visible global function definition for ‘box’
    ntester: no visible global function definition for ‘qqline’
    ntester: no visible global function definition for ‘mtext’
    tsum.test: no visible global function definition for ‘qt’
    tsum.test: no visible global function definition for ‘pt’
    z.test: no visible global function definition for ‘pnorm’
    z.test: no visible global function definition for ‘qnorm’
    zsum.test: no visible global function definition for ‘pnorm’
    zsum.test: no visible global function definition for ‘qnorm’
    Undefined global functions or variables:
     abline axis box dbinom density dnorm hist kurtosis lines median mtext
     par plot pnorm points polygon pt qchisq qnorm qqline qqnorm qt rbinom
     rnorm sd segments shapiro.test skewness title var
Flavors: r-devel-linux-x86_64-debian-clang, r-devel-linux-x86_64-debian-gcc, r-devel-linux-x86_64-fedora-clang, r-devel-linux-x86_64-fedora-gcc, r-devel-windows-ix86+x86_64

Version: 1.01
Check: Rd line widths
Result: NOTE
    Rd file 'Housing.Rd':
     \examples lines wider than 100 characters:
     stripchart(x=list(X1984,X1993),method="stack",pch=1,cex=1.2,col=c("orange","pink"),group.names=c("1984","1993"))
    
    These lines will be truncated in the PDF manual.
Flavors: r-devel-linux-x86_64-debian-clang, r-devel-linux-x86_64-debian-gcc, r-devel-linux-x86_64-fedora-clang, r-devel-linux-x86_64-fedora-gcc, r-patched-linux-x86_64, r-release-linux-x86_64

Version: 1.01
Check: R code for possible problems
Result: NOTE
    EDA: no visible global function definition for ‘kurtosis’
    EDA: no visible global function definition for ‘skewness’
    Undefined global functions or variables:
     kurtosis skewness
Flavor: r-devel-osx-x86_64-clang

Version: 1.01
Check: R code for possible problems
Result: NOTE
    EDA: no visible global function definition for ‘kurtosis’
    EDA: no visible global function definition for ‘skewness’
Flavors: r-patched-linux-x86_64, r-patched-solaris-sparc, r-patched-solaris-x86, r-release-linux-x86_64, r-release-osx-x86_64-mavericks, r-release-windows-ix86+x86_64, r-oldrel-windows-ix86+x86_64