CRAN Package Check Results for Package BSDA

Last updated on 2015-05-26 04:46:52.

Flavor Version Tinstall Tcheck Ttotal Status Flags
r-devel-linux-x86_64-debian-clang 1.01 4.49 33.89 38.38 NOTE
r-devel-linux-x86_64-debian-gcc 1.01 5.23 32.69 37.92 NOTE
r-devel-linux-x86_64-fedora-clang 1.01 72.97 NOTE
r-devel-linux-x86_64-fedora-gcc 1.01 71.48 NOTE
r-devel-osx-x86_64-clang 1.01 74.58 NOTE
r-devel-windows-ix86+x86_64 1.01 24.00 65.00 89.00 NOTE
r-patched-linux-x86_64 1.01 4.42 32.03 36.45 NOTE
r-patched-solaris-sparc 1.01 460.50 NOTE
r-patched-solaris-x86 1.01 95.30 NOTE
r-release-linux-x86_64 1.01 4.89 32.32 37.21 NOTE
r-release-osx-x86_64-mavericks 1.01 NOTE
r-release-osx-x86_64-snowleopard 1.01 NOTE
r-release-windows-ix86+x86_64 1.01 20.00 68.00 88.00 NOTE
r-oldrel-windows-ix86+x86_64 1.01 25.00 112.00 137.00 NOTE

Check Details

Version: 1.01
Check: DESCRIPTION meta-information
Result: NOTE
    Malformed Description field: should contain one or more complete sentences.
Flavors: r-devel-linux-x86_64-debian-clang, r-devel-linux-x86_64-debian-gcc, r-devel-linux-x86_64-fedora-clang, r-devel-linux-x86_64-fedora-gcc, r-devel-osx-x86_64-clang, r-devel-windows-ix86+x86_64, r-patched-linux-x86_64, r-patched-solaris-sparc, r-patched-solaris-x86, r-release-linux-x86_64, r-release-osx-x86_64-mavericks, r-release-osx-x86_64-snowleopard, r-release-windows-ix86+x86_64

Version: 1.01
Check: dependencies in R code
Result: NOTE
    'library' or 'require' call to ‘e1071’ which was already attached by Depends.
     Please remove these calls from your code.
    Packages in Depends field not imported from:
     ‘e1071’ ‘lattice’
     These packages need to be imported from (in the NAMESPACE file)
     for when this namespace is loaded but not attached.
Flavors: r-devel-linux-x86_64-debian-clang, r-devel-linux-x86_64-debian-gcc, r-devel-linux-x86_64-fedora-clang, r-devel-linux-x86_64-fedora-gcc, r-devel-osx-x86_64-clang, r-devel-windows-ix86+x86_64, r-patched-linux-x86_64, r-patched-solaris-sparc, r-patched-solaris-x86, r-release-linux-x86_64, r-release-osx-x86_64-mavericks, r-release-osx-x86_64-snowleopard, r-release-windows-ix86+x86_64, r-oldrel-windows-ix86+x86_64

Version: 1.01
Check: R code for possible problems
Result: NOTE
    EDA: no visible global function definition for ‘kurtosis’
    EDA: no visible global function definition for ‘skewness’
Flavors: r-devel-linux-x86_64-debian-clang, r-devel-linux-x86_64-debian-gcc, r-devel-linux-x86_64-fedora-clang, r-devel-linux-x86_64-fedora-gcc, r-devel-osx-x86_64-clang, r-devel-windows-ix86+x86_64, r-patched-linux-x86_64, r-patched-solaris-sparc, r-patched-solaris-x86, r-release-linux-x86_64, r-release-osx-x86_64-mavericks, r-release-osx-x86_64-snowleopard, r-release-windows-ix86+x86_64, r-oldrel-windows-ix86+x86_64

Version: 1.01
Check: Rd line widths
Result: NOTE
    Rd file 'Housing.Rd':
     \examples lines wider than 100 characters:
     stripchart(x=list(X1984,X1993),method="stack",pch=1,cex=1.2,col=c("orange","pink"),group.names=c("1984","1993"))
    
    These lines will be truncated in the PDF manual.
Flavors: r-devel-linux-x86_64-debian-clang, r-devel-linux-x86_64-debian-gcc, r-devel-linux-x86_64-fedora-clang, r-devel-linux-x86_64-fedora-gcc, r-patched-linux-x86_64, r-release-linux-x86_64