CRAN Package Check Results for Package BSDA

Last updated on 2014-04-24 03:47:41.

Flavor Version Tinstall Tcheck Ttotal Status Flags
r-devel-linux-x86_64-debian-clang 1.01 6.97 37.34 44.31 NOTE
r-devel-linux-x86_64-debian-gcc 1.01 6.90 36.89 43.79 NOTE
r-devel-linux-x86_64-fedora-clang 1.01 82.27 NOTE
r-devel-linux-x86_64-fedora-gcc 1.01 78.77 NOTE
r-devel-osx-x86_64-clang 1.01 74.30 NOTE
r-devel-osx-x86_64-gcc 1.01 NOTE
r-devel-windows-ix86+x86_64 1.01 18.00 62.00 80.00 NOTE
r-patched-linux-x86_64 1.01 6.95 37.08 44.03 NOTE
r-patched-solaris-sparc 1.01 492.60 NOTE
r-patched-solaris-x86 1.01 109.60 NOTE
r-release-linux-ix86 1.01 12.00 62.00 74.00 NOTE
r-release-linux-x86_64 1.01 7.00 37.71 44.72 NOTE
r-release-osx-x86_64-mavericks 1.01 WARN
r-release-windows-ix86+x86_64 1.01 19.00 60.00 79.00 NOTE
r-oldrel-windows-ix86+x86_64 1.01 23.00 61.00 84.00 NOTE

Check Details

Version: 1.01
Check: dependencies in R code
Result: NOTE
    'library' or 'require' call to ‘e1071’ which was already attached by Depends.
     Please remove these calls from your code.
    Packages in Depends field not imported from:
     ‘e1071’ ‘lattice’
     These packages need to be imported from (in the NAMESPACE file)
     for when this namespace is loaded but not attached.
    See the information on DESCRIPTION files in the chapter ‘Creating R
    packages’ of the ‘Writing R Extensions’ manual.
Flavors: r-devel-linux-x86_64-debian-clang, r-devel-linux-x86_64-debian-gcc, r-devel-linux-x86_64-fedora-clang, r-devel-linux-x86_64-fedora-gcc, r-devel-osx-x86_64-clang, r-devel-osx-x86_64-gcc, r-devel-windows-ix86+x86_64, r-patched-linux-x86_64, r-patched-solaris-sparc, r-patched-solaris-x86, r-release-linux-ix86, r-release-linux-x86_64, r-release-osx-x86_64-mavericks, r-release-windows-ix86+x86_64, r-oldrel-windows-ix86+x86_64

Version: 1.01
Check: Rd line widths
Result: NOTE
    Rd file 'Housing.Rd':
     \examples lines wider than 100 characters:
     stripchart(x=list(X1984,X1993),method="stack",pch=1,cex=1.2,col=c("orange","pink"),group.names=c("1984","1993"))
    
    These lines will be truncated in the PDF manual.
Flavors: r-devel-linux-x86_64-fedora-clang, r-devel-linux-x86_64-fedora-gcc

Version: 1.01
Check: PDF version of manual
Result: WARNING
    LaTeX errors when creating PDF version.
    This typically indicates Rd problems.
    LaTeX errors found:
    ! LaTeX Error: File `upquote.sty' not found.
    
    Type X to quit or <RETURN> to proceed,
    or enter new name. (Default extension: sty)
    
    6382e50/Rd2.tex:8: ==> Fatal error occurred, no output PDF file produced!
Flavor: r-release-osx-x86_64-mavericks