CRAN Package Check Results for Package BSDA

Last updated on 2015-04-21 06:47:20.

Flavor Version Tinstall Tcheck Ttotal Status Flags
r-devel-linux-x86_64-debian-clang 1.01 4.79 33.52 38.31 NOTE
r-devel-linux-x86_64-debian-gcc 1.01 4.43 32.02 36.46 NOTE
r-devel-linux-x86_64-fedora-clang 1.01 73.36 NOTE
r-devel-linux-x86_64-fedora-gcc 1.01 76.59 NOTE
r-devel-osx-x86_64-clang 1.01 72.37 NOTE
r-devel-windows-ix86+x86_64 1.01 29.00 62.00 91.00 NOTE
r-patched-linux-x86_64 1.01 4.79 32.41 37.20 NOTE
r-patched-solaris-sparc 1.01 474.40 NOTE
r-patched-solaris-x86 1.01 92.30 NOTE
r-release-linux-x86_64 1.01 4.46 34.40 38.86 NOTE
r-release-osx-x86_64-mavericks 1.01 NOTE
r-release-osx-x86_64-snowleopard 1.01 NOTE
r-release-windows-ix86+x86_64 1.01 12.00 58.00 70.00 NOTE
r-oldrel-windows-ix86+x86_64 1.01 22.00 54.00 76.00 NOTE

Check Details

Version: 1.01
Check: DESCRIPTION meta-information
Result: NOTE
    Malformed Description field: should contain one or more complete sentences.
Flavors: r-devel-linux-x86_64-debian-clang, r-devel-linux-x86_64-debian-gcc, r-devel-linux-x86_64-fedora-clang, r-devel-linux-x86_64-fedora-gcc, r-devel-osx-x86_64-clang, r-devel-windows-ix86+x86_64, r-patched-linux-x86_64, r-patched-solaris-sparc, r-patched-solaris-x86, r-release-linux-x86_64, r-release-osx-x86_64-mavericks, r-release-osx-x86_64-snowleopard, r-release-windows-ix86+x86_64

Version: 1.01
Check: dependencies in R code
Result: NOTE
    'library' or 'require' call to ‘e1071’ which was already attached by Depends.
     Please remove these calls from your code.
    Packages in Depends field not imported from:
     ‘e1071’ ‘lattice’
     These packages need to be imported from (in the NAMESPACE file)
     for when this namespace is loaded but not attached.
Flavors: r-devel-linux-x86_64-debian-clang, r-devel-linux-x86_64-debian-gcc, r-devel-linux-x86_64-fedora-clang, r-devel-linux-x86_64-fedora-gcc, r-devel-osx-x86_64-clang, r-devel-windows-ix86+x86_64, r-patched-linux-x86_64, r-patched-solaris-sparc, r-patched-solaris-x86, r-release-linux-x86_64, r-release-osx-x86_64-mavericks, r-release-osx-x86_64-snowleopard, r-release-windows-ix86+x86_64, r-oldrel-windows-ix86+x86_64

Version: 1.01
Check: R code for possible problems
Result: NOTE
    EDA: no visible global function definition for ‘kurtosis’
    EDA: no visible global function definition for ‘skewness’
Flavors: r-devel-linux-x86_64-debian-clang, r-devel-linux-x86_64-debian-gcc, r-devel-linux-x86_64-fedora-clang, r-devel-linux-x86_64-fedora-gcc, r-devel-osx-x86_64-clang, r-devel-windows-ix86+x86_64, r-patched-linux-x86_64, r-patched-solaris-sparc, r-patched-solaris-x86, r-release-linux-x86_64, r-release-osx-x86_64-mavericks, r-release-osx-x86_64-snowleopard, r-release-windows-ix86+x86_64, r-oldrel-windows-ix86+x86_64

Version: 1.01
Check: Rd line widths
Result: NOTE
    Rd file 'Housing.Rd':
     \examples lines wider than 100 characters:
     stripchart(x=list(X1984,X1993),method="stack",pch=1,cex=1.2,col=c("orange","pink"),group.names=c("1984","1993"))
    
    These lines will be truncated in the PDF manual.
Flavors: r-devel-linux-x86_64-debian-clang, r-devel-linux-x86_64-debian-gcc, r-devel-linux-x86_64-fedora-clang, r-devel-linux-x86_64-fedora-gcc, r-patched-linux-x86_64, r-release-linux-x86_64