CRAN Package Check Results for Package BSL

Last updated on 2024-02-20 22:58:57 CET.

Flavor Version Tinstall Tcheck Ttotal Status Flags
r-devel-linux-x86_64-debian-clang 3.2.5 OK
r-devel-linux-x86_64-debian-gcc 3.2.5 43.14 100.39 143.53 OK
r-devel-linux-x86_64-fedora-clang 3.2.5 254.46 OK
r-devel-linux-x86_64-fedora-gcc 3.2.5 243.84 OK
r-devel-windows-x86_64 3.2.5 48.00 141.00 189.00 NOTE
r-patched-linux-x86_64 3.2.5 59.46 134.35 193.81 OK
r-release-linux-x86_64 3.2.5 56.65 132.49 189.14 OK
r-release-macos-arm64 3.2.5 70.00 OK
r-release-macos-x86_64 3.2.5 117.00 OK
r-release-windows-x86_64 3.2.5 60.00 169.00 229.00 NOTE
r-oldrel-macos-arm64 3.2.5 66.00 OK
r-oldrel-windows-x86_64 3.2.5 60.00 153.00 213.00 OK

Check Details

Version: 3.2.5
Check: C++ specification
Result: NOTE Specified C++11: please drop specification unless essential Flavors: r-devel-windows-x86_64, r-release-windows-x86_64