CRAN Package Check Results for Package BSW

Last updated on 2021-11-29 15:51:07 CET.

Flavor Version Tinstall Tcheck Ttotal Status Flags
r-devel-linux-x86_64-debian-clang 0.1.1 6.36 66.60 72.96 NOTE
r-devel-linux-x86_64-debian-gcc 0.1.1 5.20 52.66 57.86 NOTE
r-devel-linux-x86_64-fedora-clang 0.1.1 101.49 NOTE
r-devel-linux-x86_64-fedora-gcc 0.1.1 97.04 NOTE
r-devel-windows-x86_64-new-UL 0.1.1 15.00 109.00 124.00 NOTE
r-devel-windows-x86_64-new-TK 0.1.1 NOTE
r-devel-windows-x86_64-old 0.1.1 11.00 66.00 77.00 NOTE
r-patched-linux-x86_64 0.1.1 8.19 66.29 74.48 NOTE
r-patched-solaris-x86 0.1.1 130.60 NOTE
r-release-linux-x86_64 0.1.1 7.96 64.87 72.83 NOTE
r-release-macos-arm64 0.1.1 NOTE
r-release-macos-x86_64 0.1.1 NOTE
r-release-windows-ix86+x86_64 0.1.1 15.00 90.00 105.00 NOTE
r-oldrel-macos-x86_64 0.1.1 OK
r-oldrel-windows-ix86+x86_64 0.1.1 10.00 64.00 74.00 OK

Check Details

Version: 0.1.1
Check: LazyData
Result: NOTE
     'LazyData' is specified without a 'data' directory
Flavors: r-devel-linux-x86_64-debian-clang, r-devel-linux-x86_64-debian-gcc, r-devel-linux-x86_64-fedora-clang, r-devel-linux-x86_64-fedora-gcc, r-devel-windows-x86_64-new-UL, r-devel-windows-x86_64-new-TK, r-devel-windows-x86_64-old, r-patched-linux-x86_64, r-patched-solaris-x86, r-release-linux-x86_64, r-release-macos-arm64, r-release-macos-x86_64, r-release-windows-ix86+x86_64