CRAN Package Check Results for Package BSW

Last updated on 2024-02-21 02:52:09 CET.

Flavor Version Tinstall Tcheck Ttotal Status Flags
r-devel-linux-x86_64-debian-clang 0.1.1 NOTE
r-devel-linux-x86_64-debian-gcc 0.1.1 6.30 56.93 63.23 NOTE
r-devel-linux-x86_64-fedora-clang 0.1.1 101.83 NOTE
r-devel-linux-x86_64-fedora-gcc 0.1.1 112.39 NOTE
r-devel-windows-x86_64 0.1.1 7.00 72.00 79.00 NOTE
r-patched-linux-x86_64 0.1.1 6.90 74.08 80.98 NOTE
r-release-linux-x86_64 0.1.1 6.29 73.98 80.27 NOTE
r-release-macos-arm64 0.1.1 40.00 NOTE
r-release-macos-x86_64 0.1.1 61.00 NOTE
r-release-windows-x86_64 0.1.1 8.00 84.00 92.00 NOTE
r-oldrel-macos-arm64 0.1.1 38.00 NOTE
r-oldrel-windows-x86_64 0.1.1 9.00 87.00 96.00 NOTE

Check Details

Version: 0.1.1
Check: LazyData
Result: NOTE 'LazyData' is specified without a 'data' directory Flavors: r-devel-linux-x86_64-debian-clang, r-devel-linux-x86_64-debian-gcc, r-devel-linux-x86_64-fedora-clang, r-devel-linux-x86_64-fedora-gcc, r-devel-windows-x86_64, r-patched-linux-x86_64, r-release-linux-x86_64, r-release-macos-arm64, r-release-macos-x86_64, r-release-windows-x86_64, r-oldrel-macos-arm64, r-oldrel-windows-x86_64