CRAN Package Check Results for Package BSagri

Last updated on 2014-12-22 01:47:32.

Flavor Version Tinstall Tcheck Ttotal Status Flags
r-devel-linux-x86_64-debian-clang 0.1-8 1.89 30.86 32.75 NOTE
r-devel-linux-x86_64-debian-gcc 0.1-8 1.84 30.74 32.58 NOTE
r-devel-linux-x86_64-fedora-clang 0.1-8 63.92 NOTE
r-devel-linux-x86_64-fedora-gcc 0.1-8 59.91 NOTE
r-devel-osx-x86_64-clang 0.1-8 57.20 NOTE
r-devel-windows-ix86+x86_64 0.1-8 10.00 51.00 61.00 NOTE
r-patched-linux-x86_64 0.1-8 1.86 31.60 33.46 NOTE
r-patched-solaris-sparc 0.1-8 335.80 NOTE
r-patched-solaris-x86 0.1-8 79.60 NOTE
r-release-linux-ix86 0.1-8 2.39 38.38 40.77 NOTE
r-release-linux-x86_64 0.1-8 1.95 30.65 32.60 NOTE
r-release-osx-x86_64-mavericks 0.1-8 OK
r-release-osx-x86_64-snowleopard 0.1-8 OK
r-release-windows-ix86+x86_64 0.1-8 10.00 54.00 64.00 NOTE
r-oldrel-windows-ix86+x86_64 0.1-8 9.00 54.00 63.00 OK

Check Details

Version: 0.1-8
Check: R code for possible problems
Result: NOTE
    BOOTSimpsonD : BSimpson: no visible global function definition for
     ‘estSimpsonf’
    BOOTSimpsonR : BSimpson: no visible global function definition for
     ‘estSimpsonf’
    CIGLM: no visible global function definition for ‘univariate_calpha’
    CIGLM: no visible global function definition for ‘adjusted_calpha’
Flavors: r-devel-linux-x86_64-debian-clang, r-devel-linux-x86_64-debian-gcc, r-devel-linux-x86_64-fedora-clang, r-devel-linux-x86_64-fedora-gcc, r-devel-osx-x86_64-clang, r-devel-windows-ix86+x86_64, r-patched-linux-x86_64, r-patched-solaris-sparc, r-patched-solaris-x86, r-release-linux-ix86, r-release-linux-x86_64, r-release-windows-ix86+x86_64