CRAN Package Check Results for Package BSagri

Last updated on 2015-04-28 05:47:42.

Flavor Version Tinstall Tcheck Ttotal Status Flags
r-devel-linux-x86_64-debian-clang 0.1-8 1.44 23.28 24.72 NOTE
r-devel-linux-x86_64-debian-gcc 0.1-8 1.94 22.70 24.64 NOTE
r-devel-linux-x86_64-fedora-clang 0.1-8 49.04 NOTE
r-devel-linux-x86_64-fedora-gcc 0.1-8 48.42 NOTE
r-devel-osx-x86_64-clang 0.1-8 45.56 NOTE
r-devel-windows-ix86+x86_64 0.1-8 6.00 38.00 44.00 NOTE
r-patched-linux-x86_64 0.1-8 1.54 23.53 25.07 NOTE
r-patched-solaris-sparc 0.1-8 318.70 NOTE
r-patched-solaris-x86 0.1-8 61.80 NOTE
r-release-linux-x86_64 0.1-8 1.44 23.84 25.28 NOTE
r-release-osx-x86_64-mavericks 0.1-8 ERROR
r-release-osx-x86_64-snowleopard 0.1-8 ERROR
r-release-windows-ix86+x86_64 0.1-8 10.00 54.00 64.00 NOTE
r-oldrel-windows-ix86+x86_64 0.1-8 9.00 52.00 61.00 NOTE

Check Details

Version: 0.1-8
Check: S3 generic/method consistency
Result: NOTE
    Found the following apparent S3 methods exported but not registered:
     CInp.CCDiff CInp.CCRatio CInp.bugs CInp.default SCSnp.CCDiff
     SCSnp.CCRatio SCSnp.bugs SCSnp.default UnlogCI.glht
    See section ‘Registering S3 methods’ in the ‘Writing R Extensions’
    manual.
Flavors: r-devel-linux-x86_64-debian-clang, r-devel-linux-x86_64-debian-gcc, r-devel-linux-x86_64-fedora-clang, r-devel-linux-x86_64-fedora-gcc, r-devel-osx-x86_64-clang, r-patched-solaris-x86, r-release-linux-x86_64

Version: 0.1-8
Check: R code for possible problems
Result: NOTE
    BOOTSimpsonD : BSimpson: no visible global function definition for
     ‘estSimpsonf’
    BOOTSimpsonR : BSimpson: no visible global function definition for
     ‘estSimpsonf’
    CIGLM: no visible global function definition for ‘univariate_calpha’
    CIGLM: no visible global function definition for ‘adjusted_calpha’
Flavors: r-devel-linux-x86_64-debian-clang, r-devel-linux-x86_64-debian-gcc, r-devel-linux-x86_64-fedora-clang, r-devel-linux-x86_64-fedora-gcc, r-devel-osx-x86_64-clang, r-devel-windows-ix86+x86_64, r-patched-solaris-sparc, r-patched-solaris-x86, r-release-linux-x86_64, r-release-windows-ix86+x86_64, r-oldrel-windows-ix86+x86_64

Version: 0.1-8
Check: package dependencies
Result: ERROR
    Packages required but not available: ‘multcomp’ ‘MCPAN’
    
    See section ‘The DESCRIPTION file’ in the ‘Writing R Extensions’
    manual.
Flavors: r-release-osx-x86_64-mavericks, r-release-osx-x86_64-snowleopard