CRAN Package Check Results for Package BSagri

Last updated on 2014-04-18 01:47:43.

Flavor Version Tinstall Tcheck Ttotal Status Flags
r-devel-linux-x86_64-debian-clang 0.1-8 1.93 30.97 32.90 OK
r-devel-linux-x86_64-debian-gcc 0.1-8 1.97 30.72 32.70 OK
r-devel-linux-x86_64-fedora-clang 0.1-8 61.59 OK
r-devel-linux-x86_64-fedora-gcc 0.1-8 58.38 OK
r-devel-macosx-x86_64-clang 0.1-8 61.83 OK
r-devel-macosx-x86_64-gcc 0.1-8 ERROR
r-devel-windows-ix86+x86_64 0.1-8 7.00 47.00 54.00 OK
r-patched-linux-x86_64 0.1-8 1.97 31.01 32.98 OK
r-patched-solaris-sparc 0.1-8 336.60 OK
r-patched-solaris-x86 0.1-8 78.20 OK
r-release-linux-ix86 0.1-8 4.00 80.00 84.00 OK
r-release-linux-x86_64 0.1-8 2.19 30.54 32.73 OK
r-release-macosx-x86_64 0.1-8 ERROR
r-release-windows-ix86+x86_64 0.1-8 8.00 49.00 57.00 OK
r-oldrel-windows-ix86+x86_64 0.1-8 9.00 49.00 58.00 OK

Check Details

Version: 0.1-8
Check: package dependencies
Result: ERROR
    Packages required but not available: ‘multcomp’ ‘MCPAN’
    
    See the information on DESCRIPTION files in the chapter ‘Creating R
    packages’ of the ‘Writing R Extensions’ manual.
Flavors: r-devel-macosx-x86_64-gcc, r-release-macosx-x86_64