CRAN Package Check Results for Package BSagri

Last updated on 2014-10-25 21:46:24.

Flavor Version Tinstall Tcheck Ttotal Status Flags
r-devel-linux-x86_64-debian-clang 0.1-8 2.60 29.43 32.04 NOTE
r-devel-linux-x86_64-debian-gcc 0.1-8 1.98 29.82 31.80 NOTE
r-devel-linux-x86_64-fedora-clang 0.1-8 60.78 NOTE
r-devel-linux-x86_64-fedora-gcc 0.1-8 56.70 NOTE
r-devel-osx-x86_64-clang 0.1-8 58.07 NOTE
r-devel-windows-ix86+x86_64 0.1-8 10.00 48.00 58.00 NOTE
r-patched-linux-x86_64 0.1-8 1.83 29.82 31.65 NOTE
r-patched-solaris-sparc 0.1-8 335.80 NOTE
r-patched-solaris-x86 0.1-8 78.60 NOTE
r-release-linux-ix86 0.1-8 2.58 39.53 42.11 OK
r-release-linux-x86_64 0.1-8 1.85 31.49 33.34 OK
r-release-osx-x86_64-mavericks 0.1-8 OK
r-release-osx-x86_64-snowleopard 0.1-8 OK
r-release-windows-ix86+x86_64 0.1-8 13.00 54.00 67.00 OK
r-oldrel-windows-ix86+x86_64 0.1-8 10.00 54.00 64.00 OK

Check Details

Version: 0.1-8
Check: R code for possible problems
Result: NOTE
    BOOTSimpsonD : BSimpson: no visible global function definition for
     ‘estSimpsonf’
    BOOTSimpsonR : BSimpson: no visible global function definition for
     ‘estSimpsonf’
    CIGLM: no visible global function definition for ‘univariate_calpha’
    CIGLM: no visible global function definition for ‘adjusted_calpha’
Flavors: r-devel-linux-x86_64-debian-clang, r-devel-linux-x86_64-debian-gcc, r-devel-linux-x86_64-fedora-clang, r-devel-linux-x86_64-fedora-gcc, r-devel-osx-x86_64-clang, r-devel-windows-ix86+x86_64, r-patched-linux-x86_64, r-patched-solaris-sparc, r-patched-solaris-x86