CRAN Package Check Results for Package BSagri

Last updated on 2016-09-30 15:47:07.

Flavor Version Tinstall Tcheck Ttotal Status Flags
r-devel-linux-x86_64-debian-clang 0.1-8 3.49 61.47 64.96 NOTE
r-devel-linux-x86_64-debian-gcc 0.1-8 3.64 60.58 64.21 NOTE
r-devel-linux-x86_64-fedora-clang 0.1-8 157.73 NOTE
r-devel-linux-x86_64-fedora-gcc 0.1-8 118.84 NOTE
r-devel-macos-x86_64-clang 0.1-8 85.59 NOTE
r-devel-windows-ix86+x86_64 0.1-8 20.00 132.00 152.00 NOTE
r-patched-linux-x86_64 0.1-8 3.50 59.50 62.99 NOTE
r-patched-solaris-sparc 0.1-8 702.40 NOTE
r-patched-solaris-x86 0.1-8 145.80 NOTE
r-release-linux-x86_64 0.1-8 3.54 60.36 63.89 NOTE
r-release-osx-x86_64-mavericks 0.1-8 NOTE
r-release-windows-ix86+x86_64 0.1-8 12.00 86.00 98.00 NOTE
r-oldrel-windows-ix86+x86_64 0.1-8 17.00 121.00 138.00 NOTE

Check Details

Version: 0.1-8
Check: S3 generic/method consistency
Result: NOTE
    Found the following apparent S3 methods exported but not registered:
     CInp.CCDiff CInp.CCRatio CInp.bugs CInp.default SCSnp.CCDiff
     SCSnp.CCRatio SCSnp.bugs SCSnp.default UnlogCI.glht
    See section ‘Registering S3 methods’ in the ‘Writing R Extensions’
    manual.
Flavors: r-devel-linux-x86_64-debian-clang, r-devel-linux-x86_64-debian-gcc, r-devel-linux-x86_64-fedora-clang, r-devel-linux-x86_64-fedora-gcc, r-devel-macos-x86_64-clang, r-patched-linux-x86_64, r-patched-solaris-sparc, r-patched-solaris-x86, r-release-linux-x86_64

Version: 0.1-8
Check: R code for possible problems
Result: NOTE
    BOOTSimpsonD : BSimpson: no visible global function definition for
     ‘estSimpsonf’
    BOOTSimpsonR : BSimpson: no visible global function definition for
     ‘estSimpsonf’
    CIGLM: no visible global function definition for ‘confint’
    CIGLM: no visible global function definition for ‘univariate_calpha’
    CIGLM: no visible global function definition for ‘adjusted_calpha’
    CInp.default : <anonymous>: no visible global function definition for
     ‘quantile’
    CInp.default: no visible binding for global variable ‘median’
    R2Bugsdat1w: no visible global function definition for ‘model.frame’
    R2Bugsdat1w: no visible global function definition for ‘model.matrix’
    R2Bugsdat1w.data.frame: no visible global function definition for
     ‘as.formula’
    R2Bugsdat1w.data.frame: no visible global function definition for
     ‘model.frame’
    R2Bugsdat1w.data.frame: no visible global function definition for
     ‘model.matrix’
    SCSnp.default: no visible binding for global variable ‘median’
    modelparm.gamlss: no visible binding for global variable ‘coef’
    modelparm.gamlss: no visible binding for global variable ‘vcov’
    modelparm.geeglm: no visible binding for global variable ‘coef’
    modelparm.geeglm: no visible binding for global variable ‘vcov’
    simplesimint: no visible global function definition for ‘cov2cor’
    summary.simplesimint: no visible global function definition for
     ‘cov2cor’
    Undefined global functions or variables:
     adjusted_calpha as.formula coef confint cov2cor estSimpsonf median
     model.frame model.matrix quantile univariate_calpha vcov
    Consider adding
     importFrom("stats", "as.formula", "coef", "confint", "cov2cor",
     "median", "model.frame", "model.matrix", "quantile", "vcov")
    to your NAMESPACE file.
Flavors: r-devel-linux-x86_64-debian-clang, r-devel-linux-x86_64-debian-gcc, r-devel-linux-x86_64-fedora-clang, r-devel-linux-x86_64-fedora-gcc, r-devel-macos-x86_64-clang, r-devel-windows-ix86+x86_64, r-patched-linux-x86_64, r-patched-solaris-sparc, r-patched-solaris-x86, r-release-linux-x86_64, r-release-osx-x86_64-mavericks, r-release-windows-ix86+x86_64

Version: 0.1-8
Check: R code for possible problems
Result: NOTE
    BOOTSimpsonD : BSimpson: no visible global function definition for
     'estSimpsonf'
    BOOTSimpsonR : BSimpson: no visible global function definition for
     'estSimpsonf'
    CIGLM: no visible global function definition for 'univariate_calpha'
    CIGLM: no visible global function definition for 'adjusted_calpha'
Flavor: r-oldrel-windows-ix86+x86_64