CRAN Package Check Results for Package BSagri

Last updated on 2014-09-02 22:47:34.

Flavor Version Tinstall Tcheck Ttotal Status Flags
r-devel-linux-x86_64-debian-clang 0.1-8 2.60 27.88 30.49 NOTE
r-devel-linux-x86_64-debian-gcc 0.1-8 1.66 27.29 28.95 NOTE
r-devel-linux-x86_64-fedora-clang 0.1-8 57.97 NOTE
r-devel-linux-x86_64-fedora-gcc 0.1-8 56.39 NOTE
r-devel-osx-x86_64-clang 0.1-8 52.78 NOTE
r-devel-windows-ix86+x86_64 0.1-8 8.00 48.00 56.00 NOTE
r-patched-linux-x86_64 0.1-8 1.77 29.38 31.15 OK
r-patched-solaris-sparc 0.1-8 336.00 OK
r-patched-solaris-x86 0.1-8 75.90 OK
r-release-linux-ix86 0.1-8 2.44 40.97 43.41 OK
r-release-linux-x86_64 0.1-8 1.86 30.05 31.91 OK
r-release-osx-x86_64-mavericks 0.1-8 OK
r-release-osx-x86_64-snowleopard 0.1-8 OK
r-release-windows-ix86+x86_64 0.1-8 8.00 51.00 59.00 OK
r-oldrel-windows-ix86+x86_64 0.1-8 9.00 52.00 61.00 OK

Check Details

Version: 0.1-8
Check: R code for possible problems
Result: NOTE
    BOOTSimpsonD : BSimpson: no visible global function definition for
     ‘estSimpsonf’
    BOOTSimpsonR : BSimpson: no visible global function definition for
     ‘estSimpsonf’
    CIGLM: no visible global function definition for ‘univariate_calpha’
    CIGLM: no visible global function definition for ‘adjusted_calpha’
Flavors: r-devel-linux-x86_64-debian-clang, r-devel-linux-x86_64-debian-gcc, r-devel-linux-x86_64-fedora-clang, r-devel-linux-x86_64-fedora-gcc, r-devel-osx-x86_64-clang, r-devel-windows-ix86+x86_64