CRAN Package Check Results for Package BSagri

Last updated on 2015-01-31 05:48:40.

Flavor Version Tinstall Tcheck Ttotal Status Flags
r-devel-linux-x86_64-debian-clang 0.1-8 1.49 22.83 24.32 NOTE
r-devel-linux-x86_64-debian-gcc 0.1-8 2.13 22.41 24.54 NOTE
r-devel-linux-x86_64-fedora-clang 0.1-8 53.31 NOTE
r-devel-linux-x86_64-fedora-gcc 0.1-8 50.02 NOTE
r-devel-osx-x86_64-clang 0.1-8 58.82 NOTE
r-devel-windows-ix86+x86_64 0.1-8 6.00 38.00 44.00 NOTE
r-patched-linux-x86_64 0.1-8 1.86 30.89 32.75 NOTE
r-patched-solaris-sparc 0.1-8 371.90 NOTE
r-patched-solaris-x86 0.1-8 80.20 NOTE
r-release-linux-ix86 0.1-8 2.39 38.52 40.91 NOTE
r-release-linux-x86_64 0.1-8 1.86 32.19 34.05 NOTE
r-release-osx-x86_64-mavericks 0.1-8 NOTE
r-release-osx-x86_64-snowleopard 0.1-8 OK
r-release-windows-ix86+x86_64 0.1-8 10.00 50.00 60.00 NOTE
r-oldrel-windows-ix86+x86_64 0.1-8 10.00 56.00 66.00 OK

Check Details

Version: 0.1-8
Check: S3 generic/method consistency
Result: NOTE
    Found the following apparent S3 methods exported but not registered:
     CInp.CCDiff CInp.CCRatio CInp.bugs CInp.default SCSnp.CCDiff
     SCSnp.CCRatio SCSnp.bugs SCSnp.default UnlogCI.glht
    See section ‘Registering S3 methods’ in the ‘Writing R Extensions’
    manual.
Flavors: r-devel-linux-x86_64-debian-clang, r-devel-linux-x86_64-debian-gcc, r-devel-linux-x86_64-fedora-clang, r-devel-linux-x86_64-fedora-gcc, r-devel-osx-x86_64-clang

Version: 0.1-8
Check: R code for possible problems
Result: NOTE
    BOOTSimpsonD : BSimpson: no visible global function definition for
     ‘estSimpsonf’
    BOOTSimpsonR : BSimpson: no visible global function definition for
     ‘estSimpsonf’
    CIGLM: no visible global function definition for ‘univariate_calpha’
    CIGLM: no visible global function definition for ‘adjusted_calpha’
Flavors: r-devel-linux-x86_64-debian-clang, r-devel-linux-x86_64-debian-gcc, r-devel-linux-x86_64-fedora-clang, r-devel-linux-x86_64-fedora-gcc, r-devel-osx-x86_64-clang, r-devel-windows-ix86+x86_64, r-patched-linux-x86_64, r-patched-solaris-sparc, r-patched-solaris-x86, r-release-linux-ix86, r-release-linux-x86_64, r-release-osx-x86_64-mavericks, r-release-windows-ix86+x86_64