CRAN Package Check Results for Package BSquare

Last updated on 2015-05-26 15:47:24.

Flavor Version Tinstall Tcheck Ttotal Status Flags
r-devel-linux-x86_64-debian-clang 1.1 2.77 25.78 28.55 NOTE
r-devel-linux-x86_64-debian-gcc 1.1 3.68 26.98 30.66 NOTE
r-devel-linux-x86_64-fedora-clang 1.1 55.98 NOTE
r-devel-linux-x86_64-fedora-gcc 1.1 55.47 NOTE
r-devel-osx-x86_64-clang 1.1 49.84 NOTE
r-devel-windows-ix86+x86_64 1.1 14.00 50.00 64.00 NOTE
r-patched-linux-x86_64 1.1 3.77 25.24 29.01 NOTE
r-patched-solaris-sparc 1.1 385.20 NOTE
r-patched-solaris-x86 1.1 77.90 NOTE
r-release-linux-x86_64 1.1 3.81 25.47 29.28 NOTE
r-release-osx-x86_64-mavericks 1.1 NOTE
r-release-osx-x86_64-snowleopard 1.1 ERROR
r-release-windows-ix86+x86_64 1.1 14.00 48.00 62.00 NOTE
r-oldrel-windows-ix86+x86_64 1.1 14.00 57.00 71.00 NOTE

Check Details

Version: 1.1
Check: dependencies in R code
Result: NOTE
    'library' or 'require' calls to packages already attached by Depends:
     ‘VGAM’ ‘quadprog’ ‘quantreg’
     Please remove these calls from your code.
Flavors: r-devel-linux-x86_64-debian-clang, r-devel-linux-x86_64-debian-gcc, r-devel-linux-x86_64-fedora-clang, r-devel-linux-x86_64-fedora-gcc, r-devel-osx-x86_64-clang, r-devel-windows-ix86+x86_64, r-patched-linux-x86_64, r-patched-solaris-sparc, r-patched-solaris-x86, r-release-linux-x86_64, r-release-osx-x86_64-mavericks, r-release-windows-ix86+x86_64, r-oldrel-windows-ix86+x86_64

Version: 1.1
Check: line endings in Makefiles
Result: NOTE
    Found the following Makefile(s) without a final LF:
     src/Makevars
    Some ‘make’ programs ignore lines not ending in LF.
Flavors: r-devel-linux-x86_64-debian-clang, r-devel-linux-x86_64-debian-gcc, r-devel-linux-x86_64-fedora-clang, r-devel-linux-x86_64-fedora-gcc, r-devel-osx-x86_64-clang, r-devel-windows-ix86+x86_64, r-patched-linux-x86_64, r-patched-solaris-sparc, r-patched-solaris-x86, r-release-linux-x86_64, r-release-osx-x86_64-mavericks, r-release-windows-ix86+x86_64, r-oldrel-windows-ix86+x86_64

Version: 1.1
Check: package dependencies
Result: ERROR
    Package required but not available: ‘quantreg’
    
    See section ‘The DESCRIPTION file’ in the ‘Writing R Extensions’
    manual.
Flavor: r-release-osx-x86_64-snowleopard