CRAN Package Check Results for Package BSquare

Last updated on 2015-04-25 12:46:12.

Flavor Version Tinstall Tcheck Ttotal Status Flags
r-devel-linux-x86_64-debian-clang 1.1 2.83 26.22 29.05 NOTE
r-devel-linux-x86_64-debian-gcc 1.1 3.62 25.42 29.05 NOTE
r-devel-linux-x86_64-fedora-clang 1.1 56.13 NOTE
r-devel-linux-x86_64-fedora-gcc 1.1 57.99 NOTE
r-devel-osx-x86_64-clang 1.1 48.46 NOTE
r-devel-windows-ix86+x86_64 1.1 14.00 50.00 64.00 NOTE
r-patched-linux-x86_64 1.1 3.60 26.21 29.81 NOTE
r-patched-solaris-sparc 1.1 382.70 NOTE
r-patched-solaris-x86 1.1 76.00 NOTE
r-release-linux-x86_64 1.1 3.62 25.33 28.96 NOTE
r-release-osx-x86_64-mavericks 1.1 NOTE
r-release-osx-x86_64-snowleopard 1.1 ERROR
r-release-windows-ix86+x86_64 1.1 14.00 51.00 65.00 NOTE
r-oldrel-windows-ix86+x86_64 1.1 13.00 57.00 70.00 NOTE

Check Details

Version: 1.1
Check: dependencies in R code
Result: NOTE
    'library' or 'require' calls to packages already attached by Depends:
     'VGAM' 'quadprog' 'quantreg'
     Please remove these calls from your code.
Flavors: r-devel-windows-ix86+x86_64, r-release-windows-ix86+x86_64, r-oldrel-windows-ix86+x86_64

Version: 1.1
Check: line endings in Makefiles
Result: NOTE
    Found the following Makefile(s) without a final LF:
     src/Makevars
    Some 'make' programs ignore lines not ending in LF.
Flavors: r-devel-windows-ix86+x86_64, r-release-windows-ix86+x86_64, r-oldrel-windows-ix86+x86_64