CRAN Package Check Results for Package BSquare

Last updated on 2014-09-23 07:50:03.

Flavor Version Tinstall Tcheck Ttotal Status Flags
r-devel-linux-x86_64-debian-clang 1.1 2.82 28.34 31.16 NOTE
r-devel-linux-x86_64-debian-gcc 1.1 3.76 27.76 31.53 NOTE
r-devel-linux-x86_64-fedora-clang 1.1 65.38 NOTE
r-devel-linux-x86_64-fedora-gcc 1.1 61.85 NOTE
r-devel-osx-x86_64-clang 1.1 54.18 NOTE
r-devel-windows-ix86+x86_64 1.1 13.00 56.00 69.00 NOTE
r-patched-linux-x86_64 1.1 3.98 29.73 33.72 NOTE
r-patched-solaris-sparc 1.1 400.60 NOTE
r-patched-solaris-x86 1.1 93.00 NOTE
r-release-linux-ix86 1.1 5.56 37.16 42.71 NOTE
r-release-linux-x86_64 1.1 3.95 30.50 34.45 NOTE
r-release-osx-x86_64-mavericks 1.1 NOTE
r-release-windows-ix86+x86_64 1.1 15.00 57.00 72.00 NOTE
r-oldrel-windows-ix86+x86_64 1.1 16.00 54.00 70.00 NOTE

Check Details

Version: 1.1
Check: dependencies in R code
Result: NOTE
    'library' or 'require' calls to packages already attached by Depends:
     ‘VGAM’ ‘quadprog’ ‘quantreg’
     Please remove these calls from your code.
    See the information on DESCRIPTION files in the chapter ‘Creating R
    packages’ of the ‘Writing R Extensions’ manual.
Flavors: r-devel-linux-x86_64-debian-clang, r-devel-linux-x86_64-debian-gcc, r-devel-linux-x86_64-fedora-clang, r-devel-linux-x86_64-fedora-gcc, r-devel-osx-x86_64-clang, r-devel-windows-ix86+x86_64, r-patched-linux-x86_64, r-patched-solaris-sparc, r-patched-solaris-x86, r-release-linux-ix86, r-release-linux-x86_64, r-release-osx-x86_64-mavericks, r-release-windows-ix86+x86_64, r-oldrel-windows-ix86+x86_64