CRAN Package Check Results for Package BSquare

Last updated on 2015-03-04 11:47:29.

Flavor Version Tinstall Tcheck Ttotal Status Flags
r-devel-linux-x86_64-debian-clang 1.1 2.74 25.75 28.49 NOTE
r-devel-linux-x86_64-debian-gcc 1.1 4.24 25.50 29.74 NOTE
r-devel-linux-x86_64-fedora-clang 1.1 56.04 NOTE
r-devel-linux-x86_64-fedora-gcc 1.1 55.63 NOTE
r-devel-osx-x86_64-clang 1.1 49.21 NOTE
r-devel-windows-ix86+x86_64 1.1 16.00 48.00 64.00 NOTE
r-patched-linux-x86_64 1.1 4.40 30.65 35.04 NOTE
r-patched-solaris-sparc 1.1 436.30 NOTE
r-patched-solaris-x86 1.1 90.40 NOTE
r-release-linux-ix86 1.1 5.18 38.77 43.95 NOTE
r-release-linux-x86_64 1.1 4.20 29.89 34.09 NOTE
r-release-osx-x86_64-mavericks 1.1 NOTE
r-release-windows-ix86+x86_64 1.1 15.00 56.00 71.00 NOTE
r-oldrel-windows-ix86+x86_64 1.1 15.00 59.00 74.00 NOTE

Check Details

Version: 1.1
Check: dependencies in R code
Result: NOTE
    'library' or 'require' calls to packages already attached by Depends:
     ‘VGAM’ ‘quadprog’ ‘quantreg’
     Please remove these calls from your code.
Flavors: r-devel-linux-x86_64-debian-clang, r-devel-linux-x86_64-debian-gcc, r-devel-linux-x86_64-fedora-clang, r-devel-linux-x86_64-fedora-gcc, r-devel-osx-x86_64-clang, r-devel-windows-ix86+x86_64, r-patched-linux-x86_64, r-patched-solaris-sparc, r-patched-solaris-x86

Version: 1.1
Check: line endings in Makefiles
Result: NOTE
    Found the following Makefile(s) without a final LF:
     src/Makevars
    Some ‘make’ programs ignore lines not ending in LF.
Flavors: r-devel-linux-x86_64-debian-clang, r-devel-linux-x86_64-debian-gcc, r-devel-linux-x86_64-fedora-clang, r-devel-linux-x86_64-fedora-gcc, r-devel-osx-x86_64-clang, r-devel-windows-ix86+x86_64, r-patched-linux-x86_64, r-patched-solaris-sparc, r-patched-solaris-x86, r-release-osx-x86_64-mavericks

Version: 1.1
Check: dependencies in R code
Result: NOTE
    'library' or 'require' calls to packages already attached by Depends:
     ‘VGAM’ ‘quadprog’ ‘quantreg’
     Please remove these calls from your code.
    See the information on DESCRIPTION files in the chapter ‘Creating R
    packages’ of the ‘Writing R Extensions’ manual.
Flavors: r-release-linux-ix86, r-release-linux-x86_64, r-release-osx-x86_64-mavericks, r-release-windows-ix86+x86_64, r-oldrel-windows-ix86+x86_64