CRAN Package Check Results for Package BSquare

Last updated on 2014-07-24 03:48:45.

Flavor Version Tinstall Tcheck Ttotal Status Flags
r-devel-linux-x86_64-debian-clang 1.1 2.68 28.62 31.30 NOTE
r-devel-linux-x86_64-debian-gcc 1.1 3.87 28.44 32.31 NOTE
r-devel-linux-x86_64-fedora-clang 1.1 66.68 NOTE
r-devel-linux-x86_64-fedora-gcc 1.1 65.78 NOTE
r-devel-osx-x86_64-clang 1.1 54.46 NOTE
r-devel-windows-ix86+x86_64 1.1 13.00 54.00 67.00 NOTE
r-patched-linux-x86_64 1.1 3.87 28.56 32.43 NOTE
r-patched-solaris-sparc 1.1 403.30 NOTE
r-patched-solaris-x86 1.1 88.80 NOTE
r-release-linux-ix86 1.1 5.16 36.53 41.69 NOTE
r-release-linux-x86_64 1.1 3.88 28.94 32.82 NOTE
r-release-osx-x86_64-mavericks 1.1 NOTE
r-release-windows-ix86+x86_64 1.1 12.00 60.00 72.00 NOTE
r-oldrel-windows-ix86+x86_64 1.1 15.00 56.00 71.00 NOTE

Check Details

Version: 1.1
Check: dependencies in R code
Result: NOTE
    'library' or 'require' calls to packages already attached by Depends:
     ‘VGAM’ ‘quadprog’ ‘quantreg’
     Please remove these calls from your code.
    See the information on DESCRIPTION files in the chapter ‘Creating R
    packages’ of the ‘Writing R Extensions’ manual.
Flavors: r-devel-linux-x86_64-debian-clang, r-devel-linux-x86_64-debian-gcc, r-devel-linux-x86_64-fedora-clang, r-devel-linux-x86_64-fedora-gcc, r-devel-osx-x86_64-clang, r-devel-windows-ix86+x86_64, r-patched-linux-x86_64, r-patched-solaris-sparc, r-patched-solaris-x86, r-release-linux-ix86, r-release-linux-x86_64, r-release-osx-x86_64-mavericks, r-release-windows-ix86+x86_64, r-oldrel-windows-ix86+x86_64