CRAN Package Check Results for Package BSquare

Last updated on 2014-12-22 14:48:37.

Flavor Version Tinstall Tcheck Ttotal Status Flags
r-devel-linux-x86_64-debian-clang 1.1 2.88 29.90 32.78 NOTE
r-devel-linux-x86_64-debian-gcc 1.1 3.83 28.04 31.88 NOTE
r-devel-linux-x86_64-fedora-clang 1.1 67.88 NOTE
r-devel-linux-x86_64-fedora-gcc 1.1 64.79 NOTE
r-devel-osx-x86_64-clang 1.1 55.47 NOTE
r-devel-windows-ix86+x86_64 1.1 14.00 54.00 68.00 NOTE
r-patched-linux-x86_64 1.1 3.95 31.01 34.96 NOTE
r-patched-solaris-sparc 1.1 407.30 NOTE
r-patched-solaris-x86 1.1 90.40 NOTE
r-release-linux-ix86 1.1 5.03 34.69 39.72 NOTE
r-release-linux-x86_64 1.1 4.76 30.58 35.33 NOTE
r-release-osx-x86_64-mavericks 1.1 NOTE
r-release-windows-ix86+x86_64 1.1 15.00 62.00 77.00 NOTE
r-oldrel-windows-ix86+x86_64 1.1 15.00 60.00 75.00 NOTE

Check Details

Version: 1.1
Check: dependencies in R code
Result: NOTE
    'library' or 'require' calls to packages already attached by Depends:
     ‘VGAM’ ‘quadprog’ ‘quantreg’
     Please remove these calls from your code.
    See the information on DESCRIPTION files in the chapter ‘Creating R
    packages’ of the ‘Writing R Extensions’ manual.
Flavors: r-devel-linux-x86_64-debian-clang, r-devel-linux-x86_64-debian-gcc, r-devel-linux-x86_64-fedora-clang, r-devel-linux-x86_64-fedora-gcc, r-devel-osx-x86_64-clang, r-devel-windows-ix86+x86_64, r-patched-linux-x86_64, r-patched-solaris-sparc, r-patched-solaris-x86, r-release-linux-ix86, r-release-linux-x86_64, r-release-osx-x86_64-mavericks, r-release-windows-ix86+x86_64, r-oldrel-windows-ix86+x86_64