CRAN Package Check Results for Package BSquare

Last updated on 2014-10-23 18:47:14.

Flavor Version Tinstall Tcheck Ttotal Status Flags
r-devel-linux-x86_64-debian-clang 1.1 2.83 28.44 31.26 NOTE
r-devel-linux-x86_64-debian-gcc 1.1 3.96 28.69 32.65 NOTE
r-devel-linux-x86_64-fedora-clang 1.1 63.18 NOTE
r-devel-linux-x86_64-fedora-gcc 1.1 60.75 NOTE
r-devel-osx-x86_64-clang 1.1 55.64 NOTE
r-devel-windows-ix86+x86_64 1.1 13.00 57.00 70.00 NOTE
r-patched-linux-x86_64 1.1 3.98 29.60 33.58 NOTE
r-patched-solaris-sparc 1.1 400.60 NOTE
r-patched-solaris-x86 1.1 91.50 NOTE
r-release-linux-ix86 1.1 5.38 36.97 42.35 NOTE
r-release-linux-x86_64 1.1 3.95 30.12 34.07 NOTE
r-release-osx-x86_64-mavericks 1.1 NOTE
r-release-windows-ix86+x86_64 1.1 13.00 57.00 70.00 NOTE
r-oldrel-windows-ix86+x86_64 1.1 14.00 57.00 71.00 NOTE

Check Details

Version: 1.1
Check: dependencies in R code
Result: NOTE
    'library' or 'require' calls to packages already attached by Depends:
     ‘VGAM’ ‘quadprog’ ‘quantreg’
     Please remove these calls from your code.
    See the information on DESCRIPTION files in the chapter ‘Creating R
    packages’ of the ‘Writing R Extensions’ manual.
Flavors: r-devel-linux-x86_64-debian-clang, r-devel-linux-x86_64-debian-gcc, r-devel-linux-x86_64-fedora-clang, r-devel-linux-x86_64-fedora-gcc, r-devel-osx-x86_64-clang, r-devel-windows-ix86+x86_64, r-patched-linux-x86_64, r-patched-solaris-sparc, r-patched-solaris-x86, r-release-linux-ix86, r-release-linux-x86_64, r-release-osx-x86_64-mavericks, r-release-windows-ix86+x86_64, r-oldrel-windows-ix86+x86_64