CRAN Package Check Results for Package BSquare

Last updated on 2015-06-30 10:48:09.

Flavor Version Tinstall Tcheck Ttotal Status Flags
r-devel-linux-x86_64-debian-clang 1.1 2.76 25.10 27.87 NOTE
r-devel-linux-x86_64-debian-gcc 1.1 3.63 24.73 28.36 NOTE
r-devel-linux-x86_64-fedora-clang 1.1 54.24 NOTE
r-devel-linux-x86_64-fedora-gcc 1.1 53.30 NOTE
r-devel-osx-x86_64-clang 1.1 48.68 NOTE
r-devel-windows-ix86+x86_64 1.1 21.00 50.00 71.00 NOTE
r-patched-linux-x86_64 1.1 3.67 27.37 31.04 NOTE
r-patched-solaris-sparc 1.1 385.20 NOTE
r-patched-solaris-x86 1.1 77.60 NOTE
r-release-linux-x86_64 1.1 3.76 25.11 28.87 NOTE
r-release-osx-x86_64-mavericks 1.1 NOTE
r-release-windows-ix86+x86_64 1.1 19.00 68.00 87.00 NOTE
r-oldrel-windows-ix86+x86_64 1.1 21.00 63.00 84.00 NOTE

Check Details

Version: 1.1
Check: dependencies in R code
Result: NOTE
    'library' or 'require' calls to packages already attached by Depends:
     ‘VGAM’ ‘quadprog’ ‘quantreg’
     Please remove these calls from your code.
Flavors: r-devel-linux-x86_64-debian-clang, r-devel-linux-x86_64-debian-gcc, r-devel-linux-x86_64-fedora-clang, r-devel-linux-x86_64-fedora-gcc, r-devel-osx-x86_64-clang, r-devel-windows-ix86+x86_64, r-patched-linux-x86_64, r-patched-solaris-sparc, r-patched-solaris-x86, r-release-linux-x86_64, r-release-osx-x86_64-mavericks, r-release-windows-ix86+x86_64, r-oldrel-windows-ix86+x86_64

Version: 1.1
Check: R code for possible problems
Result: NOTE
    dqreg: no visible binding for global variable ‘median’
    dqreg: no visible global function definition for ‘median’
    log_pdf : q0: no visible global function definition for ‘qnorm’
    log_pdf : d0: no visible global function definition for ‘dnorm’
    log_pdf : q0: no visible global function definition for ‘qt’
    log_pdf : d0: no visible global function definition for ‘dt’
    log_pdf : q0: no visible global function definition for ‘qweibull’
    log_pdf : d0: no visible global function definition for ‘dweibull’
    log_pdf : q0: no visible global function definition for ‘qgamma’
    log_pdf : d0: no visible global function definition for ‘dgamma’
    make.B: no visible global function definition for ‘qnorm’
    make.B: no visible global function definition for ‘qweibull’
    make.B: no visible global function definition for ‘qgamma’
    qr_plot: no visible global function definition for ‘gray’
    qr_plot: no visible binding for global variable ‘quantile’
    qr_plot: no visible global function definition for ‘polygon’
    qr_plot: no visible global function definition for ‘lines’
    qreg: no visible global function definition for ‘sd’
    qreg: no visible global function definition for ‘lm’
    qreg: no visible global function definition for ‘var’
    qreg_spline: no visible global function definition for ‘rnorm’
    qreg_spline: no visible global function definition for ‘var’
    qreg_spline: no visible binding for global variable ‘quantile’
    rootfind: no visible global function definition for ‘runif’
Flavors: r-devel-linux-x86_64-debian-clang, r-devel-linux-x86_64-debian-gcc, r-devel-windows-ix86+x86_64

Version: 1.1
Check: line endings in Makefiles
Result: NOTE
    Found the following Makefile(s) without a final LF:
     src/Makevars
    Some ‘make’ programs ignore lines not ending in LF.
Flavors: r-devel-linux-x86_64-debian-clang, r-devel-linux-x86_64-debian-gcc, r-devel-linux-x86_64-fedora-clang, r-devel-linux-x86_64-fedora-gcc, r-devel-osx-x86_64-clang, r-devel-windows-ix86+x86_64, r-patched-linux-x86_64, r-patched-solaris-sparc, r-patched-solaris-x86, r-release-linux-x86_64, r-release-osx-x86_64-mavericks, r-release-windows-ix86+x86_64, r-oldrel-windows-ix86+x86_64