CRAN Package Check Results for Package BSquare

Last updated on 2015-02-01 11:47:07.

Flavor Version Tinstall Tcheck Ttotal Status Flags
r-devel-linux-x86_64-debian-clang 1.1 2.66 25.48 28.14 NOTE
r-devel-linux-x86_64-debian-gcc 1.1 3.65 25.04 28.69 NOTE
r-devel-linux-x86_64-fedora-clang 1.1 61.87 NOTE
r-devel-linux-x86_64-fedora-gcc 1.1 53.63 NOTE
r-devel-osx-x86_64-clang 1.1 55.08 NOTE
r-devel-windows-ix86+x86_64 1.1 19.00 49.00 68.00 NOTE
r-patched-linux-x86_64 1.1 3.94 30.98 34.92 NOTE
r-patched-solaris-sparc 1.1 407.10 NOTE
r-patched-solaris-x86 1.1 89.70 NOTE
r-release-linux-ix86 1.1 4.79 35.45 40.24 NOTE
r-release-linux-x86_64 1.1 3.93 29.75 33.68 NOTE
r-release-osx-x86_64-mavericks 1.1 NOTE
r-release-windows-ix86+x86_64 1.1 15.00 57.00 72.00 NOTE
r-oldrel-windows-ix86+x86_64 1.1 15.00 57.00 72.00 NOTE

Check Details

Version: 1.1
Check: dependencies in R code
Result: NOTE
    'library' or 'require' calls to packages already attached by Depends:
     ‘VGAM’ ‘quadprog’ ‘quantreg’
     Please remove these calls from your code.
Flavors: r-devel-linux-x86_64-debian-clang, r-devel-linux-x86_64-debian-gcc, r-devel-linux-x86_64-fedora-clang, r-devel-linux-x86_64-fedora-gcc, r-devel-osx-x86_64-clang, r-devel-windows-ix86+x86_64

Version: 1.1
Check: line endings in Makefiles
Result: NOTE
    Found the following Makefile(s) without a final LF:
     src/Makevars
    Some ‘make’ programs ignore lines not ending in LF.
Flavors: r-devel-linux-x86_64-debian-clang, r-devel-linux-x86_64-debian-gcc, r-devel-linux-x86_64-fedora-clang, r-devel-linux-x86_64-fedora-gcc, r-devel-osx-x86_64-clang, r-devel-windows-ix86+x86_64, r-patched-linux-x86_64, r-patched-solaris-x86, r-release-osx-x86_64-mavericks

Version: 1.1
Check: dependencies in R code
Result: NOTE
    'library' or 'require' calls to packages already attached by Depends:
     ‘VGAM’ ‘quadprog’ ‘quantreg’
     Please remove these calls from your code.
    See the information on DESCRIPTION files in the chapter ‘Creating R
    packages’ of the ‘Writing R Extensions’ manual.
Flavors: r-patched-linux-x86_64, r-patched-solaris-sparc, r-patched-solaris-x86, r-release-linux-ix86, r-release-linux-x86_64, r-release-osx-x86_64-mavericks, r-release-windows-ix86+x86_64, r-oldrel-windows-ix86+x86_64