CRAN Package Check Results for Package BSquare

Last updated on 2014-04-23 12:48:15.

Flavor Version Tinstall Tcheck Ttotal Status Flags
r-devel-linux-x86_64-debian-clang 1.1 2.80 30.32 33.12 NOTE
r-devel-linux-x86_64-debian-gcc 1.1 3.86 30.64 34.50 NOTE
r-devel-linux-x86_64-fedora-clang 1.1 64.33 NOTE
r-devel-linux-x86_64-fedora-gcc 1.1 64.99 NOTE
r-devel-osx-x86_64-clang 1.1 56.62 NOTE
r-devel-osx-x86_64-gcc 1.1 ERROR
r-devel-windows-ix86+x86_64 1.1 14.00 62.00 76.00 NOTE
r-patched-linux-x86_64 1.1 3.80 29.61 33.41 NOTE
r-patched-solaris-sparc 1.1 403.30 NOTE
r-patched-solaris-x86 1.1 92.00 NOTE
r-release-linux-ix86 1.1 6.00 49.00 55.00 NOTE
r-release-linux-x86_64 1.1 3.79 31.10 34.89 NOTE
r-release-osx-x86_64-mavericks 1.1 WARN
r-release-windows-ix86+x86_64 1.1 14.00 60.00 74.00 NOTE
r-oldrel-windows-ix86+x86_64 1.1 15.00 54.00 69.00 NOTE

Check Details

Version: 1.1
Check: dependencies in R code
Result: NOTE
    'library' or 'require' calls to packages already attached by Depends:
     ‘VGAM’ ‘quadprog’ ‘quantreg’
     Please remove these calls from your code.
    See the information on DESCRIPTION files in the chapter ‘Creating R
    packages’ of the ‘Writing R Extensions’ manual.
Flavors: r-devel-linux-x86_64-debian-clang, r-devel-linux-x86_64-debian-gcc, r-devel-linux-x86_64-fedora-clang, r-devel-linux-x86_64-fedora-gcc, r-devel-osx-x86_64-clang, r-devel-windows-ix86+x86_64, r-patched-linux-x86_64, r-patched-solaris-sparc, r-patched-solaris-x86, r-release-linux-ix86, r-release-linux-x86_64, r-release-osx-x86_64-mavericks, r-release-windows-ix86+x86_64, r-oldrel-windows-ix86+x86_64

Version: 1.1
Check: package dependencies
Result: ERROR
    Package required but not available: ‘quantreg’
    
    See the information on DESCRIPTION files in the chapter ‘Creating R
    packages’ of the ‘Writing R Extensions’ manual.
Flavor: r-devel-osx-x86_64-gcc

Version: 1.1
Check: PDF version of manual
Result: WARNING
    LaTeX errors when creating PDF version.
    This typically indicates Rd problems.
    LaTeX errors found:
    ! LaTeX Error: File `upquote.sty' not found.
    
    Type X to quit or <RETURN> to proceed,
    or enter new name. (Default extension: sty)
    
    6a8f221/Rd2.tex:8: ==> Fatal error occurred, no output PDF file produced!
Flavor: r-release-osx-x86_64-mavericks