CRAN Package Check Results for Package BTSPAS

Last updated on 2014-10-24 11:47:10.

Flavor Version Tinstall Tcheck Ttotal Status Flags
r-devel-linux-x86_64-debian-clang 2014.0901 2.25 39.76 42.02 OK
r-devel-linux-x86_64-debian-gcc 2014.0901 2.39 39.22 41.62 OK
r-devel-linux-x86_64-fedora-clang 2014.0901 80.04 OK
r-devel-linux-x86_64-fedora-gcc 2014.0901 72.31 OK
r-devel-osx-x86_64-clang 2014.0901 73.84 NOTE
r-devel-windows-ix86+x86_64 2014.0901 7.00 58.00 65.00 OK
r-patched-linux-x86_64 2014.0901 2.23 41.00 43.23 OK
r-patched-solaris-sparc 2014.0901 446.40 NOTE
r-patched-solaris-x86 2014.0901 105.90 NOTE
r-release-linux-ix86 2014.0901 2.91 49.56 52.47 OK
r-release-linux-x86_64 2014.0901 2.32 42.98 45.30 OK
r-release-osx-x86_64-mavericks 2014.0901 NOTE
r-release-osx-x86_64-snowleopard 2014.0901 NOTE
r-release-windows-ix86+x86_64 2014.0901 10.00 60.00 70.00 OK
r-oldrel-windows-ix86+x86_64 2014.0901 9.00 64.00 73.00 OK

Check Details

Version: 2014.0901
Check: package dependencies
Result: NOTE
    Package suggested but not available for checking: ‘BRugs’
Flavors: r-devel-osx-x86_64-clang, r-patched-solaris-sparc, r-patched-solaris-x86, r-release-osx-x86_64-mavericks, r-release-osx-x86_64-snowleopard