CRAN Package Check Results for Package BTSPAS

Last updated on 2015-01-26 17:47:36.

Flavor Version Tinstall Tcheck Ttotal Status Flags
r-devel-linux-x86_64-debian-clang 2014.0901 1.67 31.88 33.55 OK
r-devel-linux-x86_64-debian-gcc 2014.0901 1.63 30.76 32.39 OK
r-devel-linux-x86_64-fedora-clang 2014.0901 81.12 OK
r-devel-linux-x86_64-fedora-gcc 2014.0901 79.82 OK
r-devel-osx-x86_64-clang 2014.0901 72.73 NOTE
r-devel-windows-ix86+x86_64 2014.0901 8.00 41.00 49.00 OK
r-patched-linux-x86_64 2014.0901 2.25 40.90 43.16 OK
r-patched-solaris-sparc 2014.0901 478.30 NOTE
r-patched-solaris-x86 2014.0901 103.80 NOTE
r-release-linux-ix86 2014.0901 2.84 47.58 50.43 OK
r-release-linux-x86_64 2014.0901 3.33 40.98 44.31 OK
r-release-osx-x86_64-mavericks 2014.0901 NOTE
r-release-osx-x86_64-snowleopard 2014.0901 NOTE
r-release-windows-ix86+x86_64 2014.0901 7.00 65.00 72.00 OK
r-oldrel-windows-ix86+x86_64 2014.0901 14.00 67.00 81.00 OK

Check Details

Version: 2014.0901
Check: package dependencies
Result: NOTE
    Package suggested but not available for checking: ‘BRugs’
Flavors: r-devel-osx-x86_64-clang, r-patched-solaris-sparc, r-patched-solaris-x86, r-release-osx-x86_64-mavericks, r-release-osx-x86_64-snowleopard