CRAN Package Check Results for Package BTSPAS

Last updated on 2014-11-01 11:48:58.

Flavor Version Tinstall Tcheck Ttotal Status Flags
r-devel-linux-x86_64-debian-clang 2014.0901 2.19 39.09 41.28 OK
r-devel-linux-x86_64-debian-gcc 2014.0901 2.19 39.28 41.47 OK
r-devel-linux-x86_64-fedora-clang 2014.0901 82.96 OK
r-devel-linux-x86_64-fedora-gcc 2014.0901 74.30 OK
r-devel-osx-x86_64-clang 2014.0901 73.84 NOTE
r-devel-windows-ix86+x86_64 2014.0901 10.00 58.00 68.00 OK
r-patched-linux-x86_64 2014.0901 2.28 41.26 43.54 OK
r-patched-solaris-sparc 2014.0901 446.40 NOTE
r-patched-solaris-x86 2014.0901 104.60 NOTE
r-release-linux-ix86 2014.0901 2.91 49.56 52.47 OK
r-release-linux-x86_64 2014.0901 2.32 42.98 45.30 OK
r-release-osx-x86_64-mavericks 2014.0901 NOTE
r-release-osx-x86_64-snowleopard 2014.0901 NOTE
r-release-windows-ix86+x86_64 2014.0901 10.00 61.00 71.00 OK
r-oldrel-windows-ix86+x86_64 2014.0901 9.00 67.00 76.00 OK

Check Details

Version: 2014.0901
Check: package dependencies
Result: NOTE
    Package suggested but not available for checking: ‘BRugs’
Flavors: r-devel-osx-x86_64-clang, r-patched-solaris-sparc, r-patched-solaris-x86, r-release-osx-x86_64-mavericks, r-release-osx-x86_64-snowleopard