CRAN Package Check Results for Package BTSPAS

Last updated on 2015-03-03 03:48:49.

Flavor Version Tinstall Tcheck Ttotal Status Flags
r-devel-linux-x86_64-debian-clang 2014.0901 1.43 31.60 33.03 OK
r-devel-linux-x86_64-debian-gcc 2014.0901 1.37 30.64 32.01 OK
r-devel-linux-x86_64-fedora-clang 2014.0901 62.25 OK
r-devel-linux-x86_64-fedora-gcc 2014.0901 56.75 OK
r-devel-osx-x86_64-clang 2014.0901 58.90 NOTE
r-devel-windows-ix86+x86_64 2014.0901 9.00 57.00 66.00 OK
r-patched-linux-x86_64 2014.0901 2.48 42.68 45.16 OK
r-patched-solaris-sparc 2014.0901 478.30 NOTE
r-patched-solaris-x86 2014.0901 105.90 NOTE
r-release-linux-ix86 2014.0901 2.84 48.86 51.70 OK
r-release-linux-x86_64 2014.0901 2.40 42.72 45.13 OK
r-release-osx-x86_64-mavericks 2014.0901 NOTE
r-release-osx-x86_64-snowleopard 2014.0901 NOTE
r-release-windows-ix86+x86_64 2014.0901 16.00 97.00 113.00 OK
r-oldrel-windows-ix86+x86_64 2014.0901 9.00 69.00 78.00 OK

Check Details

Version: 2014.0901
Check: package dependencies
Result: NOTE
    Package suggested but not available for checking: ‘BRugs’
Flavors: r-devel-osx-x86_64-clang, r-patched-solaris-sparc, r-patched-solaris-x86, r-release-osx-x86_64-mavericks, r-release-osx-x86_64-snowleopard