CRAN Package Check Results for Package BTSPAS

Last updated on 2014-08-28 00:46:56.

Flavor Version Tinstall Tcheck Ttotal Status Flags
r-devel-linux-x86_64-debian-clang 2014.0901 2.20 38.74 40.94 OK
r-devel-linux-x86_64-debian-gcc 2014.0901 2.19 38.04 40.23 OK
r-devel-linux-x86_64-fedora-clang 2014.0901 46.18 OK
r-devel-linux-x86_64-fedora-gcc 2014.0901 74.77 OK
r-devel-osx-x86_64-clang 2014.0901 68.12 NOTE
r-devel-windows-ix86+x86_64 2014.0901 8.00 63.00 71.00 OK
r-patched-solaris-sparc 2014.0901 446.40 NOTE
r-patched-solaris-x86 2014.0901 86.80 NOTE
r-release-linux-x86_64 2014.0901 2.34 41.02 43.36 OK
r-release-osx-x86_64-mavericks 2014.0901 ERROR
r-release-windows-ix86+x86_64 2014.0901 11.00 73.00 84.00 OK
r-oldrel-windows-ix86+x86_64 2014.0901 10.00 82.00 92.00 OK

Check Details

Version: 2014.0901
Check: package dependencies
Result: NOTE
    Package suggested but not available for checking: ‘BRugs’
Flavors: r-devel-osx-x86_64-clang, r-patched-solaris-sparc, r-patched-solaris-x86

Version: 2014.0901
Check: package dependencies
Result: ERROR
    Package required but not available: ‘rjags’
    
    Package suggested but not available for checking: ‘BRugs’
    
    See the information on DESCRIPTION files in the chapter ‘Creating R
    packages’ of the ‘Writing R Extensions’ manual.
Flavor: r-release-osx-x86_64-mavericks