CRAN Package Check Results for Package BTSPAS

Last updated on 2015-05-28 03:47:20.

Flavor Version Tinstall Tcheck Ttotal Status Flags
r-devel-linux-x86_64-debian-clang 2014.0901 1.73 31.89 33.62 OK
r-devel-linux-x86_64-debian-gcc 2014.0901 1.97 30.36 32.33 OK
r-devel-linux-x86_64-fedora-clang 2014.0901 62.94 OK
r-devel-linux-x86_64-fedora-gcc 2014.0901 58.80 OK
r-devel-osx-x86_64-clang 2014.0901 59.55 NOTE
r-devel-windows-ix86+x86_64 2014.0901 6.00 43.00 49.00 OK
r-patched-linux-x86_64 2014.0901 1.50 30.50 32.00 OK
r-patched-solaris-sparc 2014.0901 395.00 NOTE
r-patched-solaris-x86 2014.0901 83.30 NOTE
r-release-linux-x86_64 2014.0901 2.02 30.54 32.57 OK
r-release-osx-x86_64-mavericks 2014.0901 NOTE
r-release-osx-x86_64-snowleopard 2014.0901 ERROR
r-release-windows-ix86+x86_64 2014.0901 5.00 43.00 48.00 OK
r-oldrel-windows-ix86+x86_64 2014.0901 11.00 72.00 83.00 OK

Check Details

Version: 2014.0901
Check: package dependencies
Result: NOTE
    Package suggested but not available for checking: ‘BRugs’
Flavors: r-devel-osx-x86_64-clang, r-patched-solaris-sparc, r-patched-solaris-x86, r-release-osx-x86_64-mavericks

Version: 2014.0901
Check: package dependencies
Result: ERROR
    Package required but not available: ‘ggplot2’
    
    Package suggested but not available for checking: ‘BRugs’
    
    See section ‘The DESCRIPTION file’ in the ‘Writing R Extensions’
    manual.
Flavor: r-release-osx-x86_64-snowleopard