CRAN Package Check Results for Package BTSPAS

Last updated on 2014-12-19 20:48:12.

Flavor Version Tinstall Tcheck Ttotal Status Flags
r-devel-linux-x86_64-debian-clang 2014.0901 2.23 40.93 43.16 OK
r-devel-linux-x86_64-debian-gcc 2014.0901 2.18 38.50 40.68 OK
r-devel-linux-x86_64-fedora-clang 2014.0901 81.79 OK
r-devel-linux-x86_64-fedora-gcc 2014.0901 77.51 OK
r-devel-osx-x86_64-clang 2014.0901 73.58 NOTE
r-devel-windows-ix86+x86_64 2014.0901 10.00 62.00 72.00 OK
r-patched-linux-x86_64 2014.0901 2.26 40.74 43.00 OK
r-patched-solaris-sparc 2014.0901 446.40 NOTE
r-patched-solaris-x86 2014.0901 105.60 NOTE
r-release-linux-ix86 2014.0901 2.82 47.34 50.16 OK
r-release-linux-x86_64 2014.0901 2.22 40.52 42.74 OK
r-release-osx-x86_64-mavericks 2014.0901 NOTE
r-release-osx-x86_64-snowleopard 2014.0901 NOTE
r-release-windows-ix86+x86_64 2014.0901 9.00 66.00 75.00 OK
r-oldrel-windows-ix86+x86_64 2014.0901 9.00 68.00 77.00 OK

Check Details

Version: 2014.0901
Check: package dependencies
Result: NOTE
    Package suggested but not available for checking: ‘BRugs’
Flavors: r-devel-osx-x86_64-clang, r-patched-solaris-sparc, r-patched-solaris-x86, r-release-osx-x86_64-mavericks, r-release-osx-x86_64-snowleopard