CRAN Package Check Results for Package BTSPAS

Last updated on 2014-09-22 23:49:11.

Flavor Version Tinstall Tcheck Ttotal Status Flags
r-devel-linux-x86_64-debian-clang 2014.0901 2.37 39.26 41.63 OK
r-devel-linux-x86_64-debian-gcc 2014.0901 2.21 38.86 41.07 OK
r-devel-linux-x86_64-fedora-clang 2014.0901 83.94 OK
r-devel-linux-x86_64-fedora-gcc 2014.0901 83.25 OK
r-devel-osx-x86_64-clang 2014.0901 68.58 NOTE
r-devel-windows-ix86+x86_64 2014.0901 9.00 59.00 68.00 OK
r-patched-linux-x86_64 2014.0901 2.67 41.19 43.86 OK
r-patched-solaris-sparc 2014.0901 446.40 NOTE
r-patched-solaris-x86 2014.0901 105.70 NOTE
r-release-linux-ix86 2014.0901 3.19 50.06 53.24 OK
r-release-linux-x86_64 2014.0901 2.28 40.91 43.18 OK
r-release-osx-x86_64-mavericks 2014.0901 NOTE
r-release-osx-x86_64-snowleopard 2014.0901 NOTE
r-release-windows-ix86+x86_64 2014.0901 8.00 61.00 69.00 OK
r-oldrel-windows-ix86+x86_64 2014.0901 10.00 67.00 77.00 OK

Check Details

Version: 2014.0901
Check: package dependencies
Result: NOTE
    Package suggested but not available for checking: ‘BRugs’
Flavors: r-devel-osx-x86_64-clang, r-patched-solaris-sparc, r-patched-solaris-x86, r-release-osx-x86_64-mavericks, r-release-osx-x86_64-snowleopard