CRAN Package Check Results for Package BTYD

Last updated on 2015-05-30 15:47:38.

Flavor Version Tinstall Tcheck Ttotal Status Flags
r-devel-linux-x86_64-debian-clang 2.4 3.77 103.12 106.90 NOTE
r-devel-linux-x86_64-debian-gcc 2.4 3.49 99.89 103.38 NOTE
r-devel-linux-x86_64-fedora-clang 2.4 219.15 NOTE
r-devel-linux-x86_64-fedora-gcc 2.4 206.77 NOTE
r-devel-osx-x86_64-clang 2.4 193.72 NOTE
r-devel-windows-ix86+x86_64 2.4 13.00 162.00 175.00 NOTE
r-patched-linux-x86_64 2.4 3.49 98.94 102.43 NOTE
r-patched-solaris-sparc 2.4 1251.40 NOTE
r-patched-solaris-x86 2.4 269.50 NOTE
r-release-linux-x86_64 2.4 4.06 103.59 107.65 OK
r-release-osx-x86_64-mavericks 2.4 OK
r-release-osx-x86_64-snowleopard 2.4 ERROR
r-release-windows-ix86+x86_64 2.4 12.00 147.00 159.00 OK
r-oldrel-windows-ix86+x86_64 2.4 14.00 150.00 164.00 OK

Check Details

Version: 2.4
Check: files in ‘vignettes’
Result: NOTE
    The following directory looks like a leftover from 'knitr':
     ‘figure’
    Please remove from your package.
Flavors: r-devel-linux-x86_64-debian-clang, r-devel-linux-x86_64-debian-gcc, r-devel-linux-x86_64-fedora-clang, r-devel-linux-x86_64-fedora-gcc, r-devel-osx-x86_64-clang, r-devel-windows-ix86+x86_64, r-patched-linux-x86_64, r-patched-solaris-sparc, r-patched-solaris-x86

Version: 2.4
Check: package dependencies
Result: ERROR
    Package suggested but not available for checking: ‘knitr’
    
    VignetteBuilder package required for checking but not installed: ‘knitr’
    
    Files named as vignettes but with no recognized vignette engine:
     ‘inst/doc/BTYD-walkthrough.Rnw’
    (Is a VignetteBuilder field missing?)
    
    See section ‘The DESCRIPTION file’ in the ‘Writing R Extensions’
    manual.
Flavor: r-release-osx-x86_64-snowleopard