CRAN Package Check Results for Package BTYD

Last updated on 2015-04-27 19:47:09.

Flavor Version Tinstall Tcheck Ttotal Status Flags
r-devel-linux-x86_64-debian-clang 2.4 3.67 100.18 103.84 NOTE
r-devel-linux-x86_64-debian-gcc 2.4 3.50 100.68 104.18 NOTE
r-devel-linux-x86_64-fedora-clang 2.4 221.04 NOTE
r-devel-linux-x86_64-fedora-gcc 2.4 209.48 NOTE
r-devel-osx-x86_64-clang 2.4 192.67 NOTE
r-devel-windows-ix86+x86_64 2.4 12.00 175.00 187.00 NOTE
r-patched-linux-x86_64 2.4 3.54 99.71 103.24 NOTE
r-patched-solaris-sparc 2.4 1546.60 NOTE
r-patched-solaris-x86 2.4 265.90 NOTE
r-release-linux-x86_64 2.4 3.53 99.84 103.36 OK
r-release-osx-x86_64-mavericks 2.4 OK
r-release-osx-x86_64-snowleopard 2.4 ERROR
r-release-windows-ix86+x86_64 2.4 16.00 199.00 215.00 OK
r-oldrel-windows-ix86+x86_64 2.4 12.00 183.00 195.00 OK

Check Details

Version: 2.4
Check: files in ‘vignettes’
Result: NOTE
    The following directory looks like a leftover from 'knitr':
     ‘figure’
    Please remove from your package.
Flavors: r-devel-linux-x86_64-debian-clang, r-devel-linux-x86_64-debian-gcc, r-devel-linux-x86_64-fedora-clang, r-devel-linux-x86_64-fedora-gcc, r-devel-osx-x86_64-clang, r-devel-windows-ix86+x86_64, r-patched-solaris-sparc, r-patched-solaris-x86

Version: 2.4
Check: package dependencies
Result: ERROR
    Package suggested but not available for checking: ‘knitr’
    
    VignetteBuilder package required for checking but not installed: ‘knitr’
    
    Files named as vignettes but with no recognized vignette engine:
     ‘inst/doc/BTYD-walkthrough.Rnw’
    (Is a VignetteBuilder field missing?)
    
    See section ‘The DESCRIPTION file’ in the ‘Writing R Extensions’
    manual.
Flavor: r-release-osx-x86_64-snowleopard