CRAN Package Check Results for Package BTYD

Last updated on 2014-08-02 01:49:58.

Flavor Version Tinstall Tcheck Ttotal Status Flags
r-devel-linux-x86_64-debian-clang 2.3 4.67 149.48 154.16 OK
r-devel-linux-x86_64-debian-gcc 2.3 4.31 142.05 146.36 OK
r-devel-linux-x86_64-fedora-clang 2.3 338.78 OK
r-devel-linux-x86_64-fedora-gcc 2.3 328.29 OK
r-devel-osx-x86_64-clang 2.3 291.43 OK
r-devel-windows-ix86+x86_64 2.3 12.00 213.00 225.00 OK
r-patched-linux-x86_64 2.3 4.46 142.42 146.88 OK
r-patched-solaris-sparc 2.3 1773.30 OK
r-patched-solaris-x86 2.3 403.80 OK
r-release-linux-ix86 2.3 5.19 172.46 177.66 OK
r-release-linux-x86_64 2.3 4.55 143.41 147.96 OK
r-release-osx-x86_64-mavericks 2.3 ERROR
r-release-osx-x86_64-snowleopard 2.3 OK
r-release-windows-ix86+x86_64 2.3 17.00 296.00 313.00 OK
r-oldrel-windows-ix86+x86_64 2.3 16.00 332.00 348.00 OK

Check Details

Version: 2.3
Check: package dependencies
Result: ERROR
    Package required but not available: gsl
    
    See the information on DESCRIPTION files in the chapter Creating R
    packages of the Writing R Extensions manual.
Flavor: r-release-osx-x86_64-mavericks