CRAN Package Check Results for Package BTYD

Last updated on 2015-07-02 19:46:58.

Flavor Version Tinstall Tcheck Ttotal Status Flags
r-devel-linux-x86_64-debian-clang 2.4 3.67 100.16 103.83 NOTE
r-devel-linux-x86_64-debian-gcc 2.4 4.20 101.56 105.76 NOTE
r-devel-linux-x86_64-fedora-clang 2.4 209.25 NOTE
r-devel-linux-x86_64-fedora-gcc 2.4 203.62 NOTE
r-devel-osx-x86_64-clang 2.4 202.55 NOTE
r-devel-windows-ix86+x86_64 2.4 12.00 149.00 161.00 NOTE
r-patched-linux-x86_64 2.4 3.88 96.96 100.84 NOTE
r-patched-solaris-sparc 2.4 1251.40 NOTE
r-patched-solaris-x86 2.4 272.60 NOTE
r-release-linux-x86_64 2.4 3.61 97.85 101.46 NOTE
r-release-osx-x86_64-mavericks 2.4 OK
r-release-windows-ix86+x86_64 2.4 11.00 165.00 176.00 NOTE
r-oldrel-windows-ix86+x86_64 2.4 15.00 162.00 177.00 OK

Check Details

Version: 2.4
Check: R code for possible problems
Result: NOTE
    bgbb.EstimateParameters: no visible global function definition for
     ‘optim’
    bgbb.HeatmapHoldoutExpectedTrans: no visible global function definition
     for ‘heatmap’
    bgbb.HeatmapHoldoutExpectedTrans: no visible global function definition
     for ‘gray’
    bgbb.PlotDropoutRateHeterogeneity: no visible global function
     definition for ‘dbeta’
    bgbb.PlotDropoutRateHeterogeneity: no visible global function
     definition for ‘plot’
    bgbb.PlotDropoutRateHeterogeneity: no visible global function
     definition for ‘mtext’
    bgbb.PlotFreqVsConditionalExpectedFrequency: no visible global function
     definition for ‘plot’
    bgbb.PlotFreqVsConditionalExpectedFrequency: no visible global function
     definition for ‘lines’
    bgbb.PlotFreqVsConditionalExpectedFrequency: no visible global function
     definition for ‘axis’
    bgbb.PlotFreqVsConditionalExpectedFrequency: no visible global function
     definition for ‘legend’
    bgbb.PlotFrequencyInCalibration: no visible global function definition
     for ‘barplot’
    bgbb.PlotFrequencyInCalibration: no visible global function definition
     for ‘legend’
    bgbb.PlotFrequencyInHoldout: no visible global function definition for
     ‘barplot’
    bgbb.PlotFrequencyInHoldout: no visible global function definition for
     ‘legend’
    bgbb.PlotRecVsConditionalExpectedFrequency: no visible global function
     definition for ‘plot’
    bgbb.PlotRecVsConditionalExpectedFrequency: no visible global function
     definition for ‘lines’
    bgbb.PlotRecVsConditionalExpectedFrequency: no visible global function
     definition for ‘axis’
    bgbb.PlotRecVsConditionalExpectedFrequency: no visible global function
     definition for ‘legend’
    bgbb.PlotTrackingCum: no visible global function definition for ‘plot’
    bgbb.PlotTrackingCum: no visible global function definition for ‘lines’
    bgbb.PlotTrackingCum: no visible global function definition for ‘axis’
    bgbb.PlotTrackingCum: no visible global function definition for
     ‘abline’
    bgbb.PlotTrackingCum: no visible global function definition for
     ‘legend’
    bgbb.PlotTrackingInc: no visible global function definition for ‘plot’
    bgbb.PlotTrackingInc: no visible global function definition for ‘lines’
    bgbb.PlotTrackingInc: no visible global function definition for ‘axis’
    bgbb.PlotTrackingInc: no visible global function definition for
     ‘abline’
    bgbb.PlotTrackingInc: no visible global function definition for
     ‘legend’
    bgbb.PlotTransactionRateHeterogeneity: no visible global function
     definition for ‘dbeta’
    bgbb.PlotTransactionRateHeterogeneity: no visible global function
     definition for ‘plot’
    bgbb.PlotTransactionRateHeterogeneity: no visible global function
     definition for ‘mtext’
    bgnbd.EstimateParameters: no visible global function definition for
     ‘optim’
    bgnbd.PlotDropoutRateHeterogeneity: no visible global function
     definition for ‘qbeta’
    bgnbd.PlotDropoutRateHeterogeneity: no visible global function
     definition for ‘dbeta’
    bgnbd.PlotDropoutRateHeterogeneity: no visible global function
     definition for ‘plot’
    bgnbd.PlotDropoutRateHeterogeneity: no visible global function
     definition for ‘mtext’
    bgnbd.PlotFreqVsConditionalExpectedFrequency: no visible global
     function definition for ‘plot’
    bgnbd.PlotFreqVsConditionalExpectedFrequency: no visible global
     function definition for ‘lines’
    bgnbd.PlotFreqVsConditionalExpectedFrequency: no visible global
     function definition for ‘axis’
    bgnbd.PlotFreqVsConditionalExpectedFrequency: no visible global
     function definition for ‘legend’
    bgnbd.PlotFrequencyInCalibration: no visible global function definition
     for ‘barplot’
    bgnbd.PlotFrequencyInCalibration: no visible global function definition
     for ‘legend’
    bgnbd.PlotRecVsConditionalExpectedFrequency: no visible global function
     definition for ‘plot’
    bgnbd.PlotRecVsConditionalExpectedFrequency: no visible global function
     definition for ‘lines’
    bgnbd.PlotRecVsConditionalExpectedFrequency: no visible global function
     definition for ‘axis’
    bgnbd.PlotRecVsConditionalExpectedFrequency: no visible global function
     definition for ‘legend’
    bgnbd.PlotTrackingCum: no visible global function definition for ‘plot’
    bgnbd.PlotTrackingCum: no visible global function definition for
     ‘lines’
    bgnbd.PlotTrackingCum: no visible global function definition for ‘axis’
    bgnbd.PlotTrackingCum: no visible global function definition for
     ‘abline’
    bgnbd.PlotTrackingCum: no visible global function definition for
     ‘legend’
    bgnbd.PlotTrackingInc: no visible global function definition for ‘plot’
    bgnbd.PlotTrackingInc: no visible global function definition for
     ‘lines’
    bgnbd.PlotTrackingInc: no visible global function definition for ‘axis’
    bgnbd.PlotTrackingInc: no visible global function definition for
     ‘abline’
    bgnbd.PlotTrackingInc: no visible global function definition for
     ‘legend’
    bgnbd.PlotTransactionRateHeterogeneity: no visible global function
     definition for ‘qgamma’
    bgnbd.PlotTransactionRateHeterogeneity: no visible global function
     definition for ‘dgamma’
    bgnbd.PlotTransactionRateHeterogeneity: no visible global function
     definition for ‘plot’
    bgnbd.PlotTransactionRateHeterogeneity: no visible global function
     definition for ‘mtext’
    bgnbd.compress.cbs: no visible global function definition for
     ‘aggregate’
    dc.CreateFreqCBT: no visible global function definition for ‘xtabs’
    dc.CreateReachCBT: no visible global function definition for ‘xtabs’
    dc.CreateSpendCBT: no visible global function definition for ‘xtabs’
    dc.MergeTransactionsOnSameDate: no visible global function definition
     for ‘aggregate’
    dc.PlotLogLikelihoodContour: no visible global function definition for
     ‘dev.new’
    dc.PlotLogLikelihoodContour: no visible global function definition for
     ‘contour’
    dc.PlotLogLikelihoodContour: no visible global function definition for
     ‘abline’
    dc.PlotLogLikelihoodContour: no visible global function definition for
     ‘title’
    dc.PlotLogLikelihoodContours: no visible global function definition for
     ‘combn’
    dc.PlotLogLikelihoodContours: no visible global function definition for
     ‘dev.new’
    dc.PlotLogLikelihoodContours: no visible global function definition for
     ‘par’
    dc.WriteLine: no visible global function definition for ‘flush.console’
    pnbd.EstimateParameters: no visible global function definition for
     ‘optim’
    pnbd.Plot.DERT: no visible global function definition for ‘contour’
    pnbd.Plot.DERT: no visible global function definition for ‘persp’
    pnbd.PlotDropoutRateHeterogeneity: no visible global function
     definition for ‘qgamma’
    pnbd.PlotDropoutRateHeterogeneity: no visible global function
     definition for ‘dgamma’
    pnbd.PlotDropoutRateHeterogeneity: no visible global function
     definition for ‘plot’
    pnbd.PlotDropoutRateHeterogeneity: no visible global function
     definition for ‘mtext’
    pnbd.PlotFreqVsConditionalExpectedFrequency: no visible global function
     definition for ‘plot’
    pnbd.PlotFreqVsConditionalExpectedFrequency: no visible global function
     definition for ‘lines’
    pnbd.PlotFreqVsConditionalExpectedFrequency: no visible global function
     definition for ‘axis’
    pnbd.PlotFreqVsConditionalExpectedFrequency: no visible global function
     definition for ‘legend’
    pnbd.PlotFrequencyInCalibration: no visible global function definition
     for ‘barplot’
    pnbd.PlotFrequencyInCalibration: no visible global function definition
     for ‘legend’
    pnbd.PlotRecVsConditionalExpectedFrequency: no visible global function
     definition for ‘plot’
    pnbd.PlotRecVsConditionalExpectedFrequency: no visible global function
     definition for ‘lines’
    pnbd.PlotRecVsConditionalExpectedFrequency: no visible global function
     definition for ‘axis’
    pnbd.PlotRecVsConditionalExpectedFrequency: no visible global function
     definition for ‘legend’
    pnbd.PlotTrackingCum: no visible global function definition for ‘plot’
    pnbd.PlotTrackingCum: no visible global function definition for ‘lines’
    pnbd.PlotTrackingCum: no visible global function definition for ‘axis’
    pnbd.PlotTrackingCum: no visible global function definition for
     ‘abline’
    pnbd.PlotTrackingCum: no visible global function definition for
     ‘legend’
    pnbd.PlotTrackingInc: no visible global function definition for ‘plot’
    pnbd.PlotTrackingInc: no visible global function definition for ‘lines’
    pnbd.PlotTrackingInc: no visible global function definition for ‘axis’
    pnbd.PlotTrackingInc: no visible global function definition for
     ‘abline’
    pnbd.PlotTrackingInc: no visible global function definition for
     ‘legend’
    pnbd.PlotTransactionRateHeterogeneity: no visible global function
     definition for ‘qgamma’
    pnbd.PlotTransactionRateHeterogeneity: no visible global function
     definition for ‘dgamma’
    pnbd.PlotTransactionRateHeterogeneity: no visible global function
     definition for ‘plot’
    pnbd.PlotTransactionRateHeterogeneity: no visible global function
     definition for ‘mtext’
    pnbd.compress.cbs: no visible global function definition for
     ‘aggregate’
    spend.EstimateParameters: no visible global function definition for
     ‘optim’
    spend.plot.average.transaction.value: no visible global function
     definition for ‘plot’
    spend.plot.average.transaction.value: no visible global function
     definition for ‘lines’
    spend.plot.average.transaction.value: no visible global function
     definition for ‘density’
    spend.plot.average.transaction.value: no visible global function
     definition for ‘smooth.spline’
    spend.plot.average.transaction.value: no visible global function
     definition for ‘legend’
    Undefined global functions or variables:
     abline aggregate axis barplot combn contour dbeta density dev.new
     dgamma flush.console gray heatmap legend lines mtext optim par persp
     plot qbeta qgamma smooth.spline title xtabs
Flavors: r-devel-linux-x86_64-debian-clang, r-devel-linux-x86_64-fedora-clang, r-devel-linux-x86_64-fedora-gcc

Version: 2.4
Check: files in ‘vignettes’
Result: NOTE
    The following directory looks like a leftover from 'knitr':
     ‘figure’
    Please remove from your package.
Flavors: r-devel-linux-x86_64-debian-clang, r-devel-linux-x86_64-debian-gcc, r-devel-linux-x86_64-fedora-clang, r-devel-linux-x86_64-fedora-gcc, r-devel-osx-x86_64-clang, r-devel-windows-ix86+x86_64, r-patched-linux-x86_64, r-patched-solaris-sparc, r-patched-solaris-x86, r-release-linux-x86_64, r-release-windows-ix86+x86_64

Version: 2.4
Check: R code for possible problems
Result: NOTE
    bgbb.EstimateParameters: no visible global function definition for
     ‘optim’
    bgbb.HeatmapHoldoutExpectedTrans: no visible global function definition
     for ‘heatmap’
    bgbb.HeatmapHoldoutExpectedTrans: no visible global function definition
     for ‘gray’
    bgbb.PlotDropoutRateHeterogeneity: no visible global function
     definition for ‘dbeta’
    bgbb.PlotDropoutRateHeterogeneity: no visible global function
     definition for ‘plot’
    bgbb.PlotDropoutRateHeterogeneity: no visible global function
     definition for ‘mtext’
    bgbb.PlotFreqVsConditionalExpectedFrequency: no visible global function
     definition for ‘plot’
    bgbb.PlotFreqVsConditionalExpectedFrequency: no visible global function
     definition for ‘lines’
    bgbb.PlotFreqVsConditionalExpectedFrequency: no visible global function
     definition for ‘axis’
    bgbb.PlotFreqVsConditionalExpectedFrequency: no visible global function
     definition for ‘legend’
    bgbb.PlotFrequencyInCalibration: no visible global function definition
     for ‘barplot’
    bgbb.PlotFrequencyInCalibration: no visible global function definition
     for ‘legend’
    bgbb.PlotFrequencyInHoldout: no visible global function definition for
     ‘barplot’
    bgbb.PlotFrequencyInHoldout: no visible global function definition for
     ‘legend’
    bgbb.PlotRecVsConditionalExpectedFrequency: no visible global function
     definition for ‘plot’
    bgbb.PlotRecVsConditionalExpectedFrequency: no visible global function
     definition for ‘lines’
    bgbb.PlotRecVsConditionalExpectedFrequency: no visible global function
     definition for ‘axis’
    bgbb.PlotRecVsConditionalExpectedFrequency: no visible global function
     definition for ‘legend’
    bgbb.PlotTrackingCum: no visible global function definition for ‘plot’
    bgbb.PlotTrackingCum: no visible global function definition for ‘lines’
    bgbb.PlotTrackingCum: no visible global function definition for ‘axis’
    bgbb.PlotTrackingCum: no visible global function definition for
     ‘abline’
    bgbb.PlotTrackingCum: no visible global function definition for
     ‘legend’
    bgbb.PlotTrackingInc: no visible global function definition for ‘plot’
    bgbb.PlotTrackingInc: no visible global function definition for ‘lines’
    bgbb.PlotTrackingInc: no visible global function definition for ‘axis’
    bgbb.PlotTrackingInc: no visible global function definition for
     ‘abline’
    bgbb.PlotTrackingInc: no visible global function definition for
     ‘legend’
    bgbb.PlotTransactionRateHeterogeneity: no visible global function
     definition for ‘dbeta’
    bgbb.PlotTransactionRateHeterogeneity: no visible global function
     definition for ‘plot’
    bgbb.PlotTransactionRateHeterogeneity: no visible global function
     definition for ‘mtext’
    bgnbd.EstimateParameters: no visible global function definition for
     ‘optim’
    bgnbd.PlotDropoutRateHeterogeneity: no visible global function
     definition for ‘qbeta’
    bgnbd.PlotDropoutRateHeterogeneity: no visible global function
     definition for ‘dbeta’
    bgnbd.PlotDropoutRateHeterogeneity: no visible global function
     definition for ‘plot’
    bgnbd.PlotDropoutRateHeterogeneity: no visible global function
     definition for ‘mtext’
    bgnbd.PlotFreqVsConditionalExpectedFrequency: no visible global
     function definition for ‘plot’
    bgnbd.PlotFreqVsConditionalExpectedFrequency: no visible global
     function definition for ‘lines’
    bgnbd.PlotFreqVsConditionalExpectedFrequency: no visible global
     function definition for ‘axis’
    bgnbd.PlotFreqVsConditionalExpectedFrequency: no visible global
     function definition for ‘legend’
    bgnbd.PlotFrequencyInCalibration: no visible global function definition
     for ‘barplot’
    bgnbd.PlotFrequencyInCalibration: no visible global function definition
     for ‘legend’
    bgnbd.PlotRecVsConditionalExpectedFrequency: no visible global function
     definition for ‘plot’
    bgnbd.PlotRecVsConditionalExpectedFrequency: no visible global function
     definition for ‘lines’
    bgnbd.PlotRecVsConditionalExpectedFrequency: no visible global function
     definition for ‘axis’
    bgnbd.PlotRecVsConditionalExpectedFrequency: no visible global function
     definition for ‘legend’
    bgnbd.PlotTrackingCum: no visible global function definition for ‘plot’
    bgnbd.PlotTrackingCum: no visible global function definition for
     ‘lines’
    bgnbd.PlotTrackingCum: no visible global function definition for ‘axis’
    bgnbd.PlotTrackingCum: no visible global function definition for
     ‘abline’
    bgnbd.PlotTrackingCum: no visible global function definition for
     ‘legend’
    bgnbd.PlotTrackingInc: no visible global function definition for ‘plot’
    bgnbd.PlotTrackingInc: no visible global function definition for
     ‘lines’
    bgnbd.PlotTrackingInc: no visible global function definition for ‘axis’
    bgnbd.PlotTrackingInc: no visible global function definition for
     ‘abline’
    bgnbd.PlotTrackingInc: no visible global function definition for
     ‘legend’
    bgnbd.PlotTransactionRateHeterogeneity: no visible global function
     definition for ‘qgamma’
    bgnbd.PlotTransactionRateHeterogeneity: no visible global function
     definition for ‘dgamma’
    bgnbd.PlotTransactionRateHeterogeneity: no visible global function
     definition for ‘plot’
    bgnbd.PlotTransactionRateHeterogeneity: no visible global function
     definition for ‘mtext’
    bgnbd.compress.cbs: no visible global function definition for
     ‘aggregate’
    dc.CreateFreqCBT: no visible global function definition for ‘xtabs’
    dc.CreateReachCBT: no visible global function definition for ‘xtabs’
    dc.CreateSpendCBT: no visible global function definition for ‘xtabs’
    dc.MergeTransactionsOnSameDate: no visible global function definition
     for ‘aggregate’
    dc.PlotLogLikelihoodContour: no visible global function definition for
     ‘dev.new’
    dc.PlotLogLikelihoodContour: no visible global function definition for
     ‘contour’
    dc.PlotLogLikelihoodContour: no visible global function definition for
     ‘abline’
    dc.PlotLogLikelihoodContour: no visible global function definition for
     ‘title’
    dc.PlotLogLikelihoodContours: no visible global function definition for
     ‘combn’
    dc.PlotLogLikelihoodContours: no visible global function definition for
     ‘dev.new’
    dc.PlotLogLikelihoodContours: no visible global function definition for
     ‘par’
    dc.WriteLine: no visible global function definition for ‘flush.console’
    pnbd.EstimateParameters: no visible global function definition for
     ‘optim’
    pnbd.Plot.DERT: no visible global function definition for ‘contour’
    pnbd.Plot.DERT: no visible global function definition for ‘persp’
    pnbd.PlotDropoutRateHeterogeneity: no visible global function
     definition for ‘qgamma’
    pnbd.PlotDropoutRateHeterogeneity: no visible global function
     definition for ‘dgamma’
    pnbd.PlotDropoutRateHeterogeneity: no visible global function
     definition for ‘plot’
    pnbd.PlotDropoutRateHeterogeneity: no visible global function
     definition for ‘mtext’
    pnbd.PlotFreqVsConditionalExpectedFrequency: no visible global function
     definition for ‘plot’
    pnbd.PlotFreqVsConditionalExpectedFrequency: no visible global function
     definition for ‘lines’
    pnbd.PlotFreqVsConditionalExpectedFrequency: no visible global function
     definition for ‘axis’
    pnbd.PlotFreqVsConditionalExpectedFrequency: no visible global function
     definition for ‘legend’
    pnbd.PlotFrequencyInCalibration: no visible global function definition
     for ‘barplot’
    pnbd.PlotFrequencyInCalibration: no visible global function definition
     for ‘legend’
    pnbd.PlotRecVsConditionalExpectedFrequency: no visible global function
     definition for ‘plot’
    pnbd.PlotRecVsConditionalExpectedFrequency: no visible global function
     definition for ‘lines’
    pnbd.PlotRecVsConditionalExpectedFrequency: no visible global function
     definition for ‘axis’
    pnbd.PlotRecVsConditionalExpectedFrequency: no visible global function
     definition for ‘legend’
    pnbd.PlotTrackingCum: no visible global function definition for ‘plot’
    pnbd.PlotTrackingCum: no visible global function definition for ‘lines’
    pnbd.PlotTrackingCum: no visible global function definition for ‘axis’
    pnbd.PlotTrackingCum: no visible global function definition for
     ‘abline’
    pnbd.PlotTrackingCum: no visible global function definition for
     ‘legend’
    pnbd.PlotTrackingInc: no visible global function definition for ‘plot’
    pnbd.PlotTrackingInc: no visible global function definition for ‘lines’
    pnbd.PlotTrackingInc: no visible global function definition for ‘axis’
    pnbd.PlotTrackingInc: no visible global function definition for
     ‘abline’
    pnbd.PlotTrackingInc: no visible global function definition for
     ‘legend’
    pnbd.PlotTransactionRateHeterogeneity: no visible global function
     definition for ‘qgamma’
    pnbd.PlotTransactionRateHeterogeneity: no visible global function
     definition for ‘dgamma’
    pnbd.PlotTransactionRateHeterogeneity: no visible global function
     definition for ‘plot’
    pnbd.PlotTransactionRateHeterogeneity: no visible global function
     definition for ‘mtext’
    pnbd.compress.cbs: no visible global function definition for
     ‘aggregate’
    spend.EstimateParameters: no visible global function definition for
     ‘optim’
    spend.plot.average.transaction.value: no visible global function
     definition for ‘plot’
    spend.plot.average.transaction.value: no visible global function
     definition for ‘lines’
    spend.plot.average.transaction.value: no visible global function
     definition for ‘density’
    spend.plot.average.transaction.value: no visible global function
     definition for ‘smooth.spline’
    spend.plot.average.transaction.value: no visible global function
     definition for ‘legend’
Flavors: r-devel-linux-x86_64-debian-gcc, r-devel-windows-ix86+x86_64