CRAN Package Check Results for Package BTYD

Last updated on 2014-07-23 17:48:54.

Flavor Version Tinstall Tcheck Ttotal Status Flags
r-devel-linux-x86_64-debian-clang 2.3 4.43 143.14 147.57 OK
r-devel-linux-x86_64-debian-gcc 2.3 4.30 140.51 144.81 OK
r-devel-linux-x86_64-fedora-clang 2.3 242.28 OK
r-devel-linux-x86_64-fedora-gcc 2.3 219.67 OK
r-devel-osx-x86_64-clang 2.3 217.70 OK
r-devel-windows-ix86+x86_64 2.3 13.00 196.00 209.00 OK
r-patched-linux-x86_64 2.3 4.30 143.79 148.09 OK
r-patched-solaris-sparc 2.3 1656.60 OK
r-patched-solaris-x86 2.3 331.90 OK
r-release-linux-ix86 1.0 5.02 76.63 81.65 NOTE
r-release-linux-x86_64 2.3 4.49 145.57 150.06 OK
r-release-osx-x86_64-mavericks 2.3 ERROR
r-release-osx-x86_64-snowleopard 2.3 OK
r-release-windows-ix86+x86_64 2.3 12.00 195.00 207.00 OK
r-oldrel-windows-ix86+x86_64 2.3 12.00 245.00 257.00 OK

Check Details

Version: 1.0
Check: dependencies in R code
Result: NOTE
    Package in Depends field not imported from: ‘Matrix’
     These packages need to be imported from (in the NAMESPACE file)
     for when this namespace is loaded but not attached.
    See the information on DESCRIPTION files in the chapter ‘Creating R
    packages’ of the ‘Writing R Extensions’ manual.
Flavor: r-release-linux-ix86

Version: 1.0
Check: for old-style vignette sources
Result: NOTE
    Vignette sources only in ‘inst/doc’:
     ‘BTYD-walkthrough.Rnw’
    A ‘vignettes’ directory is required as from R 3.1.0
    and these will not be indexed nor checked
Flavor: r-release-linux-ix86

Version: 2.3
Check: package dependencies
Result: ERROR
    Package required but not available: ‘gsl’
    
    See the information on DESCRIPTION files in the chapter ‘Creating R
    packages’ of the ‘Writing R Extensions’ manual.
Flavor: r-release-osx-x86_64-mavericks