CRAN Package Check Results for Package BTYD

Last updated on 2014-09-20 03:48:36.

Flavor Version Tinstall Tcheck Ttotal Status Flags
r-devel-linux-x86_64-debian-clang 2.3 4.28 144.54 148.82 NOTE
r-devel-linux-x86_64-debian-gcc 2.3 4.28 136.17 140.45 NOTE
r-devel-linux-x86_64-fedora-clang 2.3 333.37 NOTE
r-devel-linux-x86_64-fedora-gcc 2.3 349.76 NOTE
r-devel-osx-x86_64-clang 2.3 294.30 NOTE
r-devel-windows-ix86+x86_64 2.3 12.00 197.00 209.00 NOTE
r-patched-linux-x86_64 2.3 4.29 147.22 151.51 OK
r-patched-solaris-sparc 2.3 1773.30 OK
r-patched-solaris-x86 2.3 413.10 OK
r-release-linux-ix86 2.3 5.23 171.61 176.84 OK
r-release-linux-x86_64 2.3 4.33 150.24 154.56 OK
r-release-osx-x86_64-mavericks 2.3 ERROR
r-release-osx-x86_64-snowleopard 2.3 OK
r-release-windows-ix86+x86_64 2.3 12.00 212.00 224.00 OK
r-oldrel-windows-ix86+x86_64 2.3 13.00 244.00 257.00 OK

Check Details

Version: 2.3
Check: R code for possible problems
Result: NOTE
    pnbd.DERT: no visible global function definition for ‘hyperg_1F1’
Flavors: r-devel-linux-x86_64-debian-clang, r-devel-linux-x86_64-debian-gcc, r-devel-linux-x86_64-fedora-clang, r-devel-linux-x86_64-fedora-gcc, r-devel-osx-x86_64-clang, r-devel-windows-ix86+x86_64

Version: 2.3
Check: package dependencies
Result: ERROR
    Package required but not available: ‘gsl’
    
    See the information on DESCRIPTION files in the chapter ‘Creating R
    packages’ of the ‘Writing R Extensions’ manual.
Flavor: r-release-osx-x86_64-mavericks