CRAN Package Check Results for Package BTYD

Last updated on 2014-04-23 17:47:41.

Flavor Version Tinstall Tcheck Ttotal Status Flags
r-devel-linux-x86_64-debian-clang 1.0 4.30 65.38 69.68 NOTE
r-devel-linux-x86_64-debian-gcc 1.0 4.51 62.80 67.32 NOTE
r-devel-linux-x86_64-fedora-clang 1.0 153.01 NOTE
r-devel-linux-x86_64-fedora-gcc 1.0 147.13 NOTE
r-devel-osx-x86_64-clang 1.0 121.77 NOTE
r-devel-osx-x86_64-gcc 1.0 NOTE
r-devel-windows-ix86+x86_64 1.0 12.00 88.00 100.00 NOTE
r-patched-linux-x86_64 1.0 4.41 62.25 66.66 NOTE
r-patched-solaris-sparc 1.0 860.90 NOTE
r-patched-solaris-x86 1.0 194.50 NOTE
r-release-linux-ix86 1.0 6.00 101.00 107.00 NOTE
r-release-linux-x86_64 1.0 4.34 64.08 68.42 NOTE
r-release-osx-x86_64-mavericks 1.0 ERROR
r-release-windows-ix86+x86_64 1.0 10.00 91.00 101.00 NOTE
r-oldrel-windows-ix86+x86_64 1.0 10.00 118.00 128.00 NOTE

Check Details

Version: 1.0
Check: dependencies in R code
Result: NOTE
    Package in Depends field not imported from: ‘Matrix’
     These packages need to be imported from (in the NAMESPACE file)
     for when this namespace is loaded but not attached.
    See the information on DESCRIPTION files in the chapter ‘Creating R
    packages’ of the ‘Writing R Extensions’ manual.
Flavors: r-devel-linux-x86_64-debian-clang, r-devel-linux-x86_64-debian-gcc, r-devel-linux-x86_64-fedora-clang, r-devel-linux-x86_64-fedora-gcc, r-devel-osx-x86_64-clang, r-devel-osx-x86_64-gcc, r-devel-windows-ix86+x86_64, r-patched-linux-x86_64, r-patched-solaris-sparc, r-patched-solaris-x86, r-release-linux-ix86, r-release-linux-x86_64, r-release-windows-ix86+x86_64, r-oldrel-windows-ix86+x86_64

Version: 1.0
Check: for old-style vignette sources
Result: NOTE
    Vignette sources only in ‘inst/doc’:
     ‘BTYD-walkthrough.Rnw’
    A ‘vignettes’ directory is required as from R 3.1.0
    and these will not be indexed nor checked
Flavors: r-devel-linux-x86_64-debian-clang, r-devel-linux-x86_64-debian-gcc, r-devel-linux-x86_64-fedora-clang, r-devel-linux-x86_64-fedora-gcc, r-devel-osx-x86_64-clang, r-devel-osx-x86_64-gcc, r-devel-windows-ix86+x86_64, r-patched-linux-x86_64, r-patched-solaris-sparc, r-patched-solaris-x86, r-release-linux-ix86, r-release-linux-x86_64, r-release-windows-ix86+x86_64

Version: 1.0
Check: Rd line widths
Result: NOTE
    Rd file 'dc.BuildCBSFromCBTAndDates.Rd':
     \examples lines wider than 100 characters:
     # Create calibration period customer-by-sufficient-statistic data frame, using weeks as the unit of time.
     cal.cbs <- dc.BuildCBSFromCBTAndDates(cal.freq.cbt, cal.dates, per="week", cbt.is.during.cal.period=TRUE)
     # Create holdout period customer-by-sufficient-statistic data frame, using weeks as the unit of time.
     holdout.cbs <- dc.BuildCBSFromCBTAndDates(holdout.freq.cbt, holdout.dates, per="week", cbt.is.during.cal.period=FALSE)
    
    Rd file 'dc.MakeRFmatrixCal.Rd':
     \examples lines wider than 100 characters:
     # Create calibration period customer-by-sufficient-statistic data frame, using years as the unit of time.
     cal.rf.matrix <- dc.MakeRFmatrixCal(frequencies, periods.of.final.purchases, num.of.purchase.periods)
    
    Rd file 'dc.MergeCustomers.Rd':
     \examples lines wider than 100 characters:
     # Create calibration period customer-by-sufficient-statistic data frame, using weeks as the unit of time.
     cal.cbs <- dc.BuildCBSFromCBTAndDates(cal.reach.cbt, cal.dates, per="week", cbt.is.during.cal.period=TRUE)
     # Create holdout period customer-by-sufficient-statistic data frame, using weeks as the unit of time.
     holdout.cbs <- dc.BuildCBSFromCBTAndDates(holdout.reach.cbt, holdout.dates, per="week", cbt.is.during.cal.period=FALSE)
    
    Rd file 'pnbd.PlotFreqVsConditionalExpectedFrequency.Rd':
     \examples lines wider than 100 characters:
     # plot conditional expected holdout period frequencies, binned according to calibration period frequencies
    
    These lines will be truncated in the PDF manual.
Flavors: r-devel-linux-x86_64-fedora-clang, r-devel-linux-x86_64-fedora-gcc

Version: 1.0
Check: package dependencies
Result: ERROR
    Package required but not available: ‘gsl’
    
    See the information on DESCRIPTION files in the chapter ‘Creating R
    packages’ of the ‘Writing R Extensions’ manual.
Flavor: r-release-osx-x86_64-mavericks

Version: 1.0
Check: for old-style vignette sources
Result: NOTE
    Vignette sources only in 'inst/doc':
     'BTYD-walkthrough.Rnw'
    A 'vignettes' directory will be required as from R 3.1.0
Flavor: r-oldrel-windows-ix86+x86_64