CRAN Package Check Results for Package BVS

Last updated on 2014-08-30 03:50:58.

Flavor Version Tinstall Tcheck Ttotal Status Flags
r-devel-linux-x86_64-debian-clang 4.12.1 3.55 52.08 55.63 NOTE
r-devel-linux-x86_64-debian-gcc 4.12.1 3.41 51.72 55.14 NOTE
r-devel-linux-x86_64-fedora-clang 4.12.1 126.09 NOTE
r-devel-linux-x86_64-fedora-gcc 4.12.1 122.99 NOTE
r-devel-osx-x86_64-clang 4.12.1 101.53 NOTE
r-devel-windows-ix86+x86_64 4.12.1 14.00 74.00 88.00 NOTE
r-patched-linux-x86_64 4.12.1 4.04 52.77 56.80 NOTE
r-patched-solaris-sparc 4.12.1 690.60 NOTE
r-patched-solaris-x86 4.12.1 167.70 NOTE
r-release-linux-ix86 4.12.1 4.49 69.02 73.51 NOTE
r-release-linux-x86_64 4.12.1 3.73 52.81 56.54 NOTE
r-release-osx-x86_64-mavericks 4.12.1 NOTE
r-release-windows-ix86+x86_64 4.12.1 10.00 79.00 89.00 NOTE
r-oldrel-windows-ix86+x86_64 4.12.1 10.00 79.00 89.00 NOTE

Check Details

Version: 4.12.1
Check: dependencies in R code
Result: NOTE
    'library' or 'require' calls to packages already attached by Depends:
     ‘MASS’ ‘haplo.stats’ ‘msm’
     Please remove these calls from your code.
    See the information on DESCRIPTION files in the chapter ‘Creating R
    packages’ of the ‘Writing R Extensions’ manual.
Flavors: r-devel-linux-x86_64-debian-clang, r-devel-linux-x86_64-debian-gcc, r-devel-linux-x86_64-fedora-clang, r-devel-linux-x86_64-fedora-gcc, r-devel-osx-x86_64-clang, r-devel-windows-ix86+x86_64, r-patched-linux-x86_64, r-patched-solaris-sparc, r-patched-solaris-x86, r-release-linux-ix86, r-release-linux-x86_64, r-release-osx-x86_64-mavericks, r-release-windows-ix86+x86_64, r-oldrel-windows-ix86+x86_64