CRAN Package Check Results for Package BVS

Last updated on 2014-07-23 13:47:47.

Flavor Version Tinstall Tcheck Ttotal Status Flags
r-devel-linux-x86_64-debian-clang 4.12.1 3.64 52.48 56.12 NOTE
r-devel-linux-x86_64-debian-gcc 4.12.1 3.52 50.89 54.41 NOTE
r-devel-linux-x86_64-fedora-clang 4.12.1 130.73 NOTE
r-devel-linux-x86_64-fedora-gcc 4.12.1 122.47 NOTE
r-devel-osx-x86_64-clang 4.12.1 104.00 NOTE
r-devel-windows-ix86+x86_64 4.12.1 10.00 72.00 82.00 NOTE
r-patched-linux-x86_64 4.12.1 3.86 51.17 55.03 NOTE
r-patched-solaris-sparc 4.12.1 685.80 NOTE
r-patched-solaris-x86 4.12.1 166.80 NOTE
r-release-linux-ix86 4.12.1 4.45 65.86 70.31 NOTE
r-release-linux-x86_64 4.12.1 4.47 54.25 58.72 NOTE
r-release-osx-x86_64-mavericks 4.12.1 NOTE
r-release-windows-ix86+x86_64 4.12.1 10.00 78.00 88.00 NOTE
r-oldrel-windows-ix86+x86_64 4.12.1 10.00 80.00 90.00 NOTE

Check Details

Version: 4.12.1
Check: dependencies in R code
Result: NOTE
    'library' or 'require' calls to packages already attached by Depends:
     ‘MASS’ ‘haplo.stats’ ‘msm’
     Please remove these calls from your code.
    See the information on DESCRIPTION files in the chapter ‘Creating R
    packages’ of the ‘Writing R Extensions’ manual.
Flavors: r-devel-linux-x86_64-debian-clang, r-devel-linux-x86_64-debian-gcc, r-devel-linux-x86_64-fedora-clang, r-devel-linux-x86_64-fedora-gcc, r-devel-osx-x86_64-clang, r-devel-windows-ix86+x86_64, r-patched-linux-x86_64, r-patched-solaris-sparc, r-patched-solaris-x86, r-release-linux-ix86, r-release-linux-x86_64, r-release-osx-x86_64-mavericks, r-release-windows-ix86+x86_64, r-oldrel-windows-ix86+x86_64