CRAN Package Check Results for Package BVS

Last updated on 2016-08-29 15:47:13.

Flavor Version Tinstall Tcheck Ttotal Status Flags
r-devel-linux-x86_64-debian-clang 4.12.1 4.08 54.80 58.88 NOTE
r-devel-linux-x86_64-debian-gcc 4.12.1 4.03 53.73 57.76 NOTE
r-devel-linux-x86_64-fedora-clang 4.12.1 115.45 NOTE
r-devel-linux-x86_64-fedora-gcc 4.12.1 110.00 NOTE
r-devel-osx-x86_64-clang 4.12.1 87.39 NOTE
r-devel-windows-ix86+x86_64 4.12.1 17.00 123.00 140.00 NOTE
r-patched-linux-x86_64 4.12.1 4.05 52.98 57.03 NOTE
r-patched-solaris-sparc 4.12.1 670.70 NOTE
r-patched-solaris-x86 4.12.1 143.60 NOTE
r-release-linux-x86_64 4.12.1 3.99 49.43 53.42 NOTE
r-release-osx-x86_64-mavericks 4.12.1 NOTE
r-release-windows-ix86+x86_64 4.12.1 10.00 84.00 94.00 NOTE
r-oldrel-windows-ix86+x86_64 4.12.1 19.00 123.00 142.00 NOTE

Check Details

Version: 4.12.1
Check: dependencies in R code
Result: NOTE
    'library' or 'require' calls to packages already attached by Depends:
     ‘MASS’ ‘haplo.stats’ ‘msm’
     Please remove these calls from your code.
Flavors: r-devel-linux-x86_64-debian-clang, r-devel-linux-x86_64-debian-gcc, r-devel-linux-x86_64-fedora-clang, r-devel-linux-x86_64-fedora-gcc, r-devel-osx-x86_64-clang, r-devel-windows-ix86+x86_64, r-patched-linux-x86_64, r-patched-solaris-sparc, r-patched-solaris-x86, r-release-linux-x86_64, r-release-osx-x86_64-mavericks, r-release-windows-ix86+x86_64, r-oldrel-windows-ix86+x86_64

Version: 4.12.1
Check: R code for possible problems
Result: NOTE
    fitBVS: no visible global function definition for ‘qnorm’
    fitBVS: no visible global function definition for ‘model.matrix’
    fitBVS: no visible global function definition for ‘as.formula’
    fitBVS: no visible global function definition for ‘glm’
    fitBVS: no visible global function definition for ‘deviance’
    fitBVS: no visible global function definition for ‘pnorm’
    plotBVS: no visible global function definition for ‘par’
    plotBVS: no visible global function definition for ‘image’
    plotBVS: no visible global function definition for ‘axis’
    sampleBVS: no visible global function definition for ‘qnorm’
    sampleBVS: no visible global function definition for ‘pnorm’
    sampleBVS: no visible global function definition for ‘runif’
    summaryBVS: no visible global function definition for ‘qnorm’
    summaryBVS : inc.prob: no visible global function definition for
     ‘pnorm’
    summaryBVS: no visible global function definition for ‘pnorm’
    summaryBVS: no visible global function definition for ‘model.matrix’
    Undefined global functions or variables:
     as.formula axis deviance glm image model.matrix par pnorm qnorm runif
    Consider adding
     importFrom("graphics", "axis", "image", "par")
     importFrom("stats", "as.formula", "deviance", "glm", "model.matrix",
     "pnorm", "qnorm", "runif")
    to your NAMESPACE file.
Flavors: r-devel-linux-x86_64-debian-clang, r-devel-linux-x86_64-debian-gcc, r-devel-linux-x86_64-fedora-clang, r-devel-linux-x86_64-fedora-gcc, r-devel-osx-x86_64-clang, r-devel-windows-ix86+x86_64, r-patched-linux-x86_64, r-patched-solaris-sparc, r-patched-solaris-x86, r-release-linux-x86_64, r-release-osx-x86_64-mavericks, r-release-windows-ix86+x86_64