CRAN Package Check Results for Package BVS

Last updated on 2014-12-20 21:46:45.

Flavor Version Tinstall Tcheck Ttotal Status Flags
r-devel-linux-x86_64-debian-clang 4.12.1 3.60 51.55 55.14 NOTE
r-devel-linux-x86_64-debian-gcc 4.12.1 3.44 48.74 52.17 NOTE
r-devel-linux-x86_64-fedora-clang 4.12.1 129.86 NOTE
r-devel-linux-x86_64-fedora-gcc 4.12.1 122.17 NOTE
r-devel-osx-x86_64-clang 4.12.1 102.66 NOTE
r-devel-windows-ix86+x86_64 4.12.1 10.00 71.00 81.00 NOTE
r-patched-linux-x86_64 4.12.1 3.59 54.59 58.18 NOTE
r-patched-solaris-sparc 4.12.1 690.60 NOTE
r-patched-solaris-x86 4.12.1 165.20 NOTE
r-release-linux-ix86 4.12.1 4.28 63.32 67.60 NOTE
r-release-linux-x86_64 4.12.1 4.74 52.94 57.68 NOTE
r-release-osx-x86_64-mavericks 4.12.1 NOTE
r-release-windows-ix86+x86_64 4.12.1 11.00 77.00 88.00 NOTE
r-oldrel-windows-ix86+x86_64 4.12.1 11.00 81.00 92.00 NOTE

Check Details

Version: 4.12.1
Check: dependencies in R code
Result: NOTE
    'library' or 'require' calls to packages already attached by Depends:
     ‘MASS’ ‘haplo.stats’ ‘msm’
     Please remove these calls from your code.
    See the information on DESCRIPTION files in the chapter ‘Creating R
    packages’ of the ‘Writing R Extensions’ manual.
Flavors: r-devel-linux-x86_64-debian-clang, r-devel-linux-x86_64-debian-gcc, r-devel-linux-x86_64-fedora-clang, r-devel-linux-x86_64-fedora-gcc, r-devel-osx-x86_64-clang, r-devel-windows-ix86+x86_64, r-patched-linux-x86_64, r-patched-solaris-sparc, r-patched-solaris-x86, r-release-linux-ix86, r-release-linux-x86_64, r-release-osx-x86_64-mavericks, r-release-windows-ix86+x86_64, r-oldrel-windows-ix86+x86_64