CRAN Package Check Results for Package BVS

Last updated on 2014-04-24 07:52:24.

Flavor Version Tinstall Tcheck Ttotal Status Flags
r-devel-linux-x86_64-debian-clang 4.12.1 3.82 53.60 57.41 NOTE
r-devel-linux-x86_64-debian-gcc 4.12.1 3.74 55.33 59.07 NOTE
r-devel-linux-x86_64-fedora-clang 4.12.1 127.80 NOTE
r-devel-linux-x86_64-fedora-gcc 4.12.1 124.54 NOTE
r-devel-osx-x86_64-clang 4.12.1 106.75 NOTE
r-devel-osx-x86_64-gcc 4.12.1 NOTE
r-devel-windows-ix86+x86_64 4.12.1 9.00 70.00 79.00 NOTE
r-patched-linux-x86_64 4.12.1 3.75 54.19 57.94 NOTE
r-patched-solaris-sparc 4.12.1 685.80 NOTE
r-patched-solaris-x86 4.12.1 166.00 NOTE
r-release-linux-ix86 4.12.1 6.00 89.00 95.00 NOTE
r-release-linux-x86_64 4.12.1 3.70 55.13 58.83 NOTE
r-release-osx-x86_64-mavericks 4.12.1 WARN
r-release-windows-ix86+x86_64 4.12.1 10.00 75.00 85.00 NOTE
r-oldrel-windows-ix86+x86_64 4.12.1 11.00 77.00 88.00 NOTE

Check Details

Version: 4.12.1
Check: dependencies in R code
Result: NOTE
    'library' or 'require' calls to packages already attached by Depends:
     ‘MASS’ ‘haplo.stats’ ‘msm’
     Please remove these calls from your code.
    See the information on DESCRIPTION files in the chapter ‘Creating R
    packages’ of the ‘Writing R Extensions’ manual.
Flavors: r-devel-linux-x86_64-debian-clang, r-devel-linux-x86_64-debian-gcc, r-devel-linux-x86_64-fedora-clang, r-devel-linux-x86_64-fedora-gcc, r-devel-osx-x86_64-clang, r-devel-osx-x86_64-gcc, r-devel-windows-ix86+x86_64, r-patched-linux-x86_64, r-patched-solaris-sparc, r-patched-solaris-x86, r-release-linux-ix86, r-release-linux-x86_64, r-release-osx-x86_64-mavericks, r-release-windows-ix86+x86_64, r-oldrel-windows-ix86+x86_64

Version: 4.12.1
Check: PDF version of manual
Result: WARNING
    LaTeX errors when creating PDF version.
    This typically indicates Rd problems.
    LaTeX errors found:
    ! LaTeX Error: File `upquote.sty' not found.
    
    Type X to quit or <RETURN> to proceed,
    or enter new name. (Default extension: sty)
    
    bc7c610/Rd2.tex:8: ==> Fatal error occurred, no output PDF file produced!
Flavor: r-release-osx-x86_64-mavericks