CRAN Package Check Results for Package BVS

Last updated on 2016-12-04 05:47:42.

Flavor Version Tinstall Tcheck Ttotal Status Flags
r-devel-linux-x86_64-debian-clang 4.12.1 4.18 56.95 61.13 NOTE
r-devel-linux-x86_64-debian-gcc 4.12.1 4.10 55.66 59.76 NOTE
r-devel-linux-x86_64-fedora-clang 4.12.1 134.35 NOTE --no-stop-on-test-error
r-devel-linux-x86_64-fedora-gcc 4.12.1 132.29 NOTE
r-devel-macos-x86_64-clang 4.12.1 99.15 NOTE --no-stop-on-test-error
r-devel-windows-ix86+x86_64 4.12.1 13.00 95.00 108.00 NOTE
r-patched-linux-x86_64 4.12.1 3.79 53.35 57.14 NOTE
r-patched-solaris-sparc 4.12.1 725.70 NOTE
r-patched-solaris-x86 4.12.1 155.40 NOTE
r-release-linux-x86_64 4.12.1 3.65 52.71 56.36 NOTE
r-release-osx-x86_64-mavericks 4.12.1 NOTE
r-release-windows-ix86+x86_64 4.12.1 16.00 99.00 115.00 NOTE
r-oldrel-windows-ix86+x86_64 4.12.1 20.00 158.00 178.00 NOTE

Check Details

Version: 4.12.1
Check: dependencies in R code
Result: NOTE
    'library' or 'require' calls to packages already attached by Depends:
     ‘MASS’ ‘haplo.stats’ ‘msm’
     Please remove these calls from your code.
Flavors: r-devel-linux-x86_64-debian-clang, r-devel-linux-x86_64-debian-gcc, r-devel-linux-x86_64-fedora-gcc, r-devel-windows-ix86+x86_64, r-patched-linux-x86_64, r-patched-solaris-sparc, r-patched-solaris-x86, r-release-linux-x86_64, r-release-osx-x86_64-mavericks, r-release-windows-ix86+x86_64, r-oldrel-windows-ix86+x86_64

Version: 4.12.1
Check: R code for possible problems
Result: NOTE
    fitBVS: no visible global function definition for ‘qnorm’
    fitBVS: no visible global function definition for ‘model.matrix’
    fitBVS: no visible global function definition for ‘as.formula’
    fitBVS: no visible global function definition for ‘glm’
    fitBVS: no visible global function definition for ‘deviance’
    fitBVS: no visible global function definition for ‘pnorm’
    plotBVS: no visible global function definition for ‘par’
    plotBVS: no visible global function definition for ‘image’
    plotBVS: no visible global function definition for ‘axis’
    sampleBVS: no visible global function definition for ‘qnorm’
    sampleBVS: no visible global function definition for ‘pnorm’
    sampleBVS: no visible global function definition for ‘runif’
    summaryBVS: no visible global function definition for ‘qnorm’
    summaryBVS : inc.prob: no visible global function definition for
     ‘pnorm’
    summaryBVS: no visible global function definition for ‘pnorm’
    summaryBVS: no visible global function definition for ‘model.matrix’
    Undefined global functions or variables:
     as.formula axis deviance glm image model.matrix par pnorm qnorm runif
    Consider adding
     importFrom("graphics", "axis", "image", "par")
     importFrom("stats", "as.formula", "deviance", "glm", "model.matrix",
     "pnorm", "qnorm", "runif")
    to your NAMESPACE file.
Flavors: r-devel-linux-x86_64-debian-clang, r-devel-linux-x86_64-debian-gcc, r-devel-linux-x86_64-fedora-gcc, r-devel-windows-ix86+x86_64, r-patched-linux-x86_64, r-patched-solaris-sparc, r-patched-solaris-x86, r-release-linux-x86_64, r-release-osx-x86_64-mavericks, r-release-windows-ix86+x86_64

Version: 4.12.1
Flags: --no-stop-on-test-error
Check: dependencies in R code
Result: NOTE
    'library' or 'require' calls to packages already attached by Depends:
     ‘MASS’ ‘haplo.stats’ ‘msm’
     Please remove these calls from your code.
Flavors: r-devel-linux-x86_64-fedora-clang, r-devel-macos-x86_64-clang

Version: 4.12.1
Flags: --no-stop-on-test-error
Check: R code for possible problems
Result: NOTE
    fitBVS: no visible global function definition for ‘qnorm’
    fitBVS: no visible global function definition for ‘model.matrix’
    fitBVS: no visible global function definition for ‘as.formula’
    fitBVS: no visible global function definition for ‘glm’
    fitBVS: no visible global function definition for ‘deviance’
    fitBVS: no visible global function definition for ‘pnorm’
    plotBVS: no visible global function definition for ‘par’
    plotBVS: no visible global function definition for ‘image’
    plotBVS: no visible global function definition for ‘axis’
    sampleBVS: no visible global function definition for ‘qnorm’
    sampleBVS: no visible global function definition for ‘pnorm’
    sampleBVS: no visible global function definition for ‘runif’
    summaryBVS: no visible global function definition for ‘qnorm’
    summaryBVS : inc.prob: no visible global function definition for
     ‘pnorm’
    summaryBVS: no visible global function definition for ‘pnorm’
    summaryBVS: no visible global function definition for ‘model.matrix’
    Undefined global functions or variables:
     as.formula axis deviance glm image model.matrix par pnorm qnorm runif
    Consider adding
     importFrom("graphics", "axis", "image", "par")
     importFrom("stats", "as.formula", "deviance", "glm", "model.matrix",
     "pnorm", "qnorm", "runif")
    to your NAMESPACE file.
Flavors: r-devel-linux-x86_64-fedora-clang, r-devel-macos-x86_64-clang