CRAN Package Check Results for Package BVS

Last updated on 2015-01-30 11:49:07.

Flavor Version Tinstall Tcheck Ttotal Status Flags
r-devel-linux-x86_64-debian-clang 4.12.1 3.85 46.08 49.94 NOTE
r-devel-linux-x86_64-debian-gcc 4.12.1 3.43 46.32 49.76 NOTE
r-devel-linux-x86_64-fedora-clang 4.12.1 123.13 NOTE
r-devel-linux-x86_64-fedora-gcc 4.12.1 115.07 NOTE
r-devel-osx-x86_64-clang 4.12.1 102.08 NOTE
r-devel-windows-ix86+x86_64 4.12.1 12.00 67.00 79.00 NOTE
r-patched-linux-x86_64 4.12.1 3.68 51.77 55.44 NOTE
r-patched-solaris-sparc 4.12.1 694.80 NOTE
r-patched-solaris-x86 4.12.1 163.30 NOTE
r-release-linux-ix86 4.12.1 4.30 63.75 68.05 NOTE
r-release-linux-x86_64 4.12.1 3.68 52.48 56.17 NOTE
r-release-osx-x86_64-mavericks 4.12.1 NOTE
r-release-windows-ix86+x86_64 4.12.1 11.00 76.00 87.00 NOTE
r-oldrel-windows-ix86+x86_64 4.12.1 11.00 83.00 94.00 NOTE

Check Details

Version: 4.12.1
Check: dependencies in R code
Result: NOTE
    'library' or 'require' calls to packages already attached by Depends:
     ‘MASS’ ‘haplo.stats’ ‘msm’
     Please remove these calls from your code.
Flavors: r-devel-linux-x86_64-debian-clang, r-devel-linux-x86_64-debian-gcc, r-devel-linux-x86_64-fedora-clang, r-devel-linux-x86_64-fedora-gcc, r-devel-osx-x86_64-clang, r-devel-windows-ix86+x86_64

Version: 4.12.1
Check: dependencies in R code
Result: NOTE
    'library' or 'require' calls to packages already attached by Depends:
     ‘MASS’ ‘haplo.stats’ ‘msm’
     Please remove these calls from your code.
    See the information on DESCRIPTION files in the chapter ‘Creating R
    packages’ of the ‘Writing R Extensions’ manual.
Flavors: r-patched-linux-x86_64, r-patched-solaris-sparc, r-patched-solaris-x86, r-release-linux-ix86, r-release-linux-x86_64, r-release-osx-x86_64-mavericks, r-release-windows-ix86+x86_64, r-oldrel-windows-ix86+x86_64