CRAN Package Check Results for Package BVS

Last updated on 2015-03-28 19:49:59.

Flavor Version Tinstall Tcheck Ttotal Status Flags
r-devel-linux-x86_64-debian-clang 4.12.1 2.90 42.69 45.58 NOTE
r-devel-linux-x86_64-debian-gcc 4.12.1 2.72 42.82 45.54 NOTE
r-devel-linux-x86_64-fedora-clang 4.12.1 95.32 NOTE
r-devel-linux-x86_64-fedora-gcc 4.12.1 86.80 NOTE
r-devel-osx-x86_64-clang 4.12.1 84.42 NOTE
r-prerel-windows-ix86+x86_64 4.12.1 11.00 83.00 94.00 NOTE
r-prerel-linux-x86_64 4.12.1 2.66 41.70 44.36 NOTE
r-prerel-solaris-sparc 4.12.1 571.50 NOTE
r-prerel-solaris-x86 4.12.1 122.90 NOTE
r-release-linux-x86_64 4.12.1 4.06 54.10 58.16 NOTE
r-release-osx-x86_64-mavericks 4.12.1 NOTE
r-release-windows-ix86+x86_64 4.12.1 11.00 74.00 85.00 NOTE
r-oldrel-windows-ix86+x86_64 4.12.1 10.00 91.00 101.00 NOTE

Check Details

Version: 4.12.1
Check: dependencies in R code
Result: NOTE
    'library' or 'require' calls to packages already attached by Depends:
     ‘MASS’ ‘haplo.stats’ ‘msm’
     Please remove these calls from your code.
Flavors: r-devel-linux-x86_64-debian-clang, r-devel-linux-x86_64-debian-gcc, r-devel-linux-x86_64-fedora-clang, r-devel-linux-x86_64-fedora-gcc, r-devel-osx-x86_64-clang, r-prerel-windows-ix86+x86_64, r-prerel-linux-x86_64, r-prerel-solaris-sparc, r-prerel-solaris-x86, r-release-linux-x86_64, r-release-windows-ix86+x86_64

Version: 4.12.1
Check: dependencies in R code
Result: NOTE
    'library' or 'require' calls to packages already attached by Depends:
     ‘MASS’ ‘haplo.stats’ ‘msm’
     Please remove these calls from your code.
    See the information on DESCRIPTION files in the chapter ‘Creating R
    packages’ of the ‘Writing R Extensions’ manual.
Flavors: r-release-osx-x86_64-mavericks, r-oldrel-windows-ix86+x86_64