CRAN Package Check Results for Package BVS

Last updated on 2014-10-20 09:55:56.

Flavor Version Tinstall Tcheck Ttotal Status Flags
r-devel-linux-x86_64-debian-clang 4.12.1 3.48 51.48 54.96 NOTE
r-devel-linux-x86_64-debian-gcc 4.12.1 3.57 51.11 54.68 NOTE
r-devel-linux-x86_64-fedora-clang 4.12.1 128.52 NOTE
r-devel-linux-x86_64-fedora-gcc 4.12.1 119.78 NOTE
r-devel-osx-x86_64-clang 4.12.1 103.85 NOTE
r-devel-windows-ix86+x86_64 4.12.1 11.00 69.00 80.00 NOTE
r-patched-linux-x86_64 4.12.1 3.63 51.77 55.40 NOTE
r-patched-solaris-sparc 4.12.1 690.60 NOTE
r-patched-solaris-x86 4.12.1 164.80 NOTE
r-release-linux-ix86 4.12.1 4.50 66.66 71.16 NOTE
r-release-linux-x86_64 4.12.1 3.62 52.79 56.40 NOTE
r-release-osx-x86_64-mavericks 4.12.1 NOTE
r-release-windows-ix86+x86_64 4.12.1 11.00 73.00 84.00 NOTE
r-oldrel-windows-ix86+x86_64 4.12.1 11.00 80.00 91.00 NOTE

Check Details

Version: 4.12.1
Check: dependencies in R code
Result: NOTE
    'library' or 'require' calls to packages already attached by Depends:
     ‘MASS’ ‘haplo.stats’ ‘msm’
     Please remove these calls from your code.
    See the information on DESCRIPTION files in the chapter ‘Creating R
    packages’ of the ‘Writing R Extensions’ manual.
Flavors: r-devel-linux-x86_64-debian-clang, r-devel-linux-x86_64-debian-gcc, r-devel-linux-x86_64-fedora-clang, r-devel-linux-x86_64-fedora-gcc, r-devel-osx-x86_64-clang, r-devel-windows-ix86+x86_64, r-patched-linux-x86_64, r-patched-solaris-sparc, r-patched-solaris-x86, r-release-linux-ix86, r-release-linux-x86_64, r-release-osx-x86_64-mavericks, r-release-windows-ix86+x86_64, r-oldrel-windows-ix86+x86_64