CRAN Package Check Results for Package BVS

Last updated on 2016-07-23 23:47:56.

Flavor Version Tinstall Tcheck Ttotal Status Flags
r-devel-linux-x86_64-debian-clang 4.12.1 5.18 61.57 66.74 NOTE
r-devel-linux-x86_64-debian-gcc 4.12.1 4.52 61.27 65.79 NOTE
r-devel-linux-x86_64-fedora-clang 4.12.1 114.61 NOTE
r-devel-linux-x86_64-fedora-gcc 4.12.1 109.41 NOTE
r-devel-osx-x86_64-clang 4.12.1 88.65 NOTE
r-devel-windows-ix86+x86_64 4.12.1 17.00 136.00 153.00 NOTE
r-patched-linux-x86_64 4.12.1 4.24 61.83 66.06 NOTE
r-patched-solaris-sparc 4.12.1 670.70 NOTE
r-patched-solaris-x86 4.12.1 144.60 NOTE
r-release-linux-x86_64 4.12.1 4.85 60.70 65.55 NOTE
r-release-osx-x86_64-mavericks 4.12.1 NOTE
r-release-windows-ix86+x86_64 4.12.1 10.00 95.00 105.00 NOTE
r-oldrel-windows-ix86+x86_64 4.12.1 18.00 102.00 120.00 NOTE

Check Details

Version: 4.12.1
Check: dependencies in R code
Result: NOTE
    'library' or 'require' calls to packages already attached by Depends:
     ‘MASS’ ‘haplo.stats’ ‘msm’
     Please remove these calls from your code.
Flavors: r-devel-linux-x86_64-debian-clang, r-devel-linux-x86_64-debian-gcc, r-devel-linux-x86_64-fedora-clang, r-devel-linux-x86_64-fedora-gcc, r-devel-osx-x86_64-clang, r-devel-windows-ix86+x86_64, r-patched-linux-x86_64, r-patched-solaris-sparc, r-patched-solaris-x86, r-release-linux-x86_64, r-release-osx-x86_64-mavericks, r-release-windows-ix86+x86_64, r-oldrel-windows-ix86+x86_64

Version: 4.12.1
Check: R code for possible problems
Result: NOTE
    fitBVS: no visible global function definition for ‘qnorm’
    fitBVS: no visible global function definition for ‘model.matrix’
    fitBVS: no visible global function definition for ‘as.formula’
    fitBVS: no visible global function definition for ‘glm’
    fitBVS: no visible global function definition for ‘deviance’
    fitBVS: no visible global function definition for ‘pnorm’
    plotBVS: no visible global function definition for ‘par’
    plotBVS: no visible global function definition for ‘image’
    plotBVS: no visible global function definition for ‘axis’
    sampleBVS: no visible global function definition for ‘qnorm’
    sampleBVS: no visible global function definition for ‘pnorm’
    sampleBVS: no visible global function definition for ‘runif’
    summaryBVS: no visible global function definition for ‘qnorm’
    summaryBVS : inc.prob: no visible global function definition for
     ‘pnorm’
    summaryBVS: no visible global function definition for ‘pnorm’
    summaryBVS: no visible global function definition for ‘model.matrix’
    Undefined global functions or variables:
     as.formula axis deviance glm image model.matrix par pnorm qnorm runif
    Consider adding
     importFrom("graphics", "axis", "image", "par")
     importFrom("stats", "as.formula", "deviance", "glm", "model.matrix",
     "pnorm", "qnorm", "runif")
    to your NAMESPACE file.
Flavors: r-devel-linux-x86_64-debian-clang, r-devel-linux-x86_64-debian-gcc, r-devel-linux-x86_64-fedora-clang, r-devel-linux-x86_64-fedora-gcc, r-devel-osx-x86_64-clang, r-devel-windows-ix86+x86_64, r-patched-linux-x86_64, r-patched-solaris-sparc, r-patched-solaris-x86, r-release-linux-x86_64, r-release-osx-x86_64-mavericks, r-release-windows-ix86+x86_64