CRAN Package Check Results for Package BVS

Last updated on 2015-05-25 11:48:17.

Flavor Version Tinstall Tcheck Ttotal Status Flags
r-devel-linux-x86_64-debian-clang 4.12.1 2.83 43.00 45.82 NOTE
r-devel-linux-x86_64-debian-gcc 4.12.1 2.83 41.61 44.44 NOTE
r-devel-linux-x86_64-fedora-clang 4.12.1 91.83 NOTE
r-devel-linux-x86_64-fedora-gcc 4.12.1 88.29 NOTE
r-devel-osx-x86_64-clang 4.12.1 79.58 NOTE
r-devel-windows-ix86+x86_64 4.12.1 8.00 65.00 73.00 NOTE
r-patched-linux-x86_64 4.12.1 2.73 40.74 43.47 NOTE
r-patched-solaris-sparc 4.12.1 560.40 NOTE
r-patched-solaris-x86 4.12.1 127.60 NOTE
r-release-linux-x86_64 4.12.1 2.75 42.08 44.83 NOTE
r-release-osx-x86_64-mavericks 4.12.1 NOTE
r-release-osx-x86_64-snowleopard 4.12.1 NOTE
r-release-windows-ix86+x86_64 4.12.1 7.00 64.00 71.00 NOTE
r-oldrel-windows-ix86+x86_64 4.12.1 10.00 77.00 87.00 NOTE

Check Details

Version: 4.12.1
Check: dependencies in R code
Result: NOTE
    'library' or 'require' calls to packages already attached by Depends:
     ‘MASS’ ‘haplo.stats’ ‘msm’
     Please remove these calls from your code.
Flavors: r-devel-linux-x86_64-debian-clang, r-devel-linux-x86_64-debian-gcc, r-devel-linux-x86_64-fedora-clang, r-devel-linux-x86_64-fedora-gcc, r-devel-osx-x86_64-clang, r-devel-windows-ix86+x86_64, r-patched-linux-x86_64, r-patched-solaris-sparc, r-patched-solaris-x86, r-release-linux-x86_64, r-release-osx-x86_64-mavericks, r-release-windows-ix86+x86_64, r-oldrel-windows-ix86+x86_64

Version: 4.12.1
Check: dependencies in R code
Result: NOTE
    'library' or 'require' calls to packages already attached by Depends:
     ‘MASS’ ‘haplo.stats’ ‘msm’
     Please remove these calls from your code.
    See the information on DESCRIPTION files in the chapter ‘Creating R
    packages’ of the ‘Writing R Extensions’ manual.
Flavor: r-release-osx-x86_64-snowleopard