CRAN Package Check Results for Package BVS

Last updated on 2017-10-19 19:46:57.

Flavor Version Tinstall Tcheck Ttotal Status Flags
r-devel-linux-x86_64-debian-clang 4.12.1 3.99 55.35 59.34 NOTE
r-devel-linux-x86_64-debian-gcc 4.12.1 3.86 58.55 62.41 NOTE
r-devel-linux-x86_64-fedora-clang 4.12.1 133.46 NOTE
r-devel-linux-x86_64-fedora-gcc 4.12.1 131.23 NOTE
r-devel-windows-ix86+x86_64 4.12.1 12.00 91.00 103.00 NOTE
r-patched-linux-x86_64 4.12.1 4.28 55.34 59.61 NOTE
r-patched-solaris-x86 4.12.1 187.00 NOTE
r-release-linux-x86_64 4.12.1 3.95 55.68 59.63 NOTE
r-release-windows-ix86+x86_64 4.12.1 17.00 139.00 156.00 NOTE
r-release-osx-x86_64 4.12.1 NOTE
r-oldrel-windows-ix86+x86_64 4.12.1 22.00 153.00 175.00 NOTE
r-oldrel-osx-x86_64 4.12.1 NOTE

Check Details

Version: 4.12.1
Check: dependencies in R code
Result: NOTE
    'library' or 'require' calls to packages already attached by Depends:
     ‘MASS’ ‘haplo.stats’ ‘msm’
     Please remove these calls from your code.
Flavors: r-devel-linux-x86_64-debian-clang, r-devel-linux-x86_64-debian-gcc, r-devel-linux-x86_64-fedora-clang, r-devel-linux-x86_64-fedora-gcc, r-devel-windows-ix86+x86_64, r-patched-linux-x86_64, r-patched-solaris-x86, r-release-linux-x86_64, r-release-windows-ix86+x86_64, r-release-osx-x86_64, r-oldrel-windows-ix86+x86_64, r-oldrel-osx-x86_64

Version: 4.12.1
Check: R code for possible problems
Result: NOTE
    fitBVS: no visible global function definition for ‘qnorm’
    fitBVS: no visible global function definition for ‘model.matrix’
    fitBVS: no visible global function definition for ‘as.formula’
    fitBVS: no visible global function definition for ‘glm’
    fitBVS: no visible global function definition for ‘deviance’
    fitBVS: no visible global function definition for ‘pnorm’
    plotBVS: no visible global function definition for ‘par’
    plotBVS: no visible global function definition for ‘image’
    plotBVS: no visible global function definition for ‘axis’
    sampleBVS: no visible global function definition for ‘qnorm’
    sampleBVS: no visible global function definition for ‘pnorm’
    sampleBVS: no visible global function definition for ‘runif’
    summaryBVS: no visible global function definition for ‘qnorm’
    summaryBVS : inc.prob: no visible global function definition for
     ‘pnorm’
    summaryBVS: no visible global function definition for ‘pnorm’
    summaryBVS: no visible global function definition for ‘model.matrix’
    Undefined global functions or variables:
     as.formula axis deviance glm image model.matrix par pnorm qnorm runif
    Consider adding
     importFrom("graphics", "axis", "image", "par")
     importFrom("stats", "as.formula", "deviance", "glm", "model.matrix",
     "pnorm", "qnorm", "runif")
    to your NAMESPACE file.
Flavors: r-devel-linux-x86_64-debian-clang, r-devel-linux-x86_64-debian-gcc, r-devel-linux-x86_64-fedora-clang, r-devel-linux-x86_64-fedora-gcc, r-devel-windows-ix86+x86_64, r-patched-linux-x86_64, r-patched-solaris-x86, r-release-linux-x86_64, r-release-windows-ix86+x86_64, r-release-osx-x86_64, r-oldrel-windows-ix86+x86_64, r-oldrel-osx-x86_64