CRAN Package Check Results for Package BVS

Last updated on 2015-04-18 19:51:16.

Flavor Version Tinstall Tcheck Ttotal Status Flags
r-devel-linux-x86_64-debian-clang 4.12.1 2.82 42.23 45.05 NOTE
r-devel-linux-x86_64-debian-gcc 4.12.1 2.74 41.89 44.63 NOTE
r-devel-linux-x86_64-fedora-clang 4.12.1 92.86 NOTE
r-devel-linux-x86_64-fedora-gcc 4.12.1 98.07 NOTE
r-devel-osx-x86_64-clang 4.12.1 80.32 NOTE
r-patched-linux-x86_64 4.12.1 2.88 43.68 46.56 NOTE
r-patched-solaris-sparc 4.12.1 571.50 NOTE
r-patched-solaris-x86 4.12.1 123.40 NOTE
r-release-linux-x86_64 4.12.1 2.68 41.85 44.53 NOTE
r-release-osx-x86_64-mavericks 4.12.1 NOTE
r-release-osx-x86_64-snowleopard 4.12.1 NOTE
r-release-windows-ix86+x86_64 4.12.1 9.00 59.00 68.00 NOTE
r-oldrel-windows-ix86+x86_64 4.12.1 14.00 116.00 130.00 NOTE

Check Details

Version: 4.12.1
Check: dependencies in R code
Result: NOTE
    'library' or 'require' calls to packages already attached by Depends:
     ‘MASS’ ‘haplo.stats’ ‘msm’
     Please remove these calls from your code.
Flavors: r-devel-linux-x86_64-debian-clang, r-devel-linux-x86_64-debian-gcc, r-devel-linux-x86_64-fedora-clang, r-devel-linux-x86_64-fedora-gcc, r-devel-osx-x86_64-clang, r-patched-linux-x86_64, r-patched-solaris-sparc, r-patched-solaris-x86, r-release-linux-x86_64, r-release-osx-x86_64-mavericks, r-release-windows-ix86+x86_64

Version: 4.12.1
Check: dependencies in R code
Result: NOTE
    'library' or 'require' calls to packages already attached by Depends:
     ‘MASS’ ‘haplo.stats’ ‘msm’
     Please remove these calls from your code.
    See the information on DESCRIPTION files in the chapter ‘Creating R
    packages’ of the ‘Writing R Extensions’ manual.
Flavors: r-release-osx-x86_64-snowleopard, r-oldrel-windows-ix86+x86_64