CRAN Package Check Results for Package BaSAR

Last updated on 2014-08-21 03:48:12.

Flavor Version Tinstall Tcheck Ttotal Status Flags
r-release-linux-ix86 1.3 1.02 51.16 52.18 NOTE

Check Details

Version: 1.3
Check: dependencies in R code
Result: NOTE
    Packages in Depends field not imported from:
     ‘orthopolynom’ ‘polynom’
     These packages need to be imported from (in the NAMESPACE file)
     for when this namespace is loaded but not attached.
    See the information on DESCRIPTION files in the chapter ‘Creating R
    packages’ of the ‘Writing R Extensions’ manual.
Flavor: r-release-linux-ix86