CRAN Package Check Results for Package BaSAR

Last updated on 2014-07-24 17:48:57.

Flavor Version Tinstall Tcheck Ttotal Status Flags
r-devel-linux-x86_64-debian-clang 1.3 0.66 38.38 39.04 NOTE
r-devel-linux-x86_64-debian-gcc 1.3 0.65 37.80 38.46 NOTE
r-devel-linux-x86_64-fedora-clang 1.3 81.33 NOTE
r-devel-linux-x86_64-fedora-gcc 1.3 77.45 NOTE
r-devel-osx-x86_64-clang 1.3 64.26 NOTE
r-devel-windows-ix86+x86_64 1.3 2.00 56.00 58.00 NOTE
r-patched-linux-x86_64 1.3 0.68 37.81 38.49 NOTE
r-patched-solaris-sparc 1.3 454.90 NOTE
r-patched-solaris-x86 1.3 88.40 NOTE
r-release-linux-ix86 1.3 1.05 49.93 50.98 NOTE
r-release-linux-x86_64 1.3 0.75 38.70 39.45 NOTE
r-release-osx-x86_64-mavericks 1.3 NOTE
r-release-windows-ix86+x86_64 1.3 3.00 61.00 64.00 NOTE
r-oldrel-windows-ix86+x86_64 1.3 3.00 59.00 62.00 NOTE

Check Details

Version: 1.3
Check: dependencies in R code
Result: NOTE
    Packages in Depends field not imported from:
     ‘orthopolynom’ ‘polynom’
     These packages need to be imported from (in the NAMESPACE file)
     for when this namespace is loaded but not attached.
    See the information on DESCRIPTION files in the chapter ‘Creating R
    packages’ of the ‘Writing R Extensions’ manual.
Flavors: r-devel-linux-x86_64-debian-clang, r-devel-linux-x86_64-debian-gcc, r-devel-linux-x86_64-fedora-clang, r-devel-linux-x86_64-fedora-gcc, r-devel-osx-x86_64-clang, r-devel-windows-ix86+x86_64, r-patched-linux-x86_64, r-patched-solaris-sparc, r-patched-solaris-x86, r-release-linux-ix86, r-release-linux-x86_64, r-release-osx-x86_64-mavericks, r-release-windows-ix86+x86_64, r-oldrel-windows-ix86+x86_64