CRAN Package Check Results for Package BaSTA

Last updated on 2015-05-23 11:51:14.

Flavor Version Tinstall Tcheck Ttotal Status Flags
r-devel-linux-x86_64-debian-clang 1.9.3 2.89 48.00 50.89 NOTE
r-devel-linux-x86_64-debian-gcc 1.9.3 2.74 47.10 49.84 NOTE
r-devel-linux-x86_64-fedora-clang 1.9.3 104.15 NOTE
r-devel-linux-x86_64-fedora-gcc 1.9.3 100.34 NOTE
r-devel-osx-x86_64-clang 1.9.3 95.85 NOTE
r-devel-windows-ix86+x86_64 1.9.3 8.00 69.00 77.00 NOTE
r-patched-linux-x86_64 1.9.3 2.78 46.97 49.76 NOTE
r-patched-solaris-sparc 1.9.3 595.20 NOTE
r-patched-solaris-x86 1.9.3 136.00 NOTE
r-release-linux-x86_64 1.9.3 2.77 47.07 49.84 NOTE
r-release-osx-x86_64-mavericks 1.9.3 NOTE
r-release-osx-x86_64-snowleopard 1.9.3 OK
r-release-windows-ix86+x86_64 1.9.3 7.00 70.00 77.00 NOTE
r-oldrel-windows-ix86+x86_64 1.9.3 9.00 80.00 89.00 NOTE

Check Details

Version: 1.9.3
Check: dependencies in R code
Result: NOTE
    'library' or 'require' call to ‘snowfall’ in package code.
     Please use :: or requireNamespace() instead.
     See section 'Suggested packages' in the 'Writing R Extensions' manual.
Flavors: r-devel-linux-x86_64-debian-clang, r-devel-linux-x86_64-debian-gcc, r-devel-linux-x86_64-fedora-clang, r-devel-linux-x86_64-fedora-gcc, r-devel-osx-x86_64-clang, r-devel-windows-ix86+x86_64, r-patched-linux-x86_64, r-patched-solaris-sparc, r-patched-solaris-x86, r-release-linux-x86_64, r-release-osx-x86_64-mavericks, r-release-windows-ix86+x86_64, r-oldrel-windows-ix86+x86_64

Version: 1.9.3
Check: S3 generic/method consistency
Result: NOTE
    Found the following apparent S3 methods exported but not registered:
     basta.default
    See section ‘Registering S3 methods’ in the ‘Writing R Extensions’
    manual.
Flavors: r-devel-linux-x86_64-debian-clang, r-devel-linux-x86_64-debian-gcc, r-devel-linux-x86_64-fedora-clang, r-devel-linux-x86_64-fedora-gcc, r-devel-osx-x86_64-clang, r-patched-linux-x86_64, r-patched-solaris-sparc, r-patched-solaris-x86, r-release-linux-x86_64

Version: 1.9.3
Check: R code for possible problems
Result: NOTE
    basta.default: no visible global function definition for ‘sfInit’
    basta.default: no visible global function definition for ‘sfExport’
    basta.default: no visible global function definition for ‘sfLibrary’
    basta.default: no visible global function definition for
     ‘sfClusterApplyLB’
    basta.default: no visible global function definition for ‘sfRemoveAll’
    basta.default: no visible global function definition for ‘sfStop’
Flavors: r-devel-linux-x86_64-debian-clang, r-devel-linux-x86_64-debian-gcc, r-devel-linux-x86_64-fedora-clang, r-devel-linux-x86_64-fedora-gcc, r-devel-osx-x86_64-clang, r-devel-windows-ix86+x86_64, r-patched-linux-x86_64, r-patched-solaris-sparc, r-patched-solaris-x86, r-release-linux-x86_64, r-release-osx-x86_64-mavericks, r-release-windows-ix86+x86_64, r-oldrel-windows-ix86+x86_64