CRAN Package Check Results for Package BaSTA

Last updated on 2015-04-26 03:47:27.

Flavor Version Tinstall Tcheck Ttotal Status Flags
r-devel-linux-x86_64-debian-clang 1.9.3 2.86 47.79 50.66 NOTE
r-devel-linux-x86_64-debian-gcc 1.9.3 2.82 47.52 50.34 NOTE
r-devel-linux-x86_64-fedora-clang 1.9.3 104.71 NOTE
r-devel-linux-x86_64-fedora-gcc 1.9.3 106.99 NOTE
r-devel-osx-x86_64-clang 1.9.3 92.37 NOTE
r-devel-windows-ix86+x86_64 1.9.3 7.00 71.00 78.00 NOTE
r-patched-linux-x86_64 1.9.3 3.00 48.28 51.28 NOTE
r-patched-solaris-sparc 1.9.3 620.70 NOTE
r-patched-solaris-x86 1.9.3 134.00 NOTE
r-release-linux-x86_64 1.9.3 2.73 48.63 51.36 NOTE
r-release-osx-x86_64-mavericks 1.9.3 NOTE
r-release-osx-x86_64-snowleopard 1.9.3 OK
r-release-windows-ix86+x86_64 1.9.3 8.00 75.00 83.00 NOTE
r-oldrel-windows-ix86+x86_64 1.9.3 8.00 74.00 82.00 NOTE

Check Details

Version: 1.9.3
Check: dependencies in R code
Result: NOTE
    'library' or 'require' call to 'snowfall' in package code.
     Please use :: or requireNamespace() instead.
     See section 'Suggested packages' in the 'Writing R Extensions' manual.
Flavors: r-devel-windows-ix86+x86_64, r-release-windows-ix86+x86_64, r-oldrel-windows-ix86+x86_64

Version: 1.9.3
Check: R code for possible problems
Result: NOTE
    basta.default: no visible global function definition for 'sfInit'
    basta.default: no visible global function definition for 'sfExport'
    basta.default: no visible global function definition for 'sfLibrary'
    basta.default: no visible global function definition for
     'sfClusterApplyLB'
    basta.default: no visible global function definition for 'sfRemoveAll'
    basta.default: no visible global function definition for 'sfStop'
Flavors: r-devel-windows-ix86+x86_64, r-release-windows-ix86+x86_64, r-oldrel-windows-ix86+x86_64