CRAN Package Check Results for Package BaSTA

Last updated on 2015-07-04 23:47:05.

Flavor Version Tinstall Tcheck Ttotal Status Flags
r-devel-linux-x86_64-debian-clang 1.9.3 2.84 48.26 51.09 NOTE
r-devel-linux-x86_64-debian-gcc 1.9.3 2.76 47.28 50.04 NOTE
r-devel-linux-x86_64-fedora-clang 1.9.3 101.37 NOTE
r-devel-linux-x86_64-fedora-gcc 1.9.3 96.96 NOTE
r-devel-osx-x86_64-clang 1.9.3 85.68 NOTE
r-devel-windows-ix86+x86_64 1.9.3 13.00 70.00 83.00 NOTE
r-patched-linux-x86_64 1.9.3 2.75 47.22 49.97 NOTE
r-patched-solaris-sparc 1.9.3 595.20 NOTE
r-patched-solaris-x86 1.9.3 135.30 NOTE
r-release-linux-x86_64 1.9.3 2.78 47.15 49.93 NOTE
r-release-osx-x86_64-mavericks 1.9.3 NOTE
r-release-windows-ix86+x86_64 1.9.3 10.00 69.00 79.00 NOTE
r-oldrel-windows-ix86+x86_64 1.9.3 11.00 84.00 95.00 NOTE

Check Details

Version: 1.9.3
Check: dependencies in R code
Result: NOTE
    'library' or 'require' call to ‘snowfall’ in package code.
     Please use :: or requireNamespace() instead.
     See section 'Suggested packages' in the 'Writing R Extensions' manual.
Flavors: r-devel-linux-x86_64-debian-clang, r-devel-linux-x86_64-debian-gcc, r-devel-linux-x86_64-fedora-clang, r-devel-linux-x86_64-fedora-gcc, r-devel-osx-x86_64-clang, r-devel-windows-ix86+x86_64, r-patched-linux-x86_64, r-patched-solaris-sparc, r-patched-solaris-x86, r-release-linux-x86_64, r-release-osx-x86_64-mavericks, r-release-windows-ix86+x86_64, r-oldrel-windows-ix86+x86_64

Version: 1.9.3
Check: S3 generic/method consistency
Result: NOTE
    Found the following apparent S3 methods exported but not registered:
     basta.default
    See section ‘Registering S3 methods’ in the ‘Writing R Extensions’
    manual.
Flavors: r-devel-linux-x86_64-debian-clang, r-devel-linux-x86_64-debian-gcc, r-devel-linux-x86_64-fedora-clang, r-devel-linux-x86_64-fedora-gcc, r-devel-osx-x86_64-clang, r-patched-linux-x86_64, r-patched-solaris-sparc, r-patched-solaris-x86, r-release-linux-x86_64

Version: 1.9.3
Check: R code for possible problems
Result: NOTE
    .AcceptAges: no visible global function definition for ‘runif’
    .CalcDiagnost: no visible binding for global variable ‘sd’
    .CalcDiagnost: no visible binding for global variable ‘quantile’
    .CalcDiagnost : <anonymous>: no visible global function definition for
     ‘cor’
    .CalcDiagnost : <anonymous>: no visible binding for global variable
     ‘var’
    .CalcPostMortPars.theGam: no visible global function definition for
     ‘dnorm’
    .CalcQuants: no visible binding for global variable ‘quantile’
    .JitterPars: no visible global function definition for ‘rnorm’
    .ProposeGammaPars: no visible global function definition for ‘rnorm’
    .RunBastaMCMC: no visible global function definition for ‘runif’
    .RunIniUpdJump: no visible global function definition for ‘runif’
    .SamplePiPars.pi: no visible global function definition for ‘rbeta’
    MakeCovMat: no visible global function definition for ‘as.formula’
    MakeCovMat: no visible global function definition for ‘terms’
    MakeCovMat: no visible global function definition for ‘model.matrix’
    basta.default: no visible global function definition for
     ‘installed.packages’
    basta.default: no visible global function definition for ‘sfInit’
    basta.default: no visible global function definition for ‘sfExport’
    basta.default: no visible global function definition for ‘sfLibrary’
    basta.default: no visible global function definition for
     ‘sfClusterApplyLB’
    basta.default: no visible global function definition for ‘sfRemoveAll’
    basta.default: no visible global function definition for ‘sfStop’
    basta.default: no visible global function definition for
     ‘packageDescription’
    plot.basta: no visible global function definition for ‘grey’
    plot.basta: no visible global function definition for ‘par’
    plot.basta: no visible global function definition for ‘plot’
    plot.basta: no visible global function definition for ‘lines’
    plot.basta: no visible global function definition for ‘adjustcolor’
    plot.basta: no visible global function definition for ‘polygon’
    plot.basta: no visible global function definition for ‘legend’
    plot.basta: no visible global function definition for ‘rainbow’
    Undefined global functions or variables:
     adjustcolor as.formula cor dnorm grey installed.packages legend lines
     model.matrix packageDescription par plot polygon quantile rainbow
     rbeta rnorm runif sd sfClusterApplyLB sfExport sfInit sfLibrary
     sfRemoveAll sfStop terms var
Flavors: r-devel-linux-x86_64-debian-clang, r-devel-linux-x86_64-debian-gcc, r-devel-linux-x86_64-fedora-clang, r-devel-linux-x86_64-fedora-gcc, r-devel-windows-ix86+x86_64

Version: 1.9.3
Check: R code for possible problems
Result: NOTE
    basta.default: no visible global function definition for ‘sfInit’
    basta.default: no visible global function definition for ‘sfExport’
    basta.default: no visible global function definition for ‘sfLibrary’
    basta.default: no visible global function definition for
     ‘sfClusterApplyLB’
    basta.default: no visible global function definition for ‘sfRemoveAll’
    basta.default: no visible global function definition for ‘sfStop’
    Undefined global functions or variables:
     sfClusterApplyLB sfExport sfInit sfLibrary sfRemoveAll sfStop
Flavor: r-devel-osx-x86_64-clang

Version: 1.9.3
Check: R code for possible problems
Result: NOTE
    basta.default: no visible global function definition for ‘sfInit’
    basta.default: no visible global function definition for ‘sfExport’
    basta.default: no visible global function definition for ‘sfLibrary’
    basta.default: no visible global function definition for
     ‘sfClusterApplyLB’
    basta.default: no visible global function definition for ‘sfRemoveAll’
    basta.default: no visible global function definition for ‘sfStop’
Flavors: r-patched-linux-x86_64, r-patched-solaris-sparc, r-patched-solaris-x86, r-release-linux-x86_64, r-release-osx-x86_64-mavericks, r-release-windows-ix86+x86_64, r-oldrel-windows-ix86+x86_64