CRAN Package Check Results for Package BaSTA

Last updated on 2015-02-28 12:51:06.

Flavor Version Tinstall Tcheck Ttotal Status Flags
r-devel-linux-x86_64-debian-clang 1.9.3 2.84 48.47 51.31 NOTE
r-devel-linux-x86_64-debian-gcc 1.9.3 2.80 46.36 49.16 NOTE
r-devel-linux-x86_64-fedora-clang 1.9.3 103.54 NOTE
r-devel-linux-x86_64-fedora-gcc 1.9.3 99.43 NOTE
r-devel-osx-x86_64-clang 1.9.3 94.61 NOTE
r-devel-windows-ix86+x86_64 1.9.3 11.00 67.00 78.00 NOTE
r-patched-linux-x86_64 1.9.3 4.18 58.08 62.26 NOTE
r-patched-solaris-sparc 1.9.3 784.50 NOTE
r-patched-solaris-x86 1.9.3 176.00 NOTE
r-release-linux-ix86 1.9.3 4.40 69.14 73.54 NOTE
r-release-linux-x86_64 1.9.3 5.06 57.30 62.36 NOTE
r-release-osx-x86_64-mavericks 1.9.3 NOTE
r-release-osx-x86_64-snowleopard 1.9.3 OK
r-release-windows-ix86+x86_64 1.9.3 10.00 90.00 100.00 NOTE
r-oldrel-windows-ix86+x86_64 1.9.3 11.00 74.00 85.00 OK

Check Details

Version: 1.9.3
Check: dependencies in R code
Result: NOTE
    'library' or 'require' call to ‘snowfall’ in package code.
     Please use :: or requireNamespace() instead.
     See section 'Suggested packages' in the 'Writing R Extensions' manual.
Flavors: r-devel-linux-x86_64-debian-clang, r-devel-linux-x86_64-debian-gcc, r-devel-linux-x86_64-fedora-clang, r-devel-linux-x86_64-fedora-gcc, r-devel-osx-x86_64-clang, r-devel-windows-ix86+x86_64, r-patched-linux-x86_64, r-patched-solaris-sparc, r-patched-solaris-x86

Version: 1.9.3
Check: S3 generic/method consistency
Result: NOTE
    Found the following apparent S3 methods exported but not registered:
     basta.default
    See section ‘Registering S3 methods’ in the ‘Writing R Extensions’
    manual.
Flavors: r-devel-linux-x86_64-debian-clang, r-devel-linux-x86_64-debian-gcc, r-devel-linux-x86_64-fedora-clang, r-devel-linux-x86_64-fedora-gcc, r-devel-osx-x86_64-clang

Version: 1.9.3
Check: R code for possible problems
Result: NOTE
    basta.default: no visible global function definition for ‘sfInit’
    basta.default: no visible global function definition for ‘sfExport’
    basta.default: no visible global function definition for ‘sfLibrary’
    basta.default: no visible global function definition for
     ‘sfClusterApplyLB’
    basta.default: no visible global function definition for ‘sfRemoveAll’
    basta.default: no visible global function definition for ‘sfStop’
Flavors: r-devel-linux-x86_64-debian-clang, r-devel-linux-x86_64-debian-gcc, r-devel-linux-x86_64-fedora-clang, r-devel-linux-x86_64-fedora-gcc, r-devel-osx-x86_64-clang, r-devel-windows-ix86+x86_64, r-patched-linux-x86_64, r-patched-solaris-sparc, r-patched-solaris-x86, r-release-linux-ix86, r-release-linux-x86_64, r-release-osx-x86_64-mavericks, r-release-windows-ix86+x86_64