CRAN Package Check Results for Package BaSTA

Last updated on 2014-07-23 15:47:41.

Flavor Version Tinstall Tcheck Ttotal Status Flags
r-devel-linux-x86_64-debian-clang 1.9.3 3.62 54.97 58.60 OK
r-devel-linux-x86_64-debian-gcc 1.9.3 3.57 56.11 59.68 OK
r-devel-linux-x86_64-fedora-clang 1.9.3 141.38 OK
r-devel-linux-x86_64-fedora-gcc 1.9.3 135.59 OK
r-devel-osx-x86_64-clang 1.9.3 113.27 OK
r-devel-windows-ix86+x86_64 1.9.3 11.00 82.00 93.00 OK
r-patched-linux-x86_64 1.9.3 3.64 54.85 58.49 OK
r-patched-solaris-sparc 1.9.3 710.60 OK
r-patched-solaris-x86 1.9.3 177.70 OK
r-release-linux-ix86 1.9.3 4.35 68.10 72.45 OK
r-release-linux-x86_64 1.9.3 3.70 55.40 59.10 OK
r-release-osx-x86_64-mavericks 1.9.3 NOTE
r-release-osx-x86_64-snowleopard 1.9.3 OK
r-release-windows-ix86+x86_64 1.9.3 9.00 80.00 89.00 OK
r-oldrel-windows-ix86+x86_64 1.9.3 10.00 71.00 81.00 OK

Check Details

Version: 1.9.3
Check: re-building of vignette outputs
Result: NOTE
    Error in re-building vignettes:
     ...
    Loading required package: msm
    Error in texi2dvi(file = file, pdf = TRUE, clean = clean, quiet = quiet, :
     Running 'texi2dvi' on 'BaSTAoverview.tex' failed.
    LaTeX errors:
    ! LaTeX Error: File `multirow.sty' not found.
    
    Type X to quit or <RETURN> to proceed,
    or enter new name. (Default extension: sty)
    
    est/BaSTA/vignettes/BaSTAoverview.tex:17: ==> Fatal error occurred, no output
    PDF file produced!
    Calls: buildVignettes -> texi2pdf -> texi2dvi
    Execution halted
Flavor: r-release-osx-x86_64-mavericks