CRAN Package Check Results for Package BaSTA

Last updated on 2014-08-22 11:47:51.

Flavor Version Tinstall Tcheck Ttotal Status Flags
r-devel-linux-x86_64-debian-clang 1.9.3 3.56 53.92 57.48 OK
r-devel-linux-x86_64-debian-gcc 1.9.3 3.52 52.81 56.32 OK
r-devel-linux-x86_64-fedora-clang 1.9.3 140.40 NOTE
r-devel-linux-x86_64-fedora-gcc 1.9.3 136.36 NOTE
r-devel-osx-x86_64-clang 1.9.3 114.13 NOTE
r-devel-windows-ix86+x86_64 1.9.3 10.00 79.00 89.00 OK
r-patched-linux-x86_64 1.9.3 3.66 53.81 57.47 OK
r-patched-solaris-sparc 1.9.3 737.30 OK
r-patched-solaris-x86 1.9.3 179.90 OK
r-release-linux-ix86 1.9.3 4.44 68.58 73.02 OK
r-release-linux-x86_64 1.9.3 3.70 55.79 59.49 OK
r-release-osx-x86_64-mavericks 1.9.3 NOTE
r-release-osx-x86_64-snowleopard 1.9.3 OK
r-release-windows-ix86+x86_64 1.9.3 9.00 81.00 90.00 OK
r-oldrel-windows-ix86+x86_64 1.9.3 9.00 77.00 86.00 OK

Check Details

Version: 1.9.3
Check: R code for possible problems
Result: NOTE
    basta.default: no visible global function definition for ‘sfInit’
    basta.default: no visible global function definition for ‘sfExport’
    basta.default: no visible global function definition for ‘sfLibrary’
    basta.default: no visible global function definition for
     ‘sfClusterApplyLB’
    basta.default: no visible global function definition for ‘sfRemoveAll’
    basta.default: no visible global function definition for ‘sfStop’
Flavors: r-devel-linux-x86_64-fedora-clang, r-devel-linux-x86_64-fedora-gcc, r-devel-osx-x86_64-clang

Version: 1.9.3
Check: re-building of vignette outputs
Result: NOTE
    Error in re-building vignettes:
     ...
    Loading required package: msm
    Error in texi2dvi(file = file, pdf = TRUE, clean = clean, quiet = quiet, :
     Running 'texi2dvi' on 'BaSTAoverview.tex' failed.
    LaTeX errors:
    ! LaTeX Error: File `multirow.sty' not found.
    
    Type X to quit or <RETURN> to proceed,
    or enter new name. (Default extension: sty)
    
    est/BaSTA/vignettes/BaSTAoverview.tex:17: ==> Fatal error occurred, no output
    PDF file produced!
    Calls: buildVignettes -> texi2pdf -> texi2dvi
    Execution halted
Flavor: r-release-osx-x86_64-mavericks