CRAN Package Check Results for Package BacArena

Last updated on 2020-01-26 18:50:03 CET.

Flavor Version Tinstall Tcheck Ttotal Status Flags
r-devel-linux-x86_64-debian-clang 1.8.1 93.73 352.40 446.13 OK
r-devel-linux-x86_64-debian-gcc 1.8.1 70.37 266.25 336.62 OK
r-devel-linux-x86_64-fedora-clang 1.8.1 538.31 NOTE
r-devel-linux-x86_64-fedora-gcc 1.8.1 528.75 NOTE
r-devel-windows-ix86+x86_64 1.8.1 221.00 672.00 893.00 NOTE
r-devel-windows-ix86+x86_64-gcc8 1.8.1 232.00 641.00 873.00 NOTE
r-patched-linux-x86_64 1.8.1 73.00 308.64 381.64 OK
r-patched-solaris-x86 1.8.1 632.20 NOTE
r-release-linux-x86_64 1.8.1 72.31 304.28 376.59 OK
r-release-windows-ix86+x86_64 1.8.1 131.00 425.00 556.00 NOTE
r-release-osx-x86_64 1.8.1 NOTE
r-oldrel-windows-ix86+x86_64 1.8.1 125.00 436.00 561.00 NOTE
r-oldrel-osx-x86_64 1.8.1 NOTE

Check Details

Version: 1.8.1
Check: installed package size
Result: NOTE
     installed size is 8.5Mb
     sub-directories of 1Mb or more:
     R 1.2Mb
     data 3.3Mb
     libs 3.3Mb
Flavors: r-devel-linux-x86_64-fedora-clang, r-devel-windows-ix86+x86_64, r-devel-windows-ix86+x86_64-gcc8, r-patched-solaris-x86, r-release-windows-ix86+x86_64, r-release-osx-x86_64, r-oldrel-windows-ix86+x86_64, r-oldrel-osx-x86_64

Version: 1.8.1
Check: dependencies in R code
Result: NOTE
    Namespace in Imports field not imported from: ‘glpkAPI’
     All declared Imports should be used.
Flavors: r-devel-linux-x86_64-fedora-clang, r-devel-linux-x86_64-fedora-gcc, r-patched-solaris-x86, r-release-osx-x86_64, r-oldrel-osx-x86_64