CRAN Package Check Results for Package Barnard

Last updated on 2017-06-23 23:50:32.

Flavor Version Tinstall Tcheck Ttotal Status Flags
r-devel-linux-x86_64-debian-clang 1.8 0.91 11.01 11.93 NOTE
r-devel-linux-x86_64-debian-gcc 1.8 0.88 10.54 11.42 NOTE
r-devel-linux-x86_64-fedora-clang 1.8 22.24 NOTE
r-devel-linux-x86_64-fedora-gcc 1.8 19.62 NOTE
r-devel-windows-ix86+x86_64 1.8 5.00 33.00 38.00 OK
r-patched-linux-x86_64 1.8 0.88 10.49 11.37 NOTE
r-patched-solaris-sparc 1.8 115.20 OK
r-patched-solaris-x86 1.8 26.80 OK
r-release-linux-x86_64 1.8 1.00 10.60 11.60 NOTE
r-release-windows-ix86+x86_64 1.8 6.00 27.00 33.00 OK
r-release-osx-x86_64 1.8 OK
r-oldrel-windows-ix86+x86_64 1.8 10.00 27.00 37.00 OK
r-oldrel-osx-x86_64 1.8 OK

Check Details

Version: 1.8
Check: compiled code
Result: NOTE
    File ‘Barnard/libs/Barnard.so’:
     Found no calls to: ‘R_registerRoutines’, ‘R_useDynamicSymbols’
    
    It is good practice to register native routines and to disable symbol
    search.
    
    See ‘Writing portable packages’ in the ‘Writing R Extensions’ manual.
Flavors: r-devel-linux-x86_64-debian-clang, r-devel-linux-x86_64-debian-gcc, r-devel-linux-x86_64-fedora-clang, r-devel-linux-x86_64-fedora-gcc, r-patched-linux-x86_64, r-release-linux-x86_64