CRAN Package Check Results for Package Barnard

Last updated on 2017-12-17 21:47:24 CET.

Flavor Version Tinstall Tcheck Ttotal Status Flags
r-devel-linux-x86_64-debian-clang 1.8 1.04 15.77 16.81 NOTE
r-devel-linux-x86_64-debian-gcc NOTE
r-devel-linux-x86_64-fedora-clang 1.8 20.05 NOTE
r-devel-linux-x86_64-fedora-gcc 1.8 19.24 NOTE
r-devel-windows-ix86+x86_64 1.8 6.00 29.00 35.00 OK
r-patched-linux-x86_64 1.8 1.02 14.28 15.30 NOTE
r-patched-solaris-x86 1.8 28.50 OK
r-release-linux-x86_64 1.8 1.13 14.59 15.72 NOTE
r-release-windows-ix86+x86_64 1.8 6.00 28.00 34.00 OK
r-release-osx-x86_64 1.8 OK
r-oldrel-windows-ix86+x86_64 1.8 10.00 27.00 37.00 OK
r-oldrel-osx-x86_64 1.8 OK

Check Details

Version: 1.8
Check: compiled code
Result: NOTE
    File ‘Barnard/libs/Barnard.so’:
     Found no calls to: ‘R_registerRoutines’, ‘R_useDynamicSymbols’
    
    It is good practice to register native routines and to disable symbol
    search.
    
    See ‘Writing portable packages’ in the ‘Writing R Extensions’ manual.
Flavors: r-devel-linux-x86_64-debian-clang, r-devel-linux-x86_64-debian-gcc, r-devel-linux-x86_64-fedora-clang, r-devel-linux-x86_64-fedora-gcc, r-patched-linux-x86_64, r-release-linux-x86_64