CRAN Package Check Results for Package Barnard

Last updated on 2017-04-26 21:47:01.

Flavor Version Tinstall Tcheck Ttotal Status Flags
r-devel-linux-x86_64-debian-clang 1.8 0.92 10.71 11.63 NOTE
r-devel-linux-x86_64-debian-gcc 1.8 0.87 10.23 11.10 NOTE
r-devel-linux-x86_64-fedora-clang 1.8 20.41 NOTE --no-stop-on-test-error
r-devel-linux-x86_64-fedora-gcc 1.8 18.97 NOTE --no-stop-on-test-error
r-devel-windows-ix86+x86_64 1.8 10.00 36.00 46.00 OK
r-patched-linux-x86_64 1.8 0.84 10.17 11.01 NOTE
r-patched-solaris-sparc 1.8 115.20 OK
r-patched-solaris-x86 1.8 28.00 OK
r-release-linux-x86_64 1.8 0.84 10.76 11.60 NOTE
r-release-windows-ix86+x86_64 1.8 6.00 27.00 33.00 OK
r-release-osx-x86_64 1.8 OK
r-oldrel-windows-ix86+x86_64 1.8 10.00 27.00 37.00 OK
r-oldrel-osx-x86_64 1.8 OK

Check Details

Version: 1.8
Check: compiled code
Result: NOTE
    File ‘Barnard/libs/Barnard.so’:
     Found no calls to: ‘R_registerRoutines’, ‘R_useDynamicSymbols’
    
    It is good practice to register native routines and to disable symbol
    search.
    
    See ‘Writing portable packages’ in the ‘Writing R Extensions’ manual.
Flavors: r-devel-linux-x86_64-debian-clang, r-devel-linux-x86_64-debian-gcc, r-patched-linux-x86_64, r-release-linux-x86_64

Version: 1.8
Flags: --no-stop-on-test-error
Check: compiled code
Result: NOTE
    File ‘Barnard/libs/Barnard.so’:
     Found no calls to: ‘R_registerRoutines’, ‘R_useDynamicSymbols’
    
    It is good practice to register native routines and to disable symbol
    search.
    
    See ‘Writing portable packages’ in the ‘Writing R Extensions’ manual.
Flavors: r-devel-linux-x86_64-fedora-clang, r-devel-linux-x86_64-fedora-gcc