CRAN Package Check Results for Package Barnard

Last updated on 2018-05-22 12:48:59 CEST.

Flavor Version Tinstall Tcheck Ttotal Status Flags
r-devel-linux-x86_64-debian-clang 1.8 1.43 16.32 17.75 NOTE
r-devel-linux-x86_64-debian-gcc 1.8 0.97 13.38 14.35 NOTE
r-devel-linux-x86_64-fedora-clang 1.8 21.94 NOTE
r-devel-linux-x86_64-fedora-gcc 1.8 21.88 NOTE
r-devel-windows-ix86+x86_64 1.8 9.00 31.00 40.00 OK
r-patched-linux-x86_64 1.8 1.12 16.43 17.55 NOTE
r-patched-solaris-x86 1.8 35.50 OK
r-release-linux-x86_64 1.8 1.32 15.85 17.17 NOTE
r-release-windows-ix86+x86_64 1.8 7.00 43.00 50.00 OK
r-release-osx-x86_64 1.8 OK
r-oldrel-windows-ix86+x86_64 1.8 6.00 28.00 34.00 OK
r-oldrel-osx-x86_64 1.8 OK

Check Details

Version: 1.8
Check: compiled code
Result: NOTE
    File ‘Barnard/libs/Barnard.so’:
     Found no calls to: ‘R_registerRoutines’, ‘R_useDynamicSymbols’
    
    It is good practice to register native routines and to disable symbol
    search.
    
    See ‘Writing portable packages’ in the ‘Writing R Extensions’ manual.
Flavors: r-devel-linux-x86_64-debian-clang, r-devel-linux-x86_64-debian-gcc, r-devel-linux-x86_64-fedora-clang, r-devel-linux-x86_64-fedora-gcc, r-patched-linux-x86_64, r-release-linux-x86_64