CRAN Package Check Results for Package Barnard

Last updated on 2017-02-28 08:47:52.

Flavor Version Tinstall Tcheck Ttotal Status Flags
r-devel-linux-x86_64-debian-clang 1.8 0.88 11.07 11.95 NOTE
r-devel-linux-x86_64-debian-gcc 1.8 0.92 10.69 11.61 NOTE
r-devel-linux-x86_64-fedora-clang 1.8 23.80 NOTE --no-stop-on-test-error
r-devel-linux-x86_64-fedora-gcc 1.8 23.66 NOTE --no-stop-on-test-error
r-devel-macos-x86_64-clang 1.8 17.51 NOTE --no-stop-on-test-error
r-devel-windows-ix86+x86_64 1.8 6.00 41.00 47.00 OK
r-patched-linux-x86_64 1.8 0.83 9.15 9.98 OK
r-patched-solaris-sparc 1.8 96.20 OK
r-patched-solaris-x86 1.8 23.40 OK
r-release-linux-x86_64 1.8 0.88 8.94 9.81 OK
r-release-osx-x86_64-mavericks 1.8 OK
r-release-windows-ix86+x86_64 1.8 10.00 27.00 37.00 OK
r-oldrel-windows-ix86+x86_64 1.8 15.00 26.00 41.00 OK

Check Details

Version: 1.8
Check: compiled code
Result: NOTE
    File ‘Barnard/libs/Barnard.so’:
     Found no calls to: ‘R_registerRoutines’, ‘R_useDynamicSymbols’
    
    It is good practice to register native routines and to disable symbol
    search.
    
    See ‘Writing portable packages’ in the ‘Writing R Extensions’ manual.
Flavors: r-devel-linux-x86_64-debian-clang, r-devel-linux-x86_64-debian-gcc

Version: 1.8
Flags: --no-stop-on-test-error
Check: compiled code
Result: NOTE
    File ‘Barnard/libs/Barnard.so’:
     Found no calls to: ‘R_registerRoutines’, ‘R_useDynamicSymbols’
    
    It is good practice to register native routines and to disable symbol
    search.
    
    See ‘Writing portable packages’ in the ‘Writing R Extensions’ manual.
Flavors: r-devel-linux-x86_64-fedora-clang, r-devel-linux-x86_64-fedora-gcc, r-devel-macos-x86_64-clang