CRAN Package Check Results for Package Barycenter

Last updated on 2022-12-08 02:50:55 CET.

Flavor Version Tinstall Tcheck Ttotal Status Flags
r-devel-linux-x86_64-debian-clang 1.3.1 64.38 36.19 100.57 OK
r-devel-linux-x86_64-debian-gcc 1.3.1 49.36 27.56 76.92 OK
r-devel-linux-x86_64-fedora-clang 1.3.1 168.42 OK
r-devel-linux-x86_64-fedora-gcc 1.3.1 141.08 OK
r-devel-windows-x86_64 1.3.1 64.00 87.00 151.00 OK
r-patched-linux-x86_64 1.3.1 59.16 33.21 92.37 OK
r-release-linux-x86_64 1.3.1 47.17 34.41 81.58 OK
r-release-macos-arm64 1.3.1 39.00 NOTE
r-release-macos-x86_64 1.3.1 55.00 NOTE
r-release-windows-x86_64 1.3.1 64.00 101.00 165.00 OK
r-oldrel-macos-arm64 1.3.1 44.00 NOTE
r-oldrel-macos-x86_64 1.3.1 80.00 NOTE
r-oldrel-windows-ix86+x86_64 1.3.1 161.00 101.00 262.00 NOTE

Check Details

Version: 1.3.1
Check: installed package size
Result: NOTE
     installed size is 6.3Mb
     sub-directories of 1Mb or more:
     data 2.8Mb
     libs 3.4Mb
Flavors: r-release-macos-arm64, r-release-macos-x86_64, r-oldrel-macos-arm64, r-oldrel-macos-x86_64, r-oldrel-windows-ix86+x86_64