CRAN Package Check Results for Package BasketballAnalyzeR

Last updated on 2020-09-29 04:49:41 CEST.

Flavor Version Tinstall Tcheck Ttotal Status Flags
r-devel-linux-x86_64-debian-clang 0.5.0 15.35 165.92 181.27 OK
r-devel-linux-x86_64-debian-gcc 0.5.0 12.59 122.28 134.87 OK
r-devel-linux-x86_64-fedora-clang 0.5.0 216.22 NOTE
r-devel-linux-x86_64-fedora-gcc 0.5.0 223.44 NOTE
r-devel-windows-ix86+x86_64 0.5.0 29.00 194.00 223.00 OK
r-patched-linux-x86_64 0.5.0 16.56 152.30 168.86 OK
r-patched-solaris-x86 0.5.0 283.70 NOTE
r-release-linux-x86_64 0.5.0 14.70 155.63 170.33 OK
r-release-macos-x86_64 0.5.0 NOTE
r-release-windows-ix86+x86_64 0.5.0 34.00 195.00 229.00 OK
r-oldrel-macos-x86_64 0.5.0 NOTE
r-oldrel-windows-ix86+x86_64 0.5.0 26.00 208.00 234.00 OK

Check Details

Version: 0.5.0
Check: package dependencies
Result: NOTE
    Imports includes 25 non-default packages.
    Importing from so many packages makes the package vulnerable to any of
    them becoming unavailable. Move as many as possible to Suggests and
    use conditionally.
Flavor: r-devel-linux-x86_64-fedora-clang

Version: 0.5.0
Check: dependencies in R code
Result: NOTE
    Namespaces in Imports field not imported from:
     ‘circlize’ ‘hexbin’ ‘scales’ ‘sna’
     All declared Imports should be used.
Flavors: r-devel-linux-x86_64-fedora-clang, r-devel-linux-x86_64-fedora-gcc, r-patched-solaris-x86, r-release-macos-x86_64, r-oldrel-macos-x86_64