CRAN Package Check Results for Package BatchExperiments

Last updated on 2017-05-28 23:49:49.

Flavor Version Tinstall Tcheck Ttotal Status Flags
r-devel-linux-x86_64-debian-clang 1.4.1 2.44 70.07 72.51 NOTE
r-devel-linux-x86_64-debian-gcc 1.4.1 2.22 77.92 80.14 NOTE
r-devel-linux-x86_64-fedora-clang 1.4.1 120.88 NOTE
r-devel-linux-x86_64-fedora-gcc 1.4.1 117.92 NOTE
r-devel-windows-ix86+x86_64 1.4.1 6.00 118.00 124.00 NOTE
r-patched-linux-x86_64 1.4.1 2.78 72.64 75.42 NOTE
r-patched-solaris-sparc 1.4.1 580.60 NOTE
r-patched-solaris-x86 1.4.1 170.30 NOTE
r-release-linux-x86_64 1.4.1 2.22 75.73 77.95 NOTE
r-release-windows-ix86+x86_64 1.4.1 9.00 159.00 168.00 NOTE
r-release-osx-x86_64 1.4.1 NOTE
r-oldrel-windows-ix86+x86_64 1.4.1 7.00 102.00 109.00 NOTE
r-oldrel-osx-x86_64 1.4.1 NOTE

Check Details

Version: 1.4.1
Check: dependencies in R code
Result: NOTE
    Unexported objects imported by ':::' calls:
     ‘BatchJobs:::addIntModulo’ ‘BatchJobs:::buffer’
     ‘BatchJobs:::checkDir’ ‘BatchJobs:::checkId’ ‘BatchJobs:::checkIds’
     ‘BatchJobs:::checkPart’ ‘BatchJobs:::createShardedDirs’
     ‘BatchJobs:::dbConnectToJobsDB’ ‘BatchJobs:::dbCreateJobStatusTable’
     ‘BatchJobs:::dbDoQuery’ ‘BatchJobs:::dbFindDone’
     ‘BatchJobs:::dbFindRunning’ ‘BatchJobs:::dbRemoveJobs’
     ‘BatchJobs:::dbSelectWithIds’ ‘BatchJobs:::getJobDirs’
     ‘BatchJobs:::getJobInfoInternal’ ‘BatchJobs:::getKillJob’
     ‘BatchJobs:::getListJobs’ ‘BatchJobs:::getRandomSeed’
     ‘BatchJobs:::getResult’ ‘BatchJobs:::isRegistryDir’
     ‘BatchJobs:::makeRegistryInternal’ ‘BatchJobs:::saveRegistry’
     ‘BatchJobs:::seeder’ ‘BatchJobs:::syncRegistry’
     See the note in ?`:::` about the use of this operator.
Flavors: r-devel-linux-x86_64-debian-clang, r-devel-linux-x86_64-debian-gcc, r-devel-linux-x86_64-fedora-clang, r-devel-linux-x86_64-fedora-gcc, r-devel-windows-ix86+x86_64, r-patched-linux-x86_64, r-patched-solaris-sparc, r-patched-solaris-x86, r-release-linux-x86_64, r-release-windows-ix86+x86_64, r-release-osx-x86_64, r-oldrel-windows-ix86+x86_64, r-oldrel-osx-x86_64

Version: 1.4.1
Check: R code for possible problems
Result: NOTE
    addExperiments.ExperimentRegistry: no visible global function
     definition for ‘is’
    applyJobFunction.ExperimentRegistry: no visible global function
     definition for ‘setNames’
    calcDynamic: no visible global function definition for ‘setNames’
    checkExperimentRegistry: no visible global function definition for
     ‘head’
    dbSummarizeExperiments: no visible global function definition for
     ‘setNames’
    designIterator: no visible global function definition for ‘setNames’
    getIndex : exprToIndex: no visible global function definition for
     ‘capture.output’
    getProblemFilePaths: no visible global function definition for
     ‘setNames’
    updateRegistry.ExperimentRegistry: no visible global function
     definition for ‘packageVersion’
    Undefined global functions or variables:
     capture.output head is packageVersion setNames
    Consider adding
     importFrom("methods", "is")
     importFrom("stats", "setNames")
     importFrom("utils", "capture.output", "head", "packageVersion")
    to your NAMESPACE file (and ensure that your DESCRIPTION Imports field
    contains 'methods').
Flavors: r-devel-linux-x86_64-debian-clang, r-devel-linux-x86_64-debian-gcc, r-devel-linux-x86_64-fedora-clang, r-devel-linux-x86_64-fedora-gcc, r-devel-windows-ix86+x86_64, r-patched-linux-x86_64, r-patched-solaris-sparc, r-patched-solaris-x86, r-release-linux-x86_64, r-release-windows-ix86+x86_64, r-release-osx-x86_64, r-oldrel-windows-ix86+x86_64, r-oldrel-osx-x86_64