CRAN Package Check Results for Package BatchExperiments

Last updated on 2015-04-25 12:46:11.

Flavor Version Tinstall Tcheck Ttotal Status Flags
r-devel-linux-x86_64-debian-clang 1.4.1 2.09 54.59 56.68 NOTE
r-devel-linux-x86_64-debian-gcc 1.4.1 1.95 52.26 54.21 NOTE
r-devel-linux-x86_64-fedora-clang 1.4.1 106.30 NOTE
r-devel-linux-x86_64-fedora-gcc 1.4.1 113.61 NOTE
r-devel-osx-x86_64-clang 1.4.1 87.41 NOTE
r-devel-windows-ix86+x86_64 1.4.1 6.00 92.00 98.00 NOTE
r-patched-linux-x86_64 1.4.1 1.95 63.03 64.98 NOTE
r-patched-solaris-sparc 1.4.1 557.00 NOTE
r-patched-solaris-x86 1.4.1 138.10 NOTE
r-release-linux-x86_64 1.4.1 1.96 52.88 54.84 NOTE
r-release-osx-x86_64-mavericks 1.4.1 NOTE
r-release-osx-x86_64-snowleopard 1.4.1 NOTE
r-release-windows-ix86+x86_64 1.4.1 6.00 96.00 102.00 NOTE
r-oldrel-windows-ix86+x86_64 1.4.1 8.00 86.00 94.00 NOTE

Check Details

Version: 1.4.1
Check: dependencies in R code
Result: NOTE
    Unexported objects imported by ':::' calls:
     'BatchJobs:::addIntModulo' 'BatchJobs:::buffer'
     'BatchJobs:::checkDir' 'BatchJobs:::checkId' 'BatchJobs:::checkIds'
     'BatchJobs:::checkPart' 'BatchJobs:::createShardedDirs'
     'BatchJobs:::dbConnectToJobsDB' 'BatchJobs:::dbCreateJobStatusTable'
     'BatchJobs:::dbDoQuery' 'BatchJobs:::dbFindDone'
     'BatchJobs:::dbFindRunning' 'BatchJobs:::dbRemoveJobs'
     'BatchJobs:::dbSelectWithIds' 'BatchJobs:::getJobDirs'
     'BatchJobs:::getJobInfoInternal' 'BatchJobs:::getKillJob'
     'BatchJobs:::getListJobs' 'BatchJobs:::getRandomSeed'
     'BatchJobs:::getResult' 'BatchJobs:::isRegistryDir'
     'BatchJobs:::makeRegistryInternal' 'BatchJobs:::saveRegistry'
     'BatchJobs:::seeder' 'BatchJobs:::syncRegistry'
     See the note in ?`:::` about the use of this operator.
Flavors: r-devel-windows-ix86+x86_64, r-release-windows-ix86+x86_64, r-oldrel-windows-ix86+x86_64