CRAN Package Check Results for Package BatchExperiments

Last updated on 2016-06-25 19:48:13.

Flavor Version Tinstall Tcheck Ttotal Status Flags
r-devel-linux-x86_64-debian-gcc 1.4.1 2.02 55.88 57.90 NOTE
r-devel-linux-x86_64-fedora-clang 1.4.1 102.97 NOTE
r-devel-linux-x86_64-fedora-gcc 1.4.1 95.00 NOTE
r-devel-osx-x86_64-clang 1.4.1 78.23 NOTE
r-devel-windows-ix86+x86_64 1.4.1 12.00 110.00 122.00 NOTE
r-patched-linux-x86_64 1.4.1 2.05 58.10 60.15 NOTE
r-patched-solaris-sparc 1.4.1 507.80 NOTE
r-patched-solaris-x86 1.4.1 132.90 NOTE
r-release-linux-x86_64 1.4.1 2.21 62.44 64.65 NOTE
r-release-osx-x86_64-mavericks 1.4.1 NOTE
r-release-windows-ix86+x86_64 1.4.1 9.00 115.00 124.00 NOTE
r-oldrel-windows-ix86+x86_64 1.4.1 11.00 118.00 129.00 NOTE

Check Details

Version: 1.4.1
Check: dependencies in R code
Result: NOTE
    Unexported objects imported by ':::' calls:
     ‘BatchJobs:::addIntModulo’ ‘BatchJobs:::buffer’
     ‘BatchJobs:::checkDir’ ‘BatchJobs:::checkId’ ‘BatchJobs:::checkIds’
     ‘BatchJobs:::checkPart’ ‘BatchJobs:::createShardedDirs’
     ‘BatchJobs:::dbConnectToJobsDB’ ‘BatchJobs:::dbCreateJobStatusTable’
     ‘BatchJobs:::dbDoQuery’ ‘BatchJobs:::dbFindDone’
     ‘BatchJobs:::dbFindRunning’ ‘BatchJobs:::dbRemoveJobs’
     ‘BatchJobs:::dbSelectWithIds’ ‘BatchJobs:::getJobDirs’
     ‘BatchJobs:::getJobInfoInternal’ ‘BatchJobs:::getKillJob’
     ‘BatchJobs:::getListJobs’ ‘BatchJobs:::getRandomSeed’
     ‘BatchJobs:::getResult’ ‘BatchJobs:::isRegistryDir’
     ‘BatchJobs:::makeRegistryInternal’ ‘BatchJobs:::saveRegistry’
     ‘BatchJobs:::seeder’ ‘BatchJobs:::syncRegistry’
     See the note in ?`:::` about the use of this operator.
Flavors: r-devel-linux-x86_64-debian-gcc, r-devel-linux-x86_64-fedora-clang, r-devel-linux-x86_64-fedora-gcc, r-devel-osx-x86_64-clang, r-devel-windows-ix86+x86_64, r-patched-linux-x86_64, r-patched-solaris-sparc, r-patched-solaris-x86, r-release-linux-x86_64, r-release-osx-x86_64-mavericks, r-release-windows-ix86+x86_64, r-oldrel-windows-ix86+x86_64

Version: 1.4.1
Check: R code for possible problems
Result: NOTE
    addExperiments.ExperimentRegistry: no visible global function
     definition for ‘is’
    applyJobFunction.ExperimentRegistry: no visible global function
     definition for ‘setNames’
    calcDynamic: no visible global function definition for ‘setNames’
    checkExperimentRegistry: no visible global function definition for
     ‘head’
    dbSummarizeExperiments: no visible global function definition for
     ‘setNames’
    designIterator: no visible global function definition for ‘setNames’
    getIndex : exprToIndex: no visible global function definition for
     ‘capture.output’
    getProblemFilePaths: no visible global function definition for
     ‘setNames’
    updateRegistry.ExperimentRegistry: no visible global function
     definition for ‘packageVersion’
    Undefined global functions or variables:
     capture.output head is packageVersion setNames
    Consider adding
     importFrom("methods", "is")
     importFrom("stats", "setNames")
     importFrom("utils", "capture.output", "head", "packageVersion")
    to your NAMESPACE file (and ensure that your DESCRIPTION Imports field
    contains 'methods').
Flavors: r-devel-linux-x86_64-debian-gcc, r-devel-linux-x86_64-fedora-clang, r-devel-linux-x86_64-fedora-gcc, r-devel-osx-x86_64-clang, r-devel-windows-ix86+x86_64, r-patched-linux-x86_64, r-patched-solaris-sparc, r-patched-solaris-x86, r-release-linux-x86_64, r-release-osx-x86_64-mavericks, r-release-windows-ix86+x86_64