CRAN Package Check Results for Package BatchExperiments

Last updated on 2015-05-28 07:48:47.

Flavor Version Tinstall Tcheck Ttotal Status Flags
r-devel-linux-x86_64-debian-clang 1.4.1 2.05 57.33 59.38 NOTE
r-devel-linux-x86_64-debian-gcc 1.4.1 2.00 63.00 64.99 NOTE
r-devel-linux-x86_64-fedora-clang 1.4.1 107.56 NOTE
r-devel-linux-x86_64-fedora-gcc 1.4.1 105.94 NOTE
r-devel-osx-x86_64-clang 1.4.1 93.21 NOTE
r-devel-windows-ix86+x86_64 1.4.1 6.00 106.00 112.00 NOTE
r-patched-linux-x86_64 1.4.1 2.05 54.96 57.01 NOTE
r-patched-solaris-sparc 1.4.1 536.00 NOTE
r-patched-solaris-x86 1.4.1 147.00 NOTE
r-release-linux-x86_64 1.4.1 1.98 62.70 64.68 NOTE
r-release-osx-x86_64-mavericks 1.4.1 NOTE
r-release-osx-x86_64-snowleopard 1.4.1 NOTE
r-release-windows-ix86+x86_64 1.4.1 6.00 95.00 101.00 NOTE
r-oldrel-windows-ix86+x86_64 1.4.1 11.00 105.00 116.00 NOTE

Check Details

Version: 1.4.1
Check: dependencies in R code
Result: NOTE
    Unexported objects imported by ':::' calls:
     ‘BatchJobs:::addIntModulo’ ‘BatchJobs:::buffer’
     ‘BatchJobs:::checkDir’ ‘BatchJobs:::checkId’ ‘BatchJobs:::checkIds’
     ‘BatchJobs:::checkPart’ ‘BatchJobs:::createShardedDirs’
     ‘BatchJobs:::dbConnectToJobsDB’ ‘BatchJobs:::dbCreateJobStatusTable’
     ‘BatchJobs:::dbDoQuery’ ‘BatchJobs:::dbFindDone’
     ‘BatchJobs:::dbFindRunning’ ‘BatchJobs:::dbRemoveJobs’
     ‘BatchJobs:::dbSelectWithIds’ ‘BatchJobs:::getJobDirs’
     ‘BatchJobs:::getJobInfoInternal’ ‘BatchJobs:::getKillJob’
     ‘BatchJobs:::getListJobs’ ‘BatchJobs:::getRandomSeed’
     ‘BatchJobs:::getResult’ ‘BatchJobs:::isRegistryDir’
     ‘BatchJobs:::makeRegistryInternal’ ‘BatchJobs:::saveRegistry’
     ‘BatchJobs:::seeder’ ‘BatchJobs:::syncRegistry’
     See the note in ?`:::` about the use of this operator.
Flavors: r-devel-linux-x86_64-debian-clang, r-devel-linux-x86_64-debian-gcc, r-devel-linux-x86_64-fedora-clang, r-devel-linux-x86_64-fedora-gcc, r-devel-osx-x86_64-clang, r-devel-windows-ix86+x86_64, r-patched-linux-x86_64, r-patched-solaris-sparc, r-patched-solaris-x86, r-release-linux-x86_64, r-release-osx-x86_64-mavericks, r-release-osx-x86_64-snowleopard, r-release-windows-ix86+x86_64, r-oldrel-windows-ix86+x86_64