CRAN Package Check Results for Package BatchExperiments

Last updated on 2014-10-31 17:49:06.

Flavor Version Tinstall Tcheck Ttotal Status Flags
r-devel-linux-x86_64-debian-clang 1.3 2.52 58.87 61.39 ERROR
r-devel-linux-x86_64-debian-gcc 1.3 2.49 59.46 61.95 ERROR
r-devel-linux-x86_64-fedora-clang 1.4 90.60 NOTE
r-devel-linux-x86_64-fedora-gcc 1.4 89.64 NOTE
r-devel-osx-x86_64-clang 1.4 90.40 NOTE
r-devel-windows-ix86+x86_64 1.3 9.00 81.00 90.00 ERROR
r-patched-linux-x86_64 1.3 2.61 66.64 69.25 ERROR
r-patched-solaris-sparc 1.4 554.60 NOTE
r-patched-solaris-x86 1.4 122.00 NOTE
r-release-linux-ix86 1.3 3.26 64.61 67.88 NOTE
r-release-linux-x86_64 1.3 2.66 69.73 72.39 NOTE
r-release-osx-x86_64-mavericks 1.3 NOTE
r-release-osx-x86_64-snowleopard 1.3 NOTE
r-release-windows-ix86+x86_64 1.3 8.00 97.00 105.00 ERROR
r-oldrel-windows-ix86+x86_64 1.3 8.00 86.00 94.00 ERROR

Check Details

Version: 1.3
Check: dependencies in R code
Result: NOTE
    Unexported objects imported by ':::' calls:
     ‘BatchJobs:::addIntModulo’ ‘BatchJobs:::buffer’
     ‘BatchJobs:::checkDir’ ‘BatchJobs:::checkIdValid’
     ‘BatchJobs:::checkIds’ ‘BatchJobs:::checkPart’
     ‘BatchJobs:::createShardedDirs’ ‘BatchJobs:::dbConnectToJobsDB’
     ‘BatchJobs:::dbCreateJobStatusTable’ ‘BatchJobs:::dbDoQuery’
     ‘BatchJobs:::dbFindDone’ ‘BatchJobs:::dbFindRunning’
     ‘BatchJobs:::dbRemoveJobs’ ‘BatchJobs:::dbSelectWithIds’
     ‘BatchJobs:::getJobDirs’ ‘BatchJobs:::getJobInfoInternal’
     ‘BatchJobs:::getKillJob’ ‘BatchJobs:::getListJobs’
     ‘BatchJobs:::getRandomSeed’ ‘BatchJobs:::getResult’
     ‘BatchJobs:::isRegistryDir’ ‘BatchJobs:::makeRegistryInternal’
     ‘BatchJobs:::saveRegistry’ ‘BatchJobs:::seeder’
     ‘BatchJobs:::syncRegistry’
     See the note in ?`:::` about the use of this operator.
    See the information on DESCRIPTION files in the chapter ‘Creating R
    packages’ of the ‘Writing R Extensions’ manual.
Flavors: r-devel-linux-x86_64-debian-clang, r-devel-linux-x86_64-debian-gcc, r-devel-windows-ix86+x86_64, r-patched-linux-x86_64, r-release-linux-ix86, r-release-linux-x86_64, r-release-osx-x86_64-mavericks, r-release-osx-x86_64-snowleopard, r-release-windows-ix86+x86_64, r-oldrel-windows-ix86+x86_64

Version: 1.3
Check: examples
Result: WARN
    Found the following significant warnings:
    
     Warning: 'dbBeginTransaction' is deprecated.
     Warning: 'dbBeginTransaction' is deprecated.
     Warning: 'dbBeginTransaction' is deprecated.
     Warning: 'dbBeginTransaction' is deprecated.
     Warning: 'dbBeginTransaction' is deprecated.
     Warning: 'dbBeginTransaction' is deprecated.
     Warning: 'dbBeginTransaction' is deprecated.
     Warning: 'dbBeginTransaction' is deprecated.
    Deprecated functions may be defunct as soon as of the next release of
    R.
    See ?Deprecated.
Flavors: r-devel-linux-x86_64-debian-clang, r-devel-windows-ix86+x86_64, r-patched-linux-x86_64

Version: 1.3
Check: tests
Result: ERROR
    Running the tests in ‘tests/run-all.R’ failed.
    Last 13 lines of output:
     .
     cleanup : .
    
    
     1. Failure(@test_addExperiments.R#132): addExperiments -------------------------
     addExperiments(reg, pd1, ad1) does not match 'identical experiments'. Actual value: "Error in addExperiments.ExperimentRegistry(reg, pd1, ad1) : \n Error inserting new experiments: Error in sqliteSendQuery(con, statement, bind.data) : \n rsqlite_query_send: could not execute1: UNIQUE constraint failed: unittests_job_def.prob_id, unittests_job_def.prob_pars, unittests_job_def.algo_id, unittests_job_def.algo_pars\n\n"
    
     Error: Test failures
     In addition: Warning message:
     'dbBeginTransaction' is deprecated.
     Use 'dbBegin' instead.
     See help("Deprecated")
     Execution halted
Flavors: r-devel-linux-x86_64-debian-clang, r-devel-linux-x86_64-debian-gcc, r-devel-windows-ix86+x86_64, r-patched-linux-x86_64, r-release-windows-ix86+x86_64, r-oldrel-windows-ix86+x86_64

Version: 1.3
Check: examples
Result: WARN
    Found the following significant warnings:
    
     Warning: 'dbBeginTransaction' is deprecated.
     Warning: 'dbBeginTransaction' is deprecated.
     Warning: 'dbBeginTransaction' is deprecated.
     Warning: 'dbBeginTransaction' is deprecated.
     Warning: 'dbBeginTransaction' is deprecated.
    Deprecated functions may be defunct as soon as of the next release of
    R.
    See ?Deprecated.
Flavors: r-devel-linux-x86_64-debian-gcc, r-release-windows-ix86+x86_64, r-oldrel-windows-ix86+x86_64

Version: 1.4
Check: dependencies in R code
Result: NOTE
    Unexported objects imported by ':::' calls:
     ‘BatchJobs:::addIntModulo’ ‘BatchJobs:::buffer’
     ‘BatchJobs:::checkDir’ ‘BatchJobs:::checkIdValid’
     ‘BatchJobs:::checkIds’ ‘BatchJobs:::checkPart’
     ‘BatchJobs:::createShardedDirs’ ‘BatchJobs:::dbConnectToJobsDB’
     ‘BatchJobs:::dbCreateJobStatusTable’ ‘BatchJobs:::dbDoQuery’
     ‘BatchJobs:::dbFindDone’ ‘BatchJobs:::dbFindRunning’
     ‘BatchJobs:::dbRemoveJobs’ ‘BatchJobs:::dbSelectWithIds’
     ‘BatchJobs:::getJobDirs’ ‘BatchJobs:::getJobInfoInternal’
     ‘BatchJobs:::getKillJob’ ‘BatchJobs:::getListJobs’
     ‘BatchJobs:::getRandomSeed’ ‘BatchJobs:::getResult’
     ‘BatchJobs:::isRegistryDir’ ‘BatchJobs:::makeRegistryInternal’
     ‘BatchJobs:::saveRegistry’ ‘BatchJobs:::seeder’
     ‘BatchJobs:::syncRegistry’
     See the note in ?`:::` about the use of this operator.
    See the information on DESCRIPTION files in the chapter ‘Creating R
    packages’ of the ‘Writing R Extensions’ manual.
Flavors: r-devel-linux-x86_64-fedora-clang, r-devel-linux-x86_64-fedora-gcc, r-devel-osx-x86_64-clang, r-patched-solaris-sparc, r-patched-solaris-x86