CRAN Package Check Results for Package BatchExperiments

Last updated on 2017-03-30 09:47:33.

Flavor Version Tinstall Tcheck Ttotal Status Flags
r-devel-linux-x86_64-debian-clang 1.4.1 2.64 76.79 79.43 NOTE
r-devel-linux-x86_64-debian-gcc 1.4.1 2.16 66.40 68.55 NOTE
r-devel-linux-x86_64-fedora-clang 1.4.1 121.27 NOTE --no-stop-on-test-error
r-devel-linux-x86_64-fedora-gcc 1.4.1 137.61 NOTE --no-stop-on-test-error
r-devel-macos-x86_64-clang 1.4.1 92.07 NOTE --no-stop-on-test-error
r-devel-windows-ix86+x86_64 1.4.1 7.00 122.00 129.00 NOTE
r-patched-linux-x86_64 1.4.1 2.53 66.15 68.68 NOTE
r-patched-solaris-sparc 1.4.1 580.60 NOTE
r-patched-solaris-x86 1.4.1 166.40 NOTE
r-release-linux-x86_64 1.4.1 2.08 56.72 58.80 NOTE
r-release-osx-x86_64-mavericks 1.4.1 NOTE
r-release-windows-ix86+x86_64 1.4.1 11.00 168.00 179.00 NOTE
r-oldrel-windows-ix86+x86_64 1.4.1 12.00 226.00 238.00 NOTE

Check Details

Version: 1.4.1
Check: dependencies in R code
Result: NOTE
    Unexported objects imported by ':::' calls:
     ‘BatchJobs:::addIntModulo’ ‘BatchJobs:::buffer’
     ‘BatchJobs:::checkDir’ ‘BatchJobs:::checkId’ ‘BatchJobs:::checkIds’
     ‘BatchJobs:::checkPart’ ‘BatchJobs:::createShardedDirs’
     ‘BatchJobs:::dbConnectToJobsDB’ ‘BatchJobs:::dbCreateJobStatusTable’
     ‘BatchJobs:::dbDoQuery’ ‘BatchJobs:::dbFindDone’
     ‘BatchJobs:::dbFindRunning’ ‘BatchJobs:::dbRemoveJobs’
     ‘BatchJobs:::dbSelectWithIds’ ‘BatchJobs:::getJobDirs’
     ‘BatchJobs:::getJobInfoInternal’ ‘BatchJobs:::getKillJob’
     ‘BatchJobs:::getListJobs’ ‘BatchJobs:::getRandomSeed’
     ‘BatchJobs:::getResult’ ‘BatchJobs:::isRegistryDir’
     ‘BatchJobs:::makeRegistryInternal’ ‘BatchJobs:::saveRegistry’
     ‘BatchJobs:::seeder’ ‘BatchJobs:::syncRegistry’
     See the note in ?`:::` about the use of this operator.
Flavors: r-devel-linux-x86_64-debian-clang, r-devel-linux-x86_64-debian-gcc, r-devel-windows-ix86+x86_64, r-patched-linux-x86_64, r-patched-solaris-sparc, r-patched-solaris-x86, r-release-linux-x86_64, r-release-osx-x86_64-mavericks, r-release-windows-ix86+x86_64, r-oldrel-windows-ix86+x86_64

Version: 1.4.1
Check: R code for possible problems
Result: NOTE
    addExperiments.ExperimentRegistry: no visible global function
     definition for ‘is’
    applyJobFunction.ExperimentRegistry: no visible global function
     definition for ‘setNames’
    calcDynamic: no visible global function definition for ‘setNames’
    checkExperimentRegistry: no visible global function definition for
     ‘head’
    dbSummarizeExperiments: no visible global function definition for
     ‘setNames’
    designIterator: no visible global function definition for ‘setNames’
    getIndex : exprToIndex: no visible global function definition for
     ‘capture.output’
    getProblemFilePaths: no visible global function definition for
     ‘setNames’
    updateRegistry.ExperimentRegistry: no visible global function
     definition for ‘packageVersion’
    Undefined global functions or variables:
     capture.output head is packageVersion setNames
    Consider adding
     importFrom("methods", "is")
     importFrom("stats", "setNames")
     importFrom("utils", "capture.output", "head", "packageVersion")
    to your NAMESPACE file (and ensure that your DESCRIPTION Imports field
    contains 'methods').
Flavors: r-devel-linux-x86_64-debian-clang, r-devel-linux-x86_64-debian-gcc, r-devel-windows-ix86+x86_64, r-patched-linux-x86_64, r-patched-solaris-sparc, r-patched-solaris-x86, r-release-linux-x86_64, r-release-osx-x86_64-mavericks, r-release-windows-ix86+x86_64

Version: 1.4.1
Flags: --no-stop-on-test-error
Check: dependencies in R code
Result: NOTE
    Unexported objects imported by ':::' calls:
     ‘BatchJobs:::addIntModulo’ ‘BatchJobs:::buffer’
     ‘BatchJobs:::checkDir’ ‘BatchJobs:::checkId’ ‘BatchJobs:::checkIds’
     ‘BatchJobs:::checkPart’ ‘BatchJobs:::createShardedDirs’
     ‘BatchJobs:::dbConnectToJobsDB’ ‘BatchJobs:::dbCreateJobStatusTable’
     ‘BatchJobs:::dbDoQuery’ ‘BatchJobs:::dbFindDone’
     ‘BatchJobs:::dbFindRunning’ ‘BatchJobs:::dbRemoveJobs’
     ‘BatchJobs:::dbSelectWithIds’ ‘BatchJobs:::getJobDirs’
     ‘BatchJobs:::getJobInfoInternal’ ‘BatchJobs:::getKillJob’
     ‘BatchJobs:::getListJobs’ ‘BatchJobs:::getRandomSeed’
     ‘BatchJobs:::getResult’ ‘BatchJobs:::isRegistryDir’
     ‘BatchJobs:::makeRegistryInternal’ ‘BatchJobs:::saveRegistry’
     ‘BatchJobs:::seeder’ ‘BatchJobs:::syncRegistry’
     See the note in ?`:::` about the use of this operator.
Flavors: r-devel-linux-x86_64-fedora-clang, r-devel-linux-x86_64-fedora-gcc, r-devel-macos-x86_64-clang

Version: 1.4.1
Flags: --no-stop-on-test-error
Check: R code for possible problems
Result: NOTE
    addExperiments.ExperimentRegistry: no visible global function
     definition for ‘is’
    applyJobFunction.ExperimentRegistry: no visible global function
     definition for ‘setNames’
    calcDynamic: no visible global function definition for ‘setNames’
    checkExperimentRegistry: no visible global function definition for
     ‘head’
    dbSummarizeExperiments: no visible global function definition for
     ‘setNames’
    designIterator: no visible global function definition for ‘setNames’
    getIndex : exprToIndex: no visible global function definition for
     ‘capture.output’
    getProblemFilePaths: no visible global function definition for
     ‘setNames’
    updateRegistry.ExperimentRegistry: no visible global function
     definition for ‘packageVersion’
    Undefined global functions or variables:
     capture.output head is packageVersion setNames
    Consider adding
     importFrom("methods", "is")
     importFrom("stats", "setNames")
     importFrom("utils", "capture.output", "head", "packageVersion")
    to your NAMESPACE file (and ensure that your DESCRIPTION Imports field
    contains 'methods').
Flavors: r-devel-linux-x86_64-fedora-clang, r-devel-linux-x86_64-fedora-gcc, r-devel-macos-x86_64-clang