CRAN Package Check Results for Package BatchExperiments

Last updated on 2014-11-26 15:47:23.

Flavor Version Tinstall Tcheck Ttotal Status Flags
r-devel-linux-x86_64-debian-clang 1.4 2.58 59.23 61.81 NOTE
r-devel-linux-x86_64-debian-gcc 1.4 2.44 59.29 61.73 NOTE
r-devel-linux-x86_64-fedora-clang 1.4 139.03 NOTE
r-devel-linux-x86_64-fedora-gcc 1.4 127.66 NOTE
r-devel-osx-x86_64-clang 1.4 101.57 NOTE
r-devel-windows-ix86+x86_64 1.4 7.00 80.00 87.00 NOTE
r-patched-linux-x86_64 1.4 2.64 70.02 72.66 NOTE
r-patched-solaris-sparc 1.4 554.60 NOTE
r-patched-solaris-x86 1.4 163.10 NOTE
r-release-linux-ix86 1.4 3.04 61.50 64.54 NOTE
r-release-linux-x86_64 1.4 2.66 64.20 66.86 NOTE
r-release-osx-x86_64-mavericks 1.4 NOTE
r-release-osx-x86_64-snowleopard 1.4 NOTE
r-release-windows-ix86+x86_64 1.4 9.00 92.00 101.00 NOTE
r-oldrel-windows-ix86+x86_64 1.4 11.00 83.00 94.00 NOTE

Check Details

Version: 1.4
Check: dependencies in R code
Result: NOTE
    Unexported objects imported by ':::' calls:
     ‘BatchJobs:::addIntModulo’ ‘BatchJobs:::buffer’
     ‘BatchJobs:::checkDir’ ‘BatchJobs:::checkIdValid’
     ‘BatchJobs:::checkIds’ ‘BatchJobs:::checkPart’
     ‘BatchJobs:::createShardedDirs’ ‘BatchJobs:::dbConnectToJobsDB’
     ‘BatchJobs:::dbCreateJobStatusTable’ ‘BatchJobs:::dbDoQuery’
     ‘BatchJobs:::dbFindDone’ ‘BatchJobs:::dbFindRunning’
     ‘BatchJobs:::dbRemoveJobs’ ‘BatchJobs:::dbSelectWithIds’
     ‘BatchJobs:::getJobDirs’ ‘BatchJobs:::getJobInfoInternal’
     ‘BatchJobs:::getKillJob’ ‘BatchJobs:::getListJobs’
     ‘BatchJobs:::getRandomSeed’ ‘BatchJobs:::getResult’
     ‘BatchJobs:::isRegistryDir’ ‘BatchJobs:::makeRegistryInternal’
     ‘BatchJobs:::saveRegistry’ ‘BatchJobs:::seeder’
     ‘BatchJobs:::syncRegistry’
     See the note in ?`:::` about the use of this operator.
    See the information on DESCRIPTION files in the chapter ‘Creating R
    packages’ of the ‘Writing R Extensions’ manual.
Flavors: r-devel-linux-x86_64-debian-clang, r-devel-linux-x86_64-debian-gcc, r-devel-linux-x86_64-fedora-clang, r-devel-linux-x86_64-fedora-gcc, r-devel-osx-x86_64-clang, r-devel-windows-ix86+x86_64, r-patched-linux-x86_64, r-patched-solaris-sparc, r-patched-solaris-x86, r-release-linux-ix86, r-release-linux-x86_64, r-release-osx-x86_64-mavericks, r-release-osx-x86_64-snowleopard, r-release-windows-ix86+x86_64, r-oldrel-windows-ix86+x86_64