CRAN Package Check Results for Package BatchExperiments

Last updated on 2015-07-04 06:47:22.

Flavor Version Tinstall Tcheck Ttotal Status Flags
r-devel-linux-x86_64-debian-clang 1.4.1 1.92 54.99 56.90 NOTE
r-devel-linux-x86_64-debian-gcc 1.4.1 1.94 53.90 55.83 NOTE
r-devel-linux-x86_64-fedora-clang 1.4.1 104.72 NOTE
r-devel-linux-x86_64-fedora-gcc 1.4.1 102.89 NOTE
r-devel-osx-x86_64-clang 1.4.1 87.14 NOTE
r-devel-windows-ix86+x86_64 1.4.1 7.00 90.00 97.00 NOTE
r-patched-linux-x86_64 1.4.1 1.97 53.40 55.36 NOTE
r-patched-solaris-sparc 1.4.1 536.00 NOTE
r-patched-solaris-x86 1.4.1 145.20 NOTE
r-release-linux-x86_64 1.4.1 2.09 60.18 62.27 NOTE
r-release-osx-x86_64-mavericks 1.4.1 NOTE
r-release-windows-ix86+x86_64 1.4.1 8.00 97.00 105.00 NOTE
r-oldrel-windows-ix86+x86_64 1.4.1 10.00 112.00 122.00 NOTE

Check Details

Version: 1.4.1
Check: dependencies in R code
Result: NOTE
    Unexported objects imported by ':::' calls:
     ‘BatchJobs:::addIntModulo’ ‘BatchJobs:::buffer’
     ‘BatchJobs:::checkDir’ ‘BatchJobs:::checkId’ ‘BatchJobs:::checkIds’
     ‘BatchJobs:::checkPart’ ‘BatchJobs:::createShardedDirs’
     ‘BatchJobs:::dbConnectToJobsDB’ ‘BatchJobs:::dbCreateJobStatusTable’
     ‘BatchJobs:::dbDoQuery’ ‘BatchJobs:::dbFindDone’
     ‘BatchJobs:::dbFindRunning’ ‘BatchJobs:::dbRemoveJobs’
     ‘BatchJobs:::dbSelectWithIds’ ‘BatchJobs:::getJobDirs’
     ‘BatchJobs:::getJobInfoInternal’ ‘BatchJobs:::getKillJob’
     ‘BatchJobs:::getListJobs’ ‘BatchJobs:::getRandomSeed’
     ‘BatchJobs:::getResult’ ‘BatchJobs:::isRegistryDir’
     ‘BatchJobs:::makeRegistryInternal’ ‘BatchJobs:::saveRegistry’
     ‘BatchJobs:::seeder’ ‘BatchJobs:::syncRegistry’
     See the note in ?`:::` about the use of this operator.
Flavors: r-devel-linux-x86_64-debian-clang, r-devel-linux-x86_64-debian-gcc, r-devel-linux-x86_64-fedora-clang, r-devel-linux-x86_64-fedora-gcc, r-devel-osx-x86_64-clang, r-devel-windows-ix86+x86_64, r-patched-linux-x86_64, r-patched-solaris-sparc, r-patched-solaris-x86, r-release-linux-x86_64, r-release-osx-x86_64-mavericks, r-release-windows-ix86+x86_64, r-oldrel-windows-ix86+x86_64

Version: 1.4.1
Check: R code for possible problems
Result: NOTE
    addExperiments.ExperimentRegistry: no visible global function
     definition for ‘is’
    applyJobFunction.ExperimentRegistry: no visible global function
     definition for ‘setNames’
    calcDynamic: no visible global function definition for ‘setNames’
    checkExperimentRegistry: no visible global function definition for
     ‘head’
    dbSummarizeExperiments: no visible global function definition for
     ‘setNames’
    designIterator: no visible global function definition for ‘setNames’
    getIndex : exprToIndex: no visible global function definition for
     ‘capture.output’
    getProblemFilePaths: no visible global function definition for
     ‘setNames’
    updateRegistry.ExperimentRegistry: no visible global function
     definition for ‘packageVersion’
    Undefined global functions or variables:
     capture.output head is packageVersion setNames
Flavors: r-devel-linux-x86_64-debian-clang, r-devel-linux-x86_64-debian-gcc, r-devel-linux-x86_64-fedora-clang, r-devel-linux-x86_64-fedora-gcc, r-devel-windows-ix86+x86_64