CRAN Package Check Results for Package BatchExperiments

Last updated on 2014-04-24 17:49:40.

Flavor Version Tinstall Tcheck Ttotal Status Flags
r-devel-linux-x86_64-debian-clang 1.1 2.46 42.90 45.36 NOTE
r-devel-linux-x86_64-debian-gcc 1.1 2.52 45.70 48.23 NOTE
r-devel-linux-x86_64-fedora-clang 1.1 92.87 NOTE
r-devel-linux-x86_64-fedora-gcc 1.1 89.29 NOTE
r-devel-osx-x86_64-clang 1.1 84.01 NOTE
r-devel-osx-x86_64-gcc 1.1 NOTE
r-devel-windows-ix86+x86_64 1.1 6.00 70.00 76.00 NOTE
r-patched-linux-x86_64 1.1 2.46 46.34 48.80 NOTE
r-patched-solaris-sparc 1.1 476.10 NOTE
r-patched-solaris-x86 1.1 119.90 NOTE
r-release-linux-ix86 1.1 4.00 70.00 74.00 NOTE
r-release-linux-x86_64 1.1 2.42 46.88 49.29 NOTE
r-release-osx-x86_64-mavericks 1.1 WARN
r-release-osx-x86_64-snowleopard 1.1 NOTE
r-release-windows-ix86+x86_64 1.1 8.00 84.00 92.00 NOTE
r-oldrel-windows-ix86+x86_64 1.1 8.00 76.00 84.00 NOTE

Check Details

Version: 1.1
Check: dependencies in R code
Result: NOTE
    Unexported objects imported by ':::' calls:
     ‘BatchJobs:::addIntModulo’ ‘BatchJobs:::buffer’
     ‘BatchJobs:::checkDir’ ‘BatchJobs:::checkId’
     ‘BatchJobs:::checkIdValid’ ‘BatchJobs:::checkIds’
     ‘BatchJobs:::checkPart’ ‘BatchJobs:::createShardedDirs’
     ‘BatchJobs:::dbConnectToJobsDB’ ‘BatchJobs:::dbCreateJobStatusTable’
     ‘BatchJobs:::dbDoQuery’ ‘BatchJobs:::dbFindDone’
     ‘BatchJobs:::dbFindRunning’ ‘BatchJobs:::dbGetErrorMsgs’
     ‘BatchJobs:::dbRemoveJobs’ ‘BatchJobs:::dbSelectWithIds’
     ‘BatchJobs:::getJobDirs’ ‘BatchJobs:::getJobInfoInternal’
     ‘BatchJobs:::getKillJob’ ‘BatchJobs:::getListJobs’
     ‘BatchJobs:::getRandomSeed’ ‘BatchJobs:::getResult’
     ‘BatchJobs:::isRegistryDir’ ‘BatchJobs:::list2df’
     ‘BatchJobs:::makeRegistryInternal’ ‘BatchJobs:::saveRegistry’
     ‘BatchJobs:::seeder’ ‘BatchJobs:::syncRegistry’
     See the note in ?`:::` about the use of this operator.
    See the information on DESCRIPTION files in the chapter ‘Creating R
    packages’ of the ‘Writing R Extensions’ manual.
Flavors: r-devel-linux-x86_64-debian-clang, r-devel-linux-x86_64-debian-gcc, r-devel-linux-x86_64-fedora-clang, r-devel-linux-x86_64-fedora-gcc, r-devel-osx-x86_64-clang, r-devel-osx-x86_64-gcc, r-devel-windows-ix86+x86_64, r-patched-linux-x86_64, r-patched-solaris-sparc, r-patched-solaris-x86, r-release-linux-ix86, r-release-linux-x86_64, r-release-osx-x86_64-mavericks, r-release-osx-x86_64-snowleopard, r-release-windows-ix86+x86_64, r-oldrel-windows-ix86+x86_64

Version: 1.1
Check: PDF version of manual
Result: WARNING
    LaTeX errors when creating PDF version.
    This typically indicates Rd problems.
    LaTeX errors found:
    ! LaTeX Error: File `upquote.sty' not found.
    
    Type X to quit or <RETURN> to proceed,
    or enter new name. (Default extension: sty)
    
    06d618f/Rd2.tex:8: ==> Fatal error occurred, no output PDF file produced!
Flavor: r-release-osx-x86_64-mavericks