CRAN Package Check Results for Package BatchExperiments

Last updated on 2014-09-21 00:46:37.

Flavor Version Tinstall Tcheck Ttotal Status Flags
r-devel-linux-x86_64-debian-clang 1.2 2.59 45.40 47.98 NOTE
r-devel-linux-x86_64-debian-gcc 1.2 2.39 45.55 47.94 NOTE
r-devel-linux-x86_64-fedora-clang 1.2 100.74 NOTE
r-devel-linux-x86_64-fedora-gcc 1.2 107.98 NOTE
r-devel-osx-x86_64-clang 1.2 85.26 NOTE
r-devel-windows-ix86+x86_64 1.2 7.00 72.00 79.00 NOTE
r-patched-linux-x86_64 1.2 2.62 47.61 50.23 NOTE
r-patched-solaris-sparc 1.2 514.00 NOTE
r-patched-solaris-x86 1.2 127.60 NOTE
r-release-linux-ix86 1.2 3.22 55.18 58.39 NOTE
r-release-linux-x86_64 1.2 2.68 50.22 52.90 NOTE
r-release-osx-x86_64-mavericks 1.2 NOTE
r-release-osx-x86_64-snowleopard 1.2 NOTE
r-release-windows-ix86+x86_64 1.2 8.00 76.00 84.00 NOTE
r-oldrel-windows-ix86+x86_64 1.2 9.00 74.00 83.00 NOTE

Check Details

Version: 1.2
Check: dependencies in R code
Result: NOTE
    Unexported objects imported by ':::' calls:
     ‘BatchJobs:::addIntModulo’ ‘BatchJobs:::buffer’
     ‘BatchJobs:::checkDir’ ‘BatchJobs:::checkIdValid’
     ‘BatchJobs:::checkIds’ ‘BatchJobs:::checkPart’
     ‘BatchJobs:::createShardedDirs’ ‘BatchJobs:::dbConnectToJobsDB’
     ‘BatchJobs:::dbCreateJobStatusTable’ ‘BatchJobs:::dbDoQuery’
     ‘BatchJobs:::dbFindDone’ ‘BatchJobs:::dbFindRunning’
     ‘BatchJobs:::dbGetErrorMsgs’ ‘BatchJobs:::dbRemoveJobs’
     ‘BatchJobs:::dbSelectWithIds’ ‘BatchJobs:::getJobDirs’
     ‘BatchJobs:::getJobInfoInternal’ ‘BatchJobs:::getKillJob’
     ‘BatchJobs:::getListJobs’ ‘BatchJobs:::getRandomSeed’
     ‘BatchJobs:::getResult’ ‘BatchJobs:::isRegistryDir’
     ‘BatchJobs:::list2df’ ‘BatchJobs:::makeRegistryInternal’
     ‘BatchJobs:::saveRegistry’ ‘BatchJobs:::seeder’
     ‘BatchJobs:::syncRegistry’
     See the note in ?`:::` about the use of this operator.
    See the information on DESCRIPTION files in the chapter ‘Creating R
    packages’ of the ‘Writing R Extensions’ manual.
Flavors: r-devel-linux-x86_64-debian-clang, r-devel-linux-x86_64-debian-gcc, r-devel-linux-x86_64-fedora-clang, r-devel-linux-x86_64-fedora-gcc, r-devel-osx-x86_64-clang, r-devel-windows-ix86+x86_64, r-patched-linux-x86_64, r-patched-solaris-sparc, r-patched-solaris-x86, r-release-linux-ix86, r-release-linux-x86_64, r-release-osx-x86_64-mavericks, r-release-osx-x86_64-snowleopard, r-release-windows-ix86+x86_64, r-oldrel-windows-ix86+x86_64