CRAN Package Check Results for Package BatchExperiments

Last updated on 2014-07-25 23:48:33.

Flavor Version Tinstall Tcheck Ttotal Status Flags
r-devel-linux-x86_64-debian-clang 1.2 2.43 44.28 46.71 NOTE
r-devel-linux-x86_64-debian-gcc 1.2 2.35 43.76 46.11 NOTE
r-devel-linux-x86_64-fedora-clang 1.2 95.74 NOTE
r-devel-linux-x86_64-fedora-gcc 1.2 91.39 NOTE
r-devel-osx-x86_64-clang 1.2 79.73 NOTE
r-devel-windows-ix86+x86_64 1.2 7.00 73.00 80.00 NOTE
r-patched-linux-x86_64 1.2 2.43 46.55 48.98 NOTE
r-patched-solaris-sparc 1.2 466.20 NOTE
r-patched-solaris-x86 1.2 125.70 NOTE
r-release-linux-ix86 1.2 2.94 52.92 55.87 NOTE
r-release-linux-x86_64 1.2 2.48 47.94 50.42 NOTE
r-release-osx-x86_64-mavericks 1.2 NOTE
r-release-osx-x86_64-snowleopard 1.2 NOTE
r-release-windows-ix86+x86_64 1.2 7.00 68.00 75.00 NOTE
r-oldrel-windows-ix86+x86_64 1.2 8.00 70.00 78.00 NOTE

Check Details

Version: 1.2
Check: dependencies in R code
Result: NOTE
    Unexported objects imported by ':::' calls:
     ‘BatchJobs:::addIntModulo’ ‘BatchJobs:::buffer’
     ‘BatchJobs:::checkDir’ ‘BatchJobs:::checkIdValid’
     ‘BatchJobs:::checkIds’ ‘BatchJobs:::checkPart’
     ‘BatchJobs:::createShardedDirs’ ‘BatchJobs:::dbConnectToJobsDB’
     ‘BatchJobs:::dbCreateJobStatusTable’ ‘BatchJobs:::dbDoQuery’
     ‘BatchJobs:::dbFindDone’ ‘BatchJobs:::dbFindRunning’
     ‘BatchJobs:::dbGetErrorMsgs’ ‘BatchJobs:::dbRemoveJobs’
     ‘BatchJobs:::dbSelectWithIds’ ‘BatchJobs:::getJobDirs’
     ‘BatchJobs:::getJobInfoInternal’ ‘BatchJobs:::getKillJob’
     ‘BatchJobs:::getListJobs’ ‘BatchJobs:::getRandomSeed’
     ‘BatchJobs:::getResult’ ‘BatchJobs:::isRegistryDir’
     ‘BatchJobs:::list2df’ ‘BatchJobs:::makeRegistryInternal’
     ‘BatchJobs:::saveRegistry’ ‘BatchJobs:::seeder’
     ‘BatchJobs:::syncRegistry’
     See the note in ?`:::` about the use of this operator.
    See the information on DESCRIPTION files in the chapter ‘Creating R
    packages’ of the ‘Writing R Extensions’ manual.
Flavors: r-devel-linux-x86_64-debian-clang, r-devel-linux-x86_64-debian-gcc, r-devel-linux-x86_64-fedora-clang, r-devel-linux-x86_64-fedora-gcc, r-devel-osx-x86_64-clang, r-devel-windows-ix86+x86_64, r-patched-linux-x86_64, r-patched-solaris-sparc, r-patched-solaris-x86, r-release-linux-ix86, r-release-linux-x86_64, r-release-osx-x86_64-mavericks, r-release-osx-x86_64-snowleopard, r-release-windows-ix86+x86_64, r-oldrel-windows-ix86+x86_64