CRAN Package Check Results for Package BatchExperiments

Last updated on 2015-03-01 11:47:21.

Flavor Version Tinstall Tcheck Ttotal Status Flags
r-devel-linux-x86_64-debian-clang 1.4 2.12 52.21 54.32 NOTE
r-devel-linux-x86_64-debian-gcc 1.4 1.86 52.28 54.14 NOTE
r-devel-linux-x86_64-fedora-clang 1.4 103.44 NOTE
r-devel-linux-x86_64-fedora-gcc 1.4 97.32 NOTE
r-devel-osx-x86_64-clang 1.4 87.70 NOTE
r-devel-windows-ix86+x86_64 1.4 9.00 76.00 85.00 NOTE
r-patched-linux-x86_64 1.4 2.93 61.24 64.17 NOTE
r-patched-solaris-sparc 1.4 625.60 NOTE
r-patched-solaris-x86 1.4 158.60 NOTE
r-release-linux-ix86 1.4 3.07 61.75 64.82 NOTE
r-release-linux-x86_64 1.4 2.91 69.44 72.34 NOTE
r-release-osx-x86_64-mavericks 1.4 NOTE
r-release-osx-x86_64-snowleopard 1.4 NOTE
r-release-windows-ix86+x86_64 1.4 8.00 97.00 105.00 NOTE
r-oldrel-windows-ix86+x86_64 1.4 8.00 84.00 92.00 NOTE

Check Details

Version: 1.4
Check: DESCRIPTION meta-information
Result: NOTE
    Malformed Title field: should not end in a period.
Flavors: r-devel-linux-x86_64-debian-clang, r-devel-linux-x86_64-debian-gcc, r-devel-linux-x86_64-fedora-clang, r-devel-linux-x86_64-fedora-gcc, r-devel-osx-x86_64-clang, r-devel-windows-ix86+x86_64

Version: 1.4
Check: dependencies in R code
Result: NOTE
    Unexported objects imported by ':::' calls:
     ‘BatchJobs:::addIntModulo’ ‘BatchJobs:::buffer’
     ‘BatchJobs:::checkDir’ ‘BatchJobs:::checkIdValid’
     ‘BatchJobs:::checkIds’ ‘BatchJobs:::checkPart’
     ‘BatchJobs:::createShardedDirs’ ‘BatchJobs:::dbConnectToJobsDB’
     ‘BatchJobs:::dbCreateJobStatusTable’ ‘BatchJobs:::dbDoQuery’
     ‘BatchJobs:::dbFindDone’ ‘BatchJobs:::dbFindRunning’
     ‘BatchJobs:::dbRemoveJobs’ ‘BatchJobs:::dbSelectWithIds’
     ‘BatchJobs:::getJobDirs’ ‘BatchJobs:::getJobInfoInternal’
     ‘BatchJobs:::getKillJob’ ‘BatchJobs:::getListJobs’
     ‘BatchJobs:::getRandomSeed’ ‘BatchJobs:::getResult’
     ‘BatchJobs:::isRegistryDir’ ‘BatchJobs:::makeRegistryInternal’
     ‘BatchJobs:::saveRegistry’ ‘BatchJobs:::seeder’
     ‘BatchJobs:::syncRegistry’
     See the note in ?`:::` about the use of this operator.
Flavors: r-devel-linux-x86_64-debian-clang, r-devel-linux-x86_64-debian-gcc, r-devel-linux-x86_64-fedora-clang, r-devel-linux-x86_64-fedora-gcc, r-devel-osx-x86_64-clang, r-devel-windows-ix86+x86_64, r-patched-linux-x86_64, r-patched-solaris-x86

Version: 1.4
Check: dependencies in R code
Result: NOTE
    Unexported objects imported by ':::' calls:
     ‘BatchJobs:::addIntModulo’ ‘BatchJobs:::buffer’
     ‘BatchJobs:::checkDir’ ‘BatchJobs:::checkIdValid’
     ‘BatchJobs:::checkIds’ ‘BatchJobs:::checkPart’
     ‘BatchJobs:::createShardedDirs’ ‘BatchJobs:::dbConnectToJobsDB’
     ‘BatchJobs:::dbCreateJobStatusTable’ ‘BatchJobs:::dbDoQuery’
     ‘BatchJobs:::dbFindDone’ ‘BatchJobs:::dbFindRunning’
     ‘BatchJobs:::dbRemoveJobs’ ‘BatchJobs:::dbSelectWithIds’
     ‘BatchJobs:::getJobDirs’ ‘BatchJobs:::getJobInfoInternal’
     ‘BatchJobs:::getKillJob’ ‘BatchJobs:::getListJobs’
     ‘BatchJobs:::getRandomSeed’ ‘BatchJobs:::getResult’
     ‘BatchJobs:::isRegistryDir’ ‘BatchJobs:::makeRegistryInternal’
     ‘BatchJobs:::saveRegistry’ ‘BatchJobs:::seeder’
     ‘BatchJobs:::syncRegistry’
     See the note in ?`:::` about the use of this operator.
    See the information on DESCRIPTION files in the chapter ‘Creating R
    packages’ of the ‘Writing R Extensions’ manual.
Flavors: r-patched-solaris-sparc, r-release-linux-ix86, r-release-linux-x86_64, r-release-osx-x86_64-mavericks, r-release-osx-x86_64-snowleopard, r-release-windows-ix86+x86_64, r-oldrel-windows-ix86+x86_64