CRAN Package Check Results for Package BatchExperiments

Last updated on 2014-08-29 03:47:03.

Flavor Version Tinstall Tcheck Ttotal Status Flags
r-devel-linux-x86_64-debian-clang 1.2 2.44 44.22 46.65 NOTE
r-devel-linux-x86_64-debian-gcc 1.2 2.28 43.24 45.52 NOTE
r-devel-linux-x86_64-fedora-clang 1.2 94.69 NOTE
r-devel-linux-x86_64-fedora-gcc 1.2 90.36 NOTE
r-devel-osx-x86_64-clang 1.2 88.16 NOTE
r-devel-windows-ix86+x86_64 1.2 7.00 74.00 81.00 NOTE
r-patched-linux-x86_64 1.2 2.43 47.62 50.05 NOTE
r-patched-solaris-sparc 1.2 514.00 NOTE
r-patched-solaris-x86 1.2 124.00 NOTE
r-release-linux-ix86 1.2 2.95 52.39 55.34 NOTE
r-release-linux-x86_64 1.2 2.48 49.80 52.28 NOTE
r-release-osx-x86_64-mavericks 1.2 NOTE
r-release-osx-x86_64-snowleopard 1.2 NOTE
r-release-windows-ix86+x86_64 1.2 6.00 70.00 76.00 NOTE
r-oldrel-windows-ix86+x86_64 1.2 8.00 73.00 81.00 NOTE

Check Details

Version: 1.2
Check: dependencies in R code
Result: NOTE
    Unexported objects imported by ':::' calls:
     ‘BatchJobs:::addIntModulo’ ‘BatchJobs:::buffer’
     ‘BatchJobs:::checkDir’ ‘BatchJobs:::checkIdValid’
     ‘BatchJobs:::checkIds’ ‘BatchJobs:::checkPart’
     ‘BatchJobs:::createShardedDirs’ ‘BatchJobs:::dbConnectToJobsDB’
     ‘BatchJobs:::dbCreateJobStatusTable’ ‘BatchJobs:::dbDoQuery’
     ‘BatchJobs:::dbFindDone’ ‘BatchJobs:::dbFindRunning’
     ‘BatchJobs:::dbGetErrorMsgs’ ‘BatchJobs:::dbRemoveJobs’
     ‘BatchJobs:::dbSelectWithIds’ ‘BatchJobs:::getJobDirs’
     ‘BatchJobs:::getJobInfoInternal’ ‘BatchJobs:::getKillJob’
     ‘BatchJobs:::getListJobs’ ‘BatchJobs:::getRandomSeed’
     ‘BatchJobs:::getResult’ ‘BatchJobs:::isRegistryDir’
     ‘BatchJobs:::list2df’ ‘BatchJobs:::makeRegistryInternal’
     ‘BatchJobs:::saveRegistry’ ‘BatchJobs:::seeder’
     ‘BatchJobs:::syncRegistry’
     See the note in ?`:::` about the use of this operator.
    See the information on DESCRIPTION files in the chapter ‘Creating R
    packages’ of the ‘Writing R Extensions’ manual.
Flavors: r-devel-linux-x86_64-debian-clang, r-devel-linux-x86_64-debian-gcc, r-devel-linux-x86_64-fedora-clang, r-devel-linux-x86_64-fedora-gcc, r-devel-osx-x86_64-clang, r-devel-windows-ix86+x86_64, r-patched-linux-x86_64, r-patched-solaris-sparc, r-patched-solaris-x86, r-release-linux-ix86, r-release-linux-x86_64, r-release-osx-x86_64-mavericks, r-release-osx-x86_64-snowleopard, r-release-windows-ix86+x86_64, r-oldrel-windows-ix86+x86_64