CRAN Package Check Results for Package BatchJobs

Last updated on 2015-03-05 10:49:53.

Flavor Version Tinstall Tcheck Ttotal Status Flags
r-devel-linux-x86_64-debian-clang 1.5 3.80 84.85 88.65 NOTE
r-devel-linux-x86_64-debian-gcc 1.5 3.43 85.08 88.52 NOTE
r-devel-linux-x86_64-fedora-clang 1.5 145.66 NOTE
r-devel-linux-x86_64-fedora-gcc 1.5 142.25 NOTE
r-devel-osx-x86_64-clang 1.5 130.31 NOTE
r-devel-windows-ix86+x86_64 1.5 11.00 115.00 126.00 NOTE
r-patched-linux-x86_64 1.5 4.46 95.41 99.88 OK
r-patched-solaris-sparc 1.5 806.90 OK
r-patched-solaris-x86 1.5 219.80 OK
r-release-linux-ix86 1.5 6.44 79.88 86.32 OK
r-release-linux-x86_64 1.5 4.49 86.65 91.14 OK
r-release-osx-x86_64-mavericks 1.5 OK
r-release-osx-x86_64-snowleopard 1.5 OK
r-release-windows-ix86+x86_64 1.5 12.00 126.00 138.00 OK
r-oldrel-windows-ix86+x86_64 1.5 10.00 113.00 123.00 OK

Check Details

Version: 1.5
Check: DESCRIPTION meta-information
Result: NOTE
    Malformed Title field: should not end in a period.
Flavors: r-devel-linux-x86_64-debian-clang, r-devel-linux-x86_64-debian-gcc, r-devel-linux-x86_64-fedora-clang, r-devel-linux-x86_64-fedora-gcc, r-devel-osx-x86_64-clang, r-devel-windows-ix86+x86_64