CRAN Package Check Results for Package BatchJobs

Last updated on 2014-10-31 06:47:13.

Flavor Version Tinstall Tcheck Ttotal Status Flags
r-devel-linux-x86_64-debian-clang 1.4 4.36 46.41 50.77 WARN
r-devel-linux-x86_64-debian-gcc 1.5 4.07 97.68 101.76 OK
r-devel-linux-x86_64-fedora-clang 1.5 83.43 OK
r-devel-linux-x86_64-fedora-gcc 1.5 81.30 OK
r-devel-osx-x86_64-clang 1.4 86.95 WARN
r-devel-windows-ix86+x86_64 1.4 11.00 63.00 74.00 WARN
r-patched-linux-x86_64 1.4 4.62 46.49 51.11 WARN
r-patched-solaris-sparc 1.5 701.80 OK
r-patched-solaris-x86 1.5 163.80 OK
r-release-linux-ix86 1.4 5.62 51.48 57.10 OK
r-release-linux-x86_64 1.4 4.62 47.70 52.32 OK
r-release-osx-x86_64-mavericks 1.4 OK
r-release-osx-x86_64-snowleopard 1.4 OK
r-release-windows-ix86+x86_64 1.5 8.00 119.00 127.00 OK
r-oldrel-windows-ix86+x86_64 1.4 10.00 62.00 72.00 WARN

Check Details

Version: 1.4
Check: examples
Result: WARN
    Found the following significant warnings:
    
     Warning: 'dbBeginTransaction' is deprecated.
     Warning: 'dbBeginTransaction' is deprecated.
     Warning: 'dbBeginTransaction' is deprecated.
     Warning: 'dbBeginTransaction' is deprecated.
     Warning: 'dbBeginTransaction' is deprecated.
     Warning: 'dbBeginTransaction' is deprecated.
     Warning: 'dbBeginTransaction' is deprecated.
     Warning: 'dbBeginTransaction' is deprecated.
     Warning: 'dbBeginTransaction' is deprecated.
     Warning: 'dbBeginTransaction' is deprecated.
     Warning: 'dbBeginTransaction' is deprecated.
     Warning: 'dbBeginTransaction' is deprecated.
     Warning: 'dbBeginTransaction' is deprecated.
     Warning: 'dbBeginTransaction' is deprecated.
     Warning: 'dbBeginTransaction' is deprecated.
     Warning: 'dbBeginTransaction' is deprecated.
     Warning: 'dbBeginTransaction' is deprecated.
     Warning: 'dbBeginTransaction' is deprecated.
     Warning: 'dbBeginTransaction' is deprecated.
     Warning: 'dbBeginTransaction' is deprecated.
     Warning: 'dbBeginTransaction' is deprecated.
     Warning: 'dbBeginTransaction' is deprecated.
     Warning: 'dbBeginTransaction' is deprecated.
     Warning: 'dbBeginTransaction' is deprecated.
     Warning: 'dbBeginTransaction' is deprecated.
     Warning: 'dbBeginTransaction' is deprecated.
     Warning: 'dbBeginTransaction' is deprecated.
     Warning: 'dbBeginTransaction' is deprecated.
     Warning: 'dbBeginTransaction' is deprecated.
     Warning: 'dbBeginTransaction' is deprecated.
     Warning: 'dbBeginTransaction' is deprecated.
     Warning: 'dbBeginTransaction' is deprecated.
     Warning: 'dbBeginTransaction' is deprecated.
     Warning: 'dbBeginTransaction' is deprecated.
     Warning: 'dbBeginTransaction' is deprecated.
     Warning: 'dbBeginTransaction' is deprecated.
     Warning: 'dbBeginTransaction' is deprecated.
     Warning: 'dbBeginTransaction' is deprecated.
     Warning: 'dbBeginTransaction' is deprecated.
     Warning: 'dbBeginTransaction' is deprecated.
     Warning: 'dbBeginTransaction' is deprecated.
     Warning: 'dbBeginTransaction' is deprecated.
    Deprecated functions may be defunct as soon as of the next release of
    R.
    See ?Deprecated.
Flavors: r-devel-linux-x86_64-debian-clang, r-devel-osx-x86_64-clang, r-devel-windows-ix86+x86_64, r-patched-linux-x86_64, r-oldrel-windows-ix86+x86_64