CRAN Package Check Results for Package BayHap

Last updated on 2014-04-18 18:47:09.

Flavor Version Tinstall Tcheck Ttotal Status Flags
r-devel-linux-x86_64-debian-clang 1.0.1 1.44 24.26 25.71 NOTE
r-devel-linux-x86_64-debian-gcc NOTE
r-devel-linux-x86_64-fedora-clang 1.0.1 48.29 NOTE
r-devel-linux-x86_64-fedora-gcc 1.0.1 46.35 NOTE
r-devel-macosx-x86_64-clang 1.0.1 38.57 NOTE
r-devel-macosx-x86_64-gcc 1.0.1 NOTE
r-devel-windows-ix86+x86_64 1.0.1 7.00 60.00 67.00 NOTE
r-patched-linux-x86_64 1.0.1 1.92 24.92 26.83 NOTE
r-patched-solaris-sparc 1.0.1 279.50 NOTE
r-patched-solaris-x86 1.0.1 65.70 NOTE
r-release-linux-ix86 1.0.1 5.00 57.00 62.00 NOTE
r-release-linux-x86_64 1.0.1 1.93 25.08 27.01 NOTE
r-release-windows-ix86+x86_64 1.0.1 12.00 62.00 74.00 NOTE
r-oldrel-windows-ix86+x86_64 1.0.1 7.00 50.00 57.00 NOTE

Check Details

Version: 1.0.1
Check: dependencies in R code
Result: NOTE
    Unexported object imported by a ':::' call: ‘boa:::boa.getparms’
     See the note in ?`:::` about the use of this operator.
    See the information on DESCRIPTION files in the chapter ‘Creating R
    packages’ of the ‘Writing R Extensions’ manual.
Flavors: r-devel-linux-x86_64-debian-clang, r-devel-linux-x86_64-debian-gcc, r-devel-linux-x86_64-fedora-clang, r-devel-linux-x86_64-fedora-gcc, r-devel-macosx-x86_64-clang, r-devel-macosx-x86_64-gcc, r-devel-windows-ix86+x86_64, r-patched-linux-x86_64, r-patched-solaris-sparc, r-patched-solaris-x86, r-release-linux-ix86, r-release-linux-x86_64, r-release-windows-ix86+x86_64, r-oldrel-windows-ix86+x86_64

Version: 1.0.1
Check: R code for possible problems
Result: NOTE
    Found an obsolete/platform-specific call in the following functions:
     ‘plotACF’ ‘plotDensity’ ‘plotRmean’ ‘plotTrace’
    Found the platform-specific device:
     ‘x11’
    dev.new() is the preferred way to open a new device, in the unlikely
    event one is needed.
Flavors: r-devel-linux-x86_64-debian-clang, r-devel-linux-x86_64-debian-gcc, r-devel-linux-x86_64-fedora-clang, r-devel-linux-x86_64-fedora-gcc, r-devel-macosx-x86_64-clang, r-patched-linux-x86_64, r-patched-solaris-sparc, r-patched-solaris-x86, r-release-linux-ix86, r-release-linux-x86_64

Version: 1.0.1
Check: Rd line widths
Result: NOTE
    Rd file 'BayHap-internal.Rd':
     \usage lines wider than 90 characters:
     expectedGenotypes(x, alleles = allele.names(x), ploidy = 2, sort = TRUE, haplotype = FALSE)
    
    These lines will be truncated in the PDF manual.
Flavors: r-devel-linux-x86_64-fedora-clang, r-devel-linux-x86_64-fedora-gcc