CRAN Package Check Results for Package BayHaz

Last updated on 2014-04-23 12:48:14.

Flavor Version Tinstall Tcheck Ttotal Status Flags
r-devel-linux-x86_64-debian-clang 0.1-3 0.68 17.65 18.33 OK
r-devel-linux-x86_64-debian-gcc 0.1-3 0.68 16.93 17.61 OK
r-devel-linux-x86_64-fedora-clang 0.1-3 33.57 NOTE
r-devel-linux-x86_64-fedora-gcc 0.1-3 33.40 NOTE
r-devel-osx-x86_64-clang 0.1-3 33.43 OK
r-devel-osx-x86_64-gcc 0.1-3 OK
r-devel-windows-ix86+x86_64 0.1-3 3.00 29.00 32.00 OK
r-patched-linux-x86_64 0.1-3 0.72 17.13 17.85 OK
r-patched-solaris-sparc 0.1-3 189.20 OK
r-patched-solaris-x86 0.1-3 45.10 OK
r-release-linux-ix86 0.1-3 2.00 31.00 33.00 OK
r-release-linux-x86_64 0.1-3 0.72 17.62 18.34 OK
r-release-osx-x86_64-mavericks 0.1-3 WARN
r-release-windows-ix86+x86_64 0.1-3 3.00 29.00 32.00 OK
r-oldrel-windows-ix86+x86_64 0.1-3 3.00 27.00 30.00 OK

Check Details

Version: 0.1-3
Check: Rd line widths
Result: NOTE
    Rd file 'BPSpostSample.Rd':
     \usage lines wider than 90 characters:
     BPSpostSample(hyp, times, obs = NULL, mclen = 10, burnin = 0, thin = 1, df = 10, etastar = NULL)
     \examples lines wider than 100 characters:
     post<-BPSpostSample(hypars, times = earthquakes$ti, obs = earthquakes$ob, etastar = postmode$etastar)
    
    These lines will be truncated in the PDF manual.
Flavors: r-devel-linux-x86_64-fedora-clang, r-devel-linux-x86_64-fedora-gcc

Version: 0.1-3
Check: PDF version of manual
Result: WARNING
    LaTeX errors when creating PDF version.
    This typically indicates Rd problems.
    LaTeX errors found:
    ! LaTeX Error: File `upquote.sty' not found.
    
    Type X to quit or <RETURN> to proceed,
    or enter new name. (Default extension: sty)
    
    47c79e1/Rd2.tex:8: ==> Fatal error occurred, no output PDF file produced!
Flavor: r-release-osx-x86_64-mavericks