CRAN Package Check Results for Package BayHaz

Last updated on 2015-09-02 05:46:59.

Flavor Version Tinstall Tcheck Ttotal Status Flags
r-devel-linux-x86_64-debian-clang 0.1-3 0.76 15.26 16.02 NOTE
r-devel-linux-x86_64-debian-gcc 0.1-3 0.78 15.62 16.40 NOTE
r-devel-linux-x86_64-fedora-clang 0.1-3 29.59 NOTE
r-devel-linux-x86_64-fedora-gcc 0.1-3 28.23 NOTE
r-devel-osx-x86_64-clang 0.1-3 29.57 NOTE
r-devel-windows-ix86+x86_64 0.1-3 4.00 33.00 37.00 NOTE
r-patched-linux-x86_64 0.1-3 0.62 15.53 16.15 NOTE
r-patched-solaris-sparc 0.1-3 196.30 NOTE
r-patched-solaris-x86 0.1-3 41.60 NOTE
r-release-linux-x86_64 0.1-3 0.68 15.54 16.22 NOTE
r-release-osx-x86_64-mavericks 0.1-3 NOTE
r-release-windows-ix86+x86_64 0.1-3 4.00 30.00 34.00 NOTE
r-oldrel-windows-ix86+x86_64 0.1-3 5.00 31.00 36.00 NOTE

Check Details

Version: 0.1-3
Check: dependencies in R code
Result: NOTE
    'library' or 'require' call to ‘coda’ in package code.
     Please use :: or requireNamespace() instead.
     See section 'Suggested packages' in the 'Writing R Extensions' manual.
Flavors: r-devel-linux-x86_64-debian-clang, r-devel-linux-x86_64-debian-gcc, r-devel-linux-x86_64-fedora-clang, r-devel-linux-x86_64-fedora-gcc, r-devel-osx-x86_64-clang, r-devel-windows-ix86+x86_64, r-patched-linux-x86_64, r-patched-solaris-sparc, r-patched-solaris-x86, r-release-linux-x86_64, r-release-osx-x86_64-mavericks, r-release-windows-ix86+x86_64, r-oldrel-windows-ix86+x86_64

Version: 0.1-3
Check: R code for possible problems
Result: NOTE
    BPSplotHR: no visible global function definition for ‘qgamma’
    BPSplotHR: no visible global function definition for ‘gray.colors’
    BPSplotHR: no visible binding for global variable ‘quantile’
    BPSplotHR: no visible global function definition for ‘plot’
    BPSplotHR: no visible global function definition for ‘lines’
    BPSplotHR: no visible global function definition for ‘abline’
    BPSplotHR: no visible global function definition for ‘points’
    BPSpost2mcmc: no visible global function definition for ‘mcmc’
    BPSpostSample : logpost: no visible global function definition for
     ‘integrate’
    BPSpostSample: no visible global function definition for ‘optim’
    BPSpostSample: no visible global function definition for ‘rnorm’
    BPSpostSample: no visible global function definition for ‘rchisq’
    BPSpostSample: no visible global function definition for ‘rexp’
    BPSpriorSample: no visible global function definition for ‘rnorm’
    CPPevalHR: no visible global function definition for ‘pnorm’
    CPPevalHR: no visible global function definition for ‘dnorm’
    CPPplotHR: no visible global function definition for ‘pnorm’
    CPPplotHR: no visible global function definition for ‘qgamma’
    CPPplotHR: no visible global function definition for ‘gray.colors’
    CPPplotHR: no visible binding for global variable ‘quantile’
    CPPplotHR: no visible global function definition for ‘plot’
    CPPplotHR: no visible global function definition for ‘abline’
    CPPplotHR: no visible global function definition for ‘lines’
    CPPplotHR: no visible global function definition for ‘points’
    CPPpost2mcmc: no visible global function definition for ‘mcmc’
    CPPpostSample: no visible global function definition for ‘rgamma’
    CPPpostSample: no visible global function definition for ‘pnorm’
    CPPpostSample: no visible global function definition for ‘dnorm’
    CPPpostSample: no visible global function definition for ‘rexp’
    CPPpostSample: no visible global function definition for ‘runif’
    CPPpriorElicit: no visible global function definition for ‘qpois’
    CPPpriorSample: no visible global function definition for ‘rexp’
    CPPpriorSample: no visible global function definition for ‘rgamma’
    Undefined global functions or variables:
     abline dnorm gray.colors integrate lines mcmc optim plot pnorm points
     qgamma qpois quantile rchisq rexp rgamma rnorm runif
    Consider adding
     importFrom("grDevices", "gray.colors")
     importFrom("graphics", "abline", "lines", "plot", "points")
     importFrom("stats", "dnorm", "integrate", "optim", "pnorm", "qgamma",
     "qpois", "quantile", "rchisq", "rexp", "rgamma", "rnorm",
     "runif")
    to your NAMESPACE.
Flavors: r-devel-linux-x86_64-debian-clang, r-devel-linux-x86_64-debian-gcc, r-devel-linux-x86_64-fedora-clang, r-devel-linux-x86_64-fedora-gcc, r-devel-windows-ix86+x86_64

Version: 0.1-3
Check: Rd line widths
Result: NOTE
    Rd file 'BPSpostSample.Rd':
     \usage lines wider than 90 characters:
     BPSpostSample(hyp, times, obs = NULL, mclen = 10, burnin = 0, thin = 1, df = 10, etastar = NULL)
     \examples lines wider than 100 characters:
     post<-BPSpostSample(hypars, times = earthquakes$ti, obs = earthquakes$ob, etastar = postmode$etastar)
    
    These lines will be truncated in the PDF manual.
Flavors: r-devel-linux-x86_64-debian-clang, r-devel-linux-x86_64-debian-gcc, r-devel-linux-x86_64-fedora-clang, r-devel-linux-x86_64-fedora-gcc, r-patched-linux-x86_64, r-release-linux-x86_64

Version: 0.1-3
Check: R code for possible problems
Result: NOTE
    BPSpost2mcmc: no visible global function definition for ‘mcmc’
    CPPpost2mcmc: no visible global function definition for ‘mcmc’
    Undefined global functions or variables:
     mcmc
Flavor: r-devel-osx-x86_64-clang

Version: 0.1-3
Check: R code for possible problems
Result: NOTE
    BPSpost2mcmc: no visible global function definition for ‘mcmc’
    CPPpost2mcmc: no visible global function definition for ‘mcmc’
Flavors: r-patched-linux-x86_64, r-patched-solaris-sparc, r-patched-solaris-x86, r-release-linux-x86_64, r-release-osx-x86_64-mavericks, r-release-windows-ix86+x86_64, r-oldrel-windows-ix86+x86_64