CRAN Package Check Results for Package BayHaz

Last updated on 2014-11-23 12:46:26.

Flavor Version Tinstall Tcheck Ttotal Status Flags
r-devel-linux-x86_64-debian-clang 0.1-3 0.65 17.24 17.90 NOTE
r-devel-linux-x86_64-debian-gcc 0.1-3 0.65 17.00 17.65 NOTE
r-devel-linux-x86_64-fedora-clang 0.1-3 34.97 NOTE
r-devel-linux-x86_64-fedora-gcc 0.1-3 33.22 NOTE
r-devel-osx-x86_64-clang 0.1-3 36.00 NOTE
r-devel-windows-ix86+x86_64 0.1-3 3.00 26.00 29.00 NOTE
r-patched-linux-x86_64 0.1-3 0.68 17.06 17.73 NOTE
r-patched-solaris-sparc 0.1-3 196.30 NOTE
r-patched-solaris-x86 0.1-3 44.00 NOTE
r-release-linux-ix86 0.1-3 0.98 23.75 24.73 NOTE
r-release-linux-x86_64 0.1-3 0.81 16.97 17.78 NOTE
r-release-osx-x86_64-mavericks 0.1-3 OK
r-release-windows-ix86+x86_64 0.1-3 2.00 28.00 30.00 NOTE
r-oldrel-windows-ix86+x86_64 0.1-3 2.00 27.00 29.00 OK

Check Details

Version: 0.1-3
Check: R code for possible problems
Result: NOTE
    BPSpost2mcmc: no visible global function definition for ‘mcmc’
    CPPpost2mcmc: no visible global function definition for ‘mcmc’
Flavors: r-devel-linux-x86_64-debian-clang, r-devel-linux-x86_64-debian-gcc, r-devel-linux-x86_64-fedora-clang, r-devel-linux-x86_64-fedora-gcc, r-devel-osx-x86_64-clang, r-devel-windows-ix86+x86_64, r-patched-linux-x86_64, r-patched-solaris-sparc, r-patched-solaris-x86, r-release-linux-ix86, r-release-linux-x86_64, r-release-windows-ix86+x86_64

Version: 0.1-3
Check: Rd line widths
Result: NOTE
    Rd file 'BPSpostSample.Rd':
     \usage lines wider than 90 characters:
     BPSpostSample(hyp, times, obs = NULL, mclen = 10, burnin = 0, thin = 1, df = 10, etastar = NULL)
     \examples lines wider than 100 characters:
     post<-BPSpostSample(hypars, times = earthquakes$ti, obs = earthquakes$ob, etastar = postmode$etastar)
    
    These lines will be truncated in the PDF manual.
Flavors: r-devel-linux-x86_64-debian-clang, r-devel-linux-x86_64-debian-gcc, r-devel-linux-x86_64-fedora-clang, r-devel-linux-x86_64-fedora-gcc, r-patched-linux-x86_64, r-release-linux-x86_64