CRAN Package Check Results for Package BayHaz

Last updated on 2015-03-03 03:48:48.

Flavor Version Tinstall Tcheck Ttotal Status Flags
r-devel-linux-x86_64-debian-clang 0.1-3 0.63 17.04 17.67 NOTE
r-devel-linux-x86_64-debian-gcc 0.1-3 0.62 15.84 16.46 NOTE
r-devel-linux-x86_64-fedora-clang 0.1-3 31.46 NOTE
r-devel-linux-x86_64-fedora-gcc 0.1-3 30.32 NOTE
r-devel-osx-x86_64-clang 0.1-3 33.72 NOTE
r-devel-windows-ix86+x86_64 0.1-3 6.00 33.00 39.00 NOTE
r-patched-linux-x86_64 0.1-3 0.66 16.81 17.47 NOTE
r-patched-solaris-sparc 0.1-3 226.20 NOTE
r-patched-solaris-x86 0.1-3 44.90 NOTE
r-release-linux-ix86 0.1-3 0.97 30.08 31.05 NOTE
r-release-linux-x86_64 0.1-3 0.65 16.78 17.43 NOTE
r-release-osx-x86_64-mavericks 0.1-3 NOTE
r-release-windows-ix86+x86_64 0.1-3 7.00 30.00 37.00 NOTE
r-oldrel-windows-ix86+x86_64 0.1-3 3.00 29.00 32.00 OK

Check Details

Version: 0.1-3
Check: dependencies in R code
Result: NOTE
    'library' or 'require' call to ‘coda’ in package code.
     Please use :: or requireNamespace() instead.
     See section 'Suggested packages' in the 'Writing R Extensions' manual.
Flavors: r-devel-linux-x86_64-debian-clang, r-devel-linux-x86_64-debian-gcc, r-devel-linux-x86_64-fedora-clang, r-devel-linux-x86_64-fedora-gcc, r-devel-osx-x86_64-clang, r-devel-windows-ix86+x86_64, r-patched-linux-x86_64, r-patched-solaris-sparc, r-patched-solaris-x86

Version: 0.1-3
Check: R code for possible problems
Result: NOTE
    BPSpost2mcmc: no visible global function definition for ‘mcmc’
    CPPpost2mcmc: no visible global function definition for ‘mcmc’
Flavors: r-devel-linux-x86_64-debian-clang, r-devel-linux-x86_64-debian-gcc, r-devel-linux-x86_64-fedora-clang, r-devel-linux-x86_64-fedora-gcc, r-devel-osx-x86_64-clang, r-devel-windows-ix86+x86_64, r-patched-linux-x86_64, r-patched-solaris-sparc, r-patched-solaris-x86, r-release-linux-ix86, r-release-linux-x86_64, r-release-osx-x86_64-mavericks, r-release-windows-ix86+x86_64

Version: 0.1-3
Check: Rd line widths
Result: NOTE
    Rd file 'BPSpostSample.Rd':
     \usage lines wider than 90 characters:
     BPSpostSample(hyp, times, obs = NULL, mclen = 10, burnin = 0, thin = 1, df = 10, etastar = NULL)
     \examples lines wider than 100 characters:
     post<-BPSpostSample(hypars, times = earthquakes$ti, obs = earthquakes$ob, etastar = postmode$etastar)
    
    These lines will be truncated in the PDF manual.
Flavors: r-devel-linux-x86_64-debian-clang, r-devel-linux-x86_64-debian-gcc, r-devel-linux-x86_64-fedora-clang, r-devel-linux-x86_64-fedora-gcc, r-patched-linux-x86_64, r-release-linux-ix86, r-release-linux-x86_64