CRAN Package Check Results for Package BayHaz

Last updated on 2014-07-31 15:46:59.

Flavor Version Tinstall Tcheck Ttotal Status Flags
r-devel-linux-x86_64-debian-clang 0.1-3 0.63 16.33 16.96 OK
r-devel-linux-x86_64-debian-gcc 0.1-3 0.64 16.65 17.30 OK
r-devel-linux-x86_64-fedora-clang 0.1-3 33.65 NOTE
r-devel-linux-x86_64-fedora-gcc 0.1-3 32.16 NOTE
r-devel-osx-x86_64-clang 0.1-3 33.04 OK
r-devel-windows-ix86+x86_64 0.1-3 3.00 29.00 32.00 OK
r-patched-linux-x86_64 0.1-3 0.65 16.56 17.20 OK
r-patched-solaris-sparc 0.1-3 212.00 OK
r-patched-solaris-x86 0.1-3 42.00 OK
r-release-linux-ix86 0.1-3 0.94 22.88 23.82 OK
r-release-linux-x86_64 0.1-3 0.71 16.82 17.52 OK
r-release-osx-x86_64-mavericks 0.1-3 OK
r-release-windows-ix86+x86_64 0.1-3 5.00 38.00 43.00 OK
r-oldrel-windows-ix86+x86_64 0.1-3 5.00 36.00 41.00 OK

Check Details

Version: 0.1-3
Check: Rd line widths
Result: NOTE
    Rd file 'BPSpostSample.Rd':
     \usage lines wider than 90 characters:
     BPSpostSample(hyp, times, obs = NULL, mclen = 10, burnin = 0, thin = 1, df = 10, etastar = NULL)
     \examples lines wider than 100 characters:
     post<-BPSpostSample(hypars, times = earthquakes$ti, obs = earthquakes$ob, etastar = postmode$etastar)
    
    These lines will be truncated in the PDF manual.
Flavors: r-devel-linux-x86_64-fedora-clang, r-devel-linux-x86_64-fedora-gcc