CRAN Package Check Results for Package BayHaz

Last updated on 2014-10-23 10:47:59.

Flavor Version Tinstall Tcheck Ttotal Status Flags
r-devel-linux-x86_64-debian-clang 0.1-3 0.66 17.03 17.69 NOTE
r-devel-linux-x86_64-debian-gcc 0.1-3 0.64 16.51 17.15 NOTE
r-devel-linux-x86_64-fedora-clang 0.1-3 34.23 NOTE
r-devel-linux-x86_64-fedora-gcc 0.1-3 32.63 NOTE
r-devel-osx-x86_64-clang 0.1-3 35.81 NOTE
r-devel-windows-ix86+x86_64 0.1-3 3.00 26.00 29.00 NOTE
r-patched-linux-x86_64 0.1-3 0.68 16.75 17.44 NOTE
r-patched-solaris-sparc 0.1-3 196.30 NOTE
r-patched-solaris-x86 0.1-3 44.10 NOTE
r-release-linux-ix86 0.1-3 0.97 23.62 24.59 OK
r-release-linux-x86_64 0.1-3 0.66 17.16 17.83 NOTE
r-release-osx-x86_64-mavericks 0.1-3 OK
r-release-windows-ix86+x86_64 0.1-3 3.00 27.00 30.00 OK
r-oldrel-windows-ix86+x86_64 0.1-3 3.00 25.00 28.00 OK

Check Details

Version: 0.1-3
Check: R code for possible problems
Result: NOTE
    BPSpost2mcmc: no visible global function definition for ‘mcmc’
    CPPpost2mcmc: no visible global function definition for ‘mcmc’
Flavors: r-devel-linux-x86_64-debian-clang, r-devel-linux-x86_64-debian-gcc, r-devel-linux-x86_64-fedora-clang, r-devel-linux-x86_64-fedora-gcc, r-devel-osx-x86_64-clang, r-devel-windows-ix86+x86_64, r-patched-linux-x86_64, r-patched-solaris-sparc, r-patched-solaris-x86

Version: 0.1-3
Check: Rd line widths
Result: NOTE
    Rd file 'BPSpostSample.Rd':
     \usage lines wider than 90 characters:
     BPSpostSample(hyp, times, obs = NULL, mclen = 10, burnin = 0, thin = 1, df = 10, etastar = NULL)
     \examples lines wider than 100 characters:
     post<-BPSpostSample(hypars, times = earthquakes$ti, obs = earthquakes$ob, etastar = postmode$etastar)
    
    These lines will be truncated in the PDF manual.
Flavors: r-devel-linux-x86_64-debian-clang, r-devel-linux-x86_64-debian-gcc, r-devel-linux-x86_64-fedora-clang, r-devel-linux-x86_64-fedora-gcc, r-patched-linux-x86_64, r-release-linux-x86_64