CRAN Package Check Results for Package BayHaz

Last updated on 2014-12-18 21:47:04.

Flavor Version Tinstall Tcheck Ttotal Status Flags
r-devel-linux-x86_64-debian-clang 0.1-3 0.66 16.91 17.57 NOTE
r-devel-linux-x86_64-debian-gcc 0.1-3 0.65 16.11 16.76 NOTE
r-devel-linux-x86_64-fedora-clang 0.1-3 34.41 NOTE
r-devel-linux-x86_64-fedora-gcc 0.1-3 32.76 NOTE
r-devel-osx-x86_64-clang 0.1-3 35.24 NOTE
r-devel-windows-ix86+x86_64 0.1-3 3.00 27.00 30.00 NOTE
r-patched-linux-x86_64 0.1-3 0.67 17.09 17.76 NOTE
r-patched-solaris-sparc 0.1-3 196.30 NOTE
r-patched-solaris-x86 0.1-3 44.10 NOTE
r-release-linux-ix86 0.1-3 0.94 23.02 23.96 NOTE
r-release-linux-x86_64 0.1-3 0.70 17.09 17.79 NOTE
r-release-osx-x86_64-mavericks 0.1-3 OK
r-release-windows-ix86+x86_64 0.1-3 3.00 29.00 32.00 NOTE
r-oldrel-windows-ix86+x86_64 0.1-3 2.00 29.00 31.00 OK

Check Details

Version: 0.1-3
Check: R code for possible problems
Result: NOTE
    BPSpost2mcmc: no visible global function definition for ‘mcmc’
    CPPpost2mcmc: no visible global function definition for ‘mcmc’
Flavors: r-devel-linux-x86_64-debian-clang, r-devel-linux-x86_64-debian-gcc, r-devel-linux-x86_64-fedora-clang, r-devel-linux-x86_64-fedora-gcc, r-devel-osx-x86_64-clang, r-devel-windows-ix86+x86_64, r-patched-linux-x86_64, r-patched-solaris-sparc, r-patched-solaris-x86, r-release-linux-ix86, r-release-linux-x86_64, r-release-windows-ix86+x86_64

Version: 0.1-3
Check: Rd line widths
Result: NOTE
    Rd file 'BPSpostSample.Rd':
     \usage lines wider than 90 characters:
     BPSpostSample(hyp, times, obs = NULL, mclen = 10, burnin = 0, thin = 1, df = 10, etastar = NULL)
     \examples lines wider than 100 characters:
     post<-BPSpostSample(hypars, times = earthquakes$ti, obs = earthquakes$ob, etastar = postmode$etastar)
    
    These lines will be truncated in the PDF manual.
Flavors: r-devel-linux-x86_64-debian-clang, r-devel-linux-x86_64-debian-gcc, r-devel-linux-x86_64-fedora-clang, r-devel-linux-x86_64-fedora-gcc, r-patched-linux-x86_64, r-release-linux-x86_64