CRAN Package Check Results for Package BayHaz

Last updated on 2014-08-22 22:46:33.

Flavor Version Tinstall Tcheck Ttotal Status Flags
r-devel-linux-x86_64-debian-clang 0.1-3 0.63 15.87 16.50 NOTE
r-devel-linux-x86_64-debian-gcc 0.1-3 0.69 15.54 16.23 OK
r-devel-linux-x86_64-fedora-clang 0.1-3 33.27 NOTE
r-devel-linux-x86_64-fedora-gcc 0.1-3 30.36 NOTE
r-devel-osx-x86_64-clang 0.1-3 34.15 NOTE
r-devel-windows-ix86+x86_64 0.1-3 3.00 25.00 28.00 OK
r-patched-linux-x86_64 0.1-3 0.88 16.14 17.02 OK
r-patched-solaris-sparc 0.1-3 212.00 OK
r-patched-solaris-x86 0.1-3 43.50 OK
r-release-linux-ix86 0.1-3 0.95 22.91 23.86 OK
r-release-linux-x86_64 0.1-3 0.72 16.83 17.56 OK
r-release-osx-x86_64-mavericks 0.1-3 OK
r-release-windows-ix86+x86_64 0.1-3 2.00 27.00 29.00 OK
r-oldrel-windows-ix86+x86_64 0.1-3 2.00 24.00 26.00 OK

Check Details

Version: 0.1-3
Check: R code for possible problems
Result: NOTE
    BPSpost2mcmc: no visible global function definition for ‘mcmc’
    CPPpost2mcmc: no visible global function definition for ‘mcmc’
Flavors: r-devel-linux-x86_64-debian-clang, r-devel-linux-x86_64-fedora-clang, r-devel-linux-x86_64-fedora-gcc, r-devel-osx-x86_64-clang

Version: 0.1-3
Check: Rd line widths
Result: NOTE
    Rd file 'BPSpostSample.Rd':
     \usage lines wider than 90 characters:
     BPSpostSample(hyp, times, obs = NULL, mclen = 10, burnin = 0, thin = 1, df = 10, etastar = NULL)
     \examples lines wider than 100 characters:
     post<-BPSpostSample(hypars, times = earthquakes$ti, obs = earthquakes$ob, etastar = postmode$etastar)
    
    These lines will be truncated in the PDF manual.
Flavors: r-devel-linux-x86_64-fedora-clang, r-devel-linux-x86_64-fedora-gcc