CRAN Package Check Results for Package BayHaz

Last updated on 2015-02-01 11:47:06.

Flavor Version Tinstall Tcheck Ttotal Status Flags
r-devel-linux-x86_64-debian-clang 0.1-3 0.64 16.19 16.83 NOTE
r-devel-linux-x86_64-debian-gcc 0.1-3 0.63 15.82 16.45 NOTE
r-devel-linux-x86_64-fedora-clang 0.1-3 34.42 NOTE
r-devel-linux-x86_64-fedora-gcc 0.1-3 30.68 NOTE
r-devel-osx-x86_64-clang 0.1-3 39.22 NOTE
r-devel-windows-ix86+x86_64 0.1-3 4.00 27.00 31.00 NOTE
r-patched-linux-x86_64 0.1-3 0.65 17.35 18.00 NOTE
r-patched-solaris-sparc 0.1-3 215.20 NOTE
r-patched-solaris-x86 0.1-3 44.30 NOTE
r-release-linux-ix86 0.1-3 0.94 23.58 24.52 NOTE
r-release-linux-x86_64 0.1-3 0.66 16.84 17.50 NOTE
r-release-osx-x86_64-mavericks 0.1-3 NOTE
r-release-windows-ix86+x86_64 0.1-3 2.00 29.00 31.00 NOTE
r-oldrel-windows-ix86+x86_64 0.1-3 3.00 28.00 31.00 OK

Check Details

Version: 0.1-3
Check: dependencies in R code
Result: NOTE
    'library' or 'require' call to ‘coda’ in package code.
     Please use :: or requireNamespace() instead.
     See section 'Suggested packages' in the 'Writing R Extensions' manual.
Flavors: r-devel-linux-x86_64-debian-clang, r-devel-linux-x86_64-debian-gcc, r-devel-linux-x86_64-fedora-clang, r-devel-linux-x86_64-fedora-gcc, r-devel-osx-x86_64-clang, r-devel-windows-ix86+x86_64

Version: 0.1-3
Check: R code for possible problems
Result: NOTE
    BPSpost2mcmc: no visible global function definition for ‘mcmc’
    CPPpost2mcmc: no visible global function definition for ‘mcmc’
Flavors: r-devel-linux-x86_64-debian-clang, r-devel-linux-x86_64-debian-gcc, r-devel-linux-x86_64-fedora-clang, r-devel-linux-x86_64-fedora-gcc, r-devel-osx-x86_64-clang, r-devel-windows-ix86+x86_64, r-patched-linux-x86_64, r-patched-solaris-sparc, r-patched-solaris-x86, r-release-linux-ix86, r-release-linux-x86_64, r-release-osx-x86_64-mavericks, r-release-windows-ix86+x86_64

Version: 0.1-3
Check: Rd line widths
Result: NOTE
    Rd file 'BPSpostSample.Rd':
     \usage lines wider than 90 characters:
     BPSpostSample(hyp, times, obs = NULL, mclen = 10, burnin = 0, thin = 1, df = 10, etastar = NULL)
     \examples lines wider than 100 characters:
     post<-BPSpostSample(hypars, times = earthquakes$ti, obs = earthquakes$ob, etastar = postmode$etastar)
    
    These lines will be truncated in the PDF manual.
Flavors: r-devel-linux-x86_64-debian-clang, r-devel-linux-x86_64-debian-gcc, r-devel-linux-x86_64-fedora-clang, r-devel-linux-x86_64-fedora-gcc, r-patched-linux-x86_64, r-release-linux-ix86, r-release-linux-x86_64