CRAN Package Check Results for Package BayesBridge

Last updated on 2015-07-01 17:47:28.

Flavor Version Tinstall Tcheck Ttotal Status Flags
r-devel-linux-x86_64-debian-clang 0.6 4.00 12.02 16.02 NOTE
r-devel-linux-x86_64-debian-gcc 0.6 5.05 11.52 16.57 NOTE
r-devel-linux-x86_64-fedora-clang 0.6 31.86 NOTE
r-devel-linux-x86_64-fedora-gcc 0.6 29.65 NOTE
r-devel-osx-x86_64-clang 0.6 30.63 OK
r-devel-windows-ix86+x86_64 0.6 34.00 32.00 66.00 OK
r-patched-linux-x86_64 0.6 5.66 11.71 17.37 OK
r-patched-solaris-sparc 0.6 199.10 OK
r-patched-solaris-x86 0.6 46.70 OK
r-release-linux-x86_64 0.6 5.64 11.82 17.46 OK
r-release-osx-x86_64-mavericks 0.6 OK
r-release-windows-ix86+x86_64 0.6 26.00 32.00 58.00 OK
r-oldrel-windows-ix86+x86_64 0.6 34.00 41.00 75.00 OK

Check Details

Version: 0.6
Check: R code for possible problems
Result: NOTE
    bridge.nmix.R: no visible global function definition for ‘rnorm’
    draw.alpha: no visible global function definition for ‘runif’
    draw.alpha: no visible global function definition for ‘dbeta’
    draw.alpha.2: no visible global function definition for ‘runif’
    draw.beta.2: no visible global function definition for ‘runif’
    draw.sig2: no visible global function definition for ‘rgamma’
    draw.tau: no visible global function definition for ‘rgamma’
    draw.u: no visible global function definition for ‘runif’
    draw.w: no visible global function definition for ‘runif’
    draw.w: no visible global function definition for ‘rgamma’
    draw.w.marg: no visible global function definition for ‘runif’
    draw.w.marg: no visible global function definition for ‘rgamma’
    trace.beta: no visible global function definition for ‘plot’
    trace.beta: no visible global function definition for ‘lines’
    trace.beta: no visible global function definition for ‘legend’
    trace.beta.mcmc: no visible global function definition for ‘sd’
    trace.beta.mcmc: no visible binding for global variable ‘sd’
    trace.beta.mcmc: no visible global function definition for ‘plot’
    trace.beta.mcmc: no visible global function definition for ‘title’
    trace.beta.mcmc: no visible global function definition for ‘hsv’
    trace.beta.mcmc: no visible global function definition for ‘lines’
    trace.beta.mcmc: no visible global function definition for ‘points’
Flavors: r-devel-linux-x86_64-debian-clang, r-devel-linux-x86_64-debian-gcc, r-devel-linux-x86_64-fedora-clang, r-devel-linux-x86_64-fedora-gcc