CRAN Package Check Results for Package BayesBridge

Last updated on 2014-04-21 17:47:47.

Flavor Version Tinstall Tcheck Ttotal Status Flags
r-devel-linux-x86_64-debian-clang 0.2-1 4.19 13.04 17.24 OK
r-devel-linux-x86_64-debian-gcc 0.2-1 5.01 12.94 17.94 OK
r-devel-linux-x86_64-fedora-clang 0.2-1 32.87 NOTE
r-devel-linux-x86_64-fedora-gcc 0.2-1 32.39 NOTE
r-devel-osx-x86_64-clang 0.2-1 35.31 OK
r-devel-osx-x86_64-gcc 0.2-1 OK
r-devel-windows-ix86+x86_64 0.2-1 21.00 29.00 50.00 OK
r-patched-linux-x86_64 0.2-1 5.27 13.81 19.08 OK
r-patched-solaris-sparc 0.2-1 197.70 OK
r-patched-solaris-x86 0.2-1 49.70 OK
r-release-linux-x86_64 0.2-1 4.99 13.20 18.20 OK
r-release-osx-x86_64-mavericks 0.2-1 OK
r-release-windows-ix86+x86_64 0.2-1 33.00 38.00 71.00 OK
r-oldrel-windows-ix86+x86_64 0.2-1 21.00 28.00 49.00 OK

Check Details

Version: 0.2-1
Check: top-level files
Result: NOTE
    Non-standard file/directory found at top level:
     ‘MYNOTES’
Flavors: r-devel-linux-x86_64-fedora-clang, r-devel-linux-x86_64-fedora-gcc