CRAN Package Check Results for Package BayesBridge

Last updated on 2014-07-24 23:48:12.

Flavor Version Tinstall Tcheck Ttotal Status Flags
r-devel-linux-x86_64-debian-clang 0.5 3.92 12.10 16.02 OK
r-devel-linux-x86_64-debian-gcc 0.5 5.00 11.76 16.76 OK
r-devel-linux-x86_64-fedora-clang 0.5 26.30 OK
r-devel-linux-x86_64-fedora-gcc 0.5 26.05 OK
r-devel-osx-x86_64-clang 0.5 34.77 OK
r-devel-windows-ix86+x86_64 0.5 24.00 33.00 57.00 OK
r-patched-linux-x86_64 0.5 5.04 12.07 17.11 OK
r-patched-solaris-sparc 0.5 192.40 OK
r-patched-solaris-x86 0.5 45.10 OK
r-release-linux-ix86 0.4 7.18 18.95 26.13 WARN
r-release-linux-x86_64 0.5 5.10 12.32 17.42 OK
r-release-osx-x86_64-mavericks 0.5 OK
r-release-osx-x86_64-snowleopard 0.5 OK
r-release-windows-ix86+x86_64 0.5 24.00 34.00 58.00 OK
r-oldrel-windows-ix86+x86_64 0.5 24.00 38.00 62.00 OK

Check Details

Version: 0.4
Check: whether package can be installed
Result: WARNING
    Found the following significant warnings:
     BridgeWrapper.cpp:912:52: warning: operation on ‘*(x + ((sizetype)(((unsigned int)i) * 8u)))’ may be undefined [-Wsequence-point]
    See ‘/home/hornik/tmp/R.check/r-release-gcc/Work/PKGS/BayesBridge.Rcheck/00install.out’ for details.
Flavor: r-release-linux-ix86