CRAN Package Check Results for Package BayesBridge

Last updated on 2015-09-02 23:46:44.

Flavor Version Tinstall Tcheck Ttotal Status Flags
r-devel-linux-x86_64-debian-clang 0.6 4.01 11.35 15.36 NOTE
r-devel-linux-x86_64-debian-gcc 0.6 5.00 11.45 16.44 NOTE
r-devel-linux-x86_64-fedora-clang 0.6 31.45 NOTE
r-devel-linux-x86_64-fedora-gcc 0.6 29.41 NOTE
r-devel-osx-x86_64-clang 0.6 30.23 OK
r-devel-windows-ix86+x86_64 0.6 24.00 34.00 58.00 NOTE
r-patched-linux-x86_64 0.6 5.12 11.94 17.06 OK
r-patched-solaris-sparc 0.6 209.00 OK
r-patched-solaris-x86 0.6 46.50 OK
r-release-linux-x86_64 0.6 5.07 12.84 17.91 OK
r-release-osx-x86_64-mavericks 0.6 OK
r-release-windows-ix86+x86_64 0.6 26.00 42.00 68.00 OK
r-oldrel-windows-ix86+x86_64 0.6 34.00 41.00 75.00 OK

Check Details

Version: 0.6
Check: R code for possible problems
Result: NOTE
    bridge.nmix.R: no visible global function definition for ‘rnorm’
    draw.alpha: no visible global function definition for ‘runif’
    draw.alpha: no visible global function definition for ‘dbeta’
    draw.alpha.2: no visible global function definition for ‘runif’
    draw.beta.2: no visible global function definition for ‘runif’
    draw.sig2: no visible global function definition for ‘rgamma’
    draw.tau: no visible global function definition for ‘rgamma’
    draw.u: no visible global function definition for ‘runif’
    draw.w: no visible global function definition for ‘runif’
    draw.w: no visible global function definition for ‘rgamma’
    draw.w.marg: no visible global function definition for ‘runif’
    draw.w.marg: no visible global function definition for ‘rgamma’
    trace.beta: no visible global function definition for ‘plot’
    trace.beta: no visible global function definition for ‘lines’
    trace.beta: no visible global function definition for ‘legend’
    trace.beta.mcmc: no visible global function definition for ‘sd’
    trace.beta.mcmc: no visible binding for global variable ‘sd’
    trace.beta.mcmc: no visible global function definition for ‘plot’
    trace.beta.mcmc: no visible global function definition for ‘title’
    trace.beta.mcmc: no visible global function definition for ‘hsv’
    trace.beta.mcmc: no visible global function definition for ‘lines’
    trace.beta.mcmc: no visible global function definition for ‘points’
    Undefined global functions or variables:
     dbeta hsv legend lines plot points rgamma rnorm runif sd title
    Consider adding
     importFrom("grDevices", "hsv")
     importFrom("graphics", "legend", "lines", "plot", "points", "title")
     importFrom("stats", "dbeta", "rgamma", "rnorm", "runif", "sd")
    to your NAMESPACE.
Flavors: r-devel-linux-x86_64-debian-clang, r-devel-linux-x86_64-debian-gcc, r-devel-linux-x86_64-fedora-clang, r-devel-linux-x86_64-fedora-gcc, r-devel-windows-ix86+x86_64