CRAN Package Check Results for Package BayesBridge

Last updated on 2017-02-24 23:52:15.

Flavor Version Tinstall Tcheck Ttotal Status Flags
r-devel-linux-x86_64-debian-clang 0.6 5.05 14.30 19.35 NOTE
r-devel-linux-x86_64-debian-gcc 0.6 5.52 14.34 19.85 NOTE
r-devel-linux-x86_64-fedora-clang 0.6 35.34 NOTE --no-stop-on-test-error
r-devel-linux-x86_64-fedora-gcc 0.6 37.99 NOTE --no-stop-on-test-error
r-devel-macos-x86_64-clang 0.6 29.30 NOTE --no-stop-on-test-error
r-devel-windows-ix86+x86_64 0.6 23.00 67.00 90.00 NOTE
r-patched-linux-x86_64 0.6 4.81 12.51 17.32 NOTE
r-patched-solaris-sparc 0.6 179.10 NOTE
r-patched-solaris-x86 0.6 42.50 NOTE
r-release-linux-x86_64 0.6 4.85 12.28 17.13 NOTE
r-release-osx-x86_64-mavericks 0.6 NOTE
r-release-windows-ix86+x86_64 0.6 17.00 33.00 50.00 NOTE
r-oldrel-windows-ix86+x86_64 0.6 18.00 39.00 57.00 OK

Check Details

Version: 0.6
Check: R code for possible problems
Result: NOTE
    bridge.nmix.R: no visible global function definition for ‘rnorm’
    draw.alpha: no visible global function definition for ‘runif’
    draw.alpha: no visible global function definition for ‘dbeta’
    draw.alpha.2: no visible global function definition for ‘runif’
    draw.beta.2: no visible global function definition for ‘runif’
    draw.sig2: no visible global function definition for ‘rgamma’
    draw.tau: no visible global function definition for ‘rgamma’
    draw.u: no visible global function definition for ‘runif’
    draw.w: no visible global function definition for ‘runif’
    draw.w: no visible global function definition for ‘rgamma’
    draw.w.marg: no visible global function definition for ‘runif’
    draw.w.marg: no visible global function definition for ‘rgamma’
    trace.beta: no visible global function definition for ‘plot’
    trace.beta: no visible global function definition for ‘lines’
    trace.beta: no visible global function definition for ‘legend’
    trace.beta.mcmc: no visible global function definition for ‘sd’
    trace.beta.mcmc: no visible binding for global variable ‘sd’
    trace.beta.mcmc: no visible global function definition for ‘plot’
    trace.beta.mcmc: no visible global function definition for ‘title’
    trace.beta.mcmc: no visible global function definition for ‘hsv’
    trace.beta.mcmc: no visible global function definition for ‘lines’
    trace.beta.mcmc: no visible global function definition for ‘points’
    Undefined global functions or variables:
     dbeta hsv legend lines plot points rgamma rnorm runif sd title
    Consider adding
     importFrom("grDevices", "hsv")
     importFrom("graphics", "legend", "lines", "plot", "points", "title")
     importFrom("stats", "dbeta", "rgamma", "rnorm", "runif", "sd")
    to your NAMESPACE file.
Flavors: r-devel-linux-x86_64-debian-clang, r-devel-linux-x86_64-debian-gcc, r-devel-windows-ix86+x86_64, r-patched-linux-x86_64, r-patched-solaris-sparc, r-patched-solaris-x86, r-release-linux-x86_64, r-release-osx-x86_64-mavericks, r-release-windows-ix86+x86_64

Version: 0.6
Check: compiled code
Result: NOTE
    File ‘BayesBridge/libs/BayesBridge.so’:
     Found no calls to: ‘R_registerRoutines’, ‘R_useDynamicSymbols’
    
    It is good practice to register native routines and to disable symbol
    search.
    
    See ‘Writing portable packages’ in the ‘Writing R Extensions’ manual.
Flavors: r-devel-linux-x86_64-debian-clang, r-devel-linux-x86_64-debian-gcc

Version: 0.6
Flags: --no-stop-on-test-error
Check: R code for possible problems
Result: NOTE
    bridge.nmix.R: no visible global function definition for ‘rnorm’
    draw.alpha: no visible global function definition for ‘runif’
    draw.alpha: no visible global function definition for ‘dbeta’
    draw.alpha.2: no visible global function definition for ‘runif’
    draw.beta.2: no visible global function definition for ‘runif’
    draw.sig2: no visible global function definition for ‘rgamma’
    draw.tau: no visible global function definition for ‘rgamma’
    draw.u: no visible global function definition for ‘runif’
    draw.w: no visible global function definition for ‘runif’
    draw.w: no visible global function definition for ‘rgamma’
    draw.w.marg: no visible global function definition for ‘runif’
    draw.w.marg: no visible global function definition for ‘rgamma’
    trace.beta: no visible global function definition for ‘plot’
    trace.beta: no visible global function definition for ‘lines’
    trace.beta: no visible global function definition for ‘legend’
    trace.beta.mcmc: no visible global function definition for ‘sd’
    trace.beta.mcmc: no visible binding for global variable ‘sd’
    trace.beta.mcmc: no visible global function definition for ‘plot’
    trace.beta.mcmc: no visible global function definition for ‘title’
    trace.beta.mcmc: no visible global function definition for ‘hsv’
    trace.beta.mcmc: no visible global function definition for ‘lines’
    trace.beta.mcmc: no visible global function definition for ‘points’
    Undefined global functions or variables:
     dbeta hsv legend lines plot points rgamma rnorm runif sd title
    Consider adding
     importFrom("grDevices", "hsv")
     importFrom("graphics", "legend", "lines", "plot", "points", "title")
     importFrom("stats", "dbeta", "rgamma", "rnorm", "runif", "sd")
    to your NAMESPACE file.
Flavors: r-devel-linux-x86_64-fedora-clang, r-devel-linux-x86_64-fedora-gcc, r-devel-macos-x86_64-clang

Version: 0.6
Flags: --no-stop-on-test-error
Check: compiled code
Result: NOTE
    File ‘BayesBridge/libs/BayesBridge.so’:
     Found no calls to: ‘R_registerRoutines’, ‘R_useDynamicSymbols’
    
    It is good practice to register native routines and to disable symbol
    search.
    
    See ‘Writing portable packages’ in the ‘Writing R Extensions’ manual.
Flavors: r-devel-linux-x86_64-fedora-clang, r-devel-linux-x86_64-fedora-gcc, r-devel-macos-x86_64-clang