CRAN Package Check Results for Package BayesDA

Last updated on 2014-04-23 12:48:14.

Flavor Version Tinstall Tcheck Ttotal Status Flags
r-devel-linux-x86_64-debian-clang 2012.04-1 0.66 6.51 7.17 OK
r-devel-linux-x86_64-debian-gcc 2012.04-1 0.70 6.42 7.12 OK
r-devel-linux-x86_64-fedora-clang 2012.04-1 13.97 OK
r-devel-linux-x86_64-fedora-gcc 2012.04-1 13.83 OK
r-devel-osx-x86_64-clang 2012.04-1 18.22 OK
r-devel-osx-x86_64-gcc 2012.04-1 OK
r-devel-windows-ix86+x86_64 2012.04-1 2.00 12.00 14.00 OK
r-patched-linux-x86_64 2012.04-1 0.64 6.55 7.19 OK
r-patched-solaris-sparc 2012.04-1 84.30 OK
r-patched-solaris-x86 2012.04-1 23.40 OK
r-release-linux-ix86 2012.04-1 2.00 15.00 17.00 OK
r-release-linux-x86_64 2012.04-1 0.68 6.57 7.25 OK
r-release-osx-x86_64-mavericks 2012.04-1 WARN
r-release-windows-ix86+x86_64 2012.04-1 3.00 12.00 15.00 OK
r-oldrel-windows-ix86+x86_64 2012.04-1 3.00 12.00 15.00 OK

Check Details

Version: 2012.04-1
Check: PDF version of manual
Result: WARNING
    LaTeX errors when creating PDF version.
    This typically indicates Rd problems.
    LaTeX errors found:
    ! LaTeX Error: File `upquote.sty' not found.
    
    Type X to quit or <RETURN> to proceed,
    or enter new name. (Default extension: sty)
    
    bdb352f/Rd2.tex:8: ==> Fatal error occurred, no output PDF file produced!
Flavor: r-release-osx-x86_64-mavericks