Last updated on 2023-09-28 05:56:42 CEST.
Flavor | Version | Tinstall | Tcheck | Ttotal | Status | Flags |
---|---|---|---|---|---|---|
r-devel-linux-x86_64-debian-clang | 0.1.5 | 17.01 | 85.91 | 102.92 | OK | |
r-devel-linux-x86_64-debian-gcc | 0.1.5 | 15.63 | 63.57 | 79.20 | OK | |
r-devel-linux-x86_64-fedora-clang | 0.1.5 | 7.10 | ERROR | |||
r-devel-linux-x86_64-fedora-gcc | 0.1.5 | 133.73 | OK | |||
r-devel-windows-x86_64 | 0.1.5 | 31.00 | 90.00 | 121.00 | OK | |
r-patched-linux-x86_64 | 0.1.5 | 17.56 | 82.77 | 100.33 | OK | |
r-release-linux-x86_64 | 0.1.5 | 16.52 | 82.13 | 98.65 | OK | |
r-release-macos-arm64 | 0.1.5 | 52.00 | OK | |||
r-release-macos-x86_64 | 0.1.5 | 67.00 | OK | |||
r-release-windows-x86_64 | 0.1.5 | 38.00 | 106.00 | 144.00 | OK | |
r-oldrel-macos-arm64 | 0.1.5 | 49.00 | OK | |||
r-oldrel-macos-x86_64 | 0.1.5 | 59.00 | OK | |||
r-oldrel-windows-x86_64 | 0.1.5 | 26.00 | 100.00 | 126.00 | OK |
Version: 0.1.5
Check: whether package can be installed
Result: ERROR
Installation failed.
Flavor: r-devel-linux-x86_64-fedora-clang