CRAN Package Check Results for Package BayesFactor

Last updated on 2016-05-06 10:46:56.

Flavor Version Tinstall Tcheck Ttotal Status Flags
r-devel-linux-x86_64-debian-gcc 0.9.12-2 81.59 134.04 215.63 NOTE
r-devel-linux-x86_64-fedora-clang 0.9.12-2 492.95 NOTE
r-devel-linux-x86_64-fedora-gcc 0.9.12-2 435.90 NOTE
r-devel-osx-x86_64-clang 0.9.12-2 397.41 OK
r-devel-windows-ix86+x86_64 0.9.12-2 283.00 234.00 517.00 NOTE
r-patched-linux-x86_64 0.9.12-2 80.50 132.62 213.12 NOTE
r-patched-solaris-sparc 0.9.12-2 3178.50 OK
r-patched-solaris-x86 0.9.12-2 509.20 OK
r-release-linux-x86_64 0.9.12-2 82.42 132.30 214.72 NOTE
r-release-osx-x86_64-mavericks 0.9.12-2 NOTE
r-release-windows-ix86+x86_64 0.9.12-2 283.00 234.00 517.00 NOTE
r-oldrel-windows-ix86+x86_64 0.9.12-2 386.00 372.00 758.00 NOTE

Check Details

Version: 0.9.12-2
Check: installed package size
Result: NOTE
     installed size is 14.6Mb
     sub-directories of 1Mb or more:
     doc 1.7Mb
     libs 12.3Mb
Flavors: r-devel-linux-x86_64-debian-gcc, r-devel-linux-x86_64-fedora-clang, r-devel-linux-x86_64-fedora-gcc, r-patched-linux-x86_64, r-release-linux-x86_64, r-release-osx-x86_64-mavericks

Version: 0.9.12-2
Check: package dependencies
Result: NOTE
    Package suggested but not available for checking: 'doMC'
Flavors: r-devel-windows-ix86+x86_64, r-release-windows-ix86+x86_64, r-oldrel-windows-ix86+x86_64