CRAN Package Check Results for Package BayesFactor

Last updated on 2018-09-22 20:46:15 CEST.

Flavor Version Tinstall Tcheck Ttotal Status Flags
r-devel-linux-x86_64-debian-clang 0.9.12-4.2 224.24 291.50 515.74 OK
r-devel-linux-x86_64-debian-gcc 0.9.12-4.2 191.59 226.39 417.98 OK
r-devel-linux-x86_64-fedora-clang 0.9.12-4.2 695.95 NOTE
r-devel-linux-x86_64-fedora-gcc 0.9.12-4.2 647.77 OK
r-devel-windows-ix86+x86_64 0.9.12-4.2 494.00 420.00 914.00 NOTE
r-patched-linux-x86_64 0.9.12-4.2 236.33 259.26 495.59 OK
r-patched-solaris-x86 0.9.12-4.2 679.60 NOTE
r-release-linux-x86_64 0.9.12-4.2 230.62 264.61 495.23 OK
r-release-windows-ix86+x86_64 0.9.12-4.2 355.00 402.00 757.00 NOTE
r-release-osx-x86_64 0.9.12-4.2 NOTE
r-oldrel-windows-ix86+x86_64 0.9.12-4.2 341.00 408.00 749.00 NOTE
r-oldrel-osx-x86_64 0.9.12-4.2 NOTE

Check Details

Version: 0.9.12-4.2
Check: installed package size
Result: NOTE
     installed size is 23.1Mb
     sub-directories of 1Mb or more:
     doc 5.4Mb
     libs 16.6Mb
Flavors: r-devel-linux-x86_64-fedora-clang, r-devel-windows-ix86+x86_64, r-patched-solaris-x86, r-release-windows-ix86+x86_64, r-release-osx-x86_64, r-oldrel-windows-ix86+x86_64, r-oldrel-osx-x86_64

Version: 0.9.12-4.2
Check: package dependencies
Result: NOTE
    Package suggested but not available for checking: 'doMC'
Flavors: r-devel-windows-ix86+x86_64, r-release-windows-ix86+x86_64, r-oldrel-windows-ix86+x86_64