CRAN Package Check Results for Package BayesFactor

Last updated on 2017-01-17 20:50:25.

Flavor Version Tinstall Tcheck Ttotal Status Flags
r-devel-linux-x86_64-debian-clang 0.9.12-2 100.53 153.65 254.18 OK
r-devel-linux-x86_64-debian-gcc 0.9.12-2 98.83 145.64 244.46 OK
r-devel-linux-x86_64-fedora-clang 0.9.12-2 522.73 NOTE --no-stop-on-test-error
r-devel-linux-x86_64-fedora-gcc 0.9.12-2 534.50 NOTE --no-stop-on-test-error
r-devel-macos-x86_64-clang 0.9.12-2 352.54 OK --no-stop-on-test-error
r-devel-windows-ix86+x86_64 0.9.12-2 350.00 333.00 683.00 NOTE
r-patched-linux-x86_64 0.9.12-2 81.10 141.71 222.82 OK
r-patched-solaris-sparc 0.9.12-2 3099.80 OK
r-patched-solaris-x86 0.9.12-2 509.70 OK
r-release-linux-x86_64 0.9.12-2 80.94 140.20 221.14 OK
r-release-osx-x86_64-mavericks 0.9.12-2 NOTE
r-release-windows-ix86+x86_64 0.9.12-2 266.00 229.00 495.00 NOTE
r-oldrel-windows-ix86+x86_64 0.9.12-2 255.00 296.00 551.00 NOTE

Check Details

Version: 0.9.12-2
Flags: --no-stop-on-test-error
Check: installed package size
Result: NOTE
     installed size is 13.5Mb
     sub-directories of 1Mb or more:
     doc 1.7Mb
     libs 11.2Mb
Flavors: r-devel-linux-x86_64-fedora-clang, r-devel-linux-x86_64-fedora-gcc

Version: 0.9.12-2
Check: package dependencies
Result: NOTE
    Package suggested but not available for checking: 'doMC'
Flavors: r-devel-windows-ix86+x86_64, r-release-windows-ix86+x86_64, r-oldrel-windows-ix86+x86_64

Version: 0.9.12-2
Check: installed package size
Result: NOTE
     installed size is 12.5Mb
     sub-directories of 1Mb or more:
     doc 1.7Mb
     libs 10.2Mb
Flavor: r-release-osx-x86_64-mavericks