CRAN Package Check Results for Package BayesFactor

Last updated on 2015-03-06 09:49:26.

Flavor Version Tinstall Tcheck Ttotal Status Flags
r-devel-linux-x86_64-debian-clang 0.9.10-2 31.23 170.85 202.08 WARN
r-devel-linux-x86_64-debian-gcc 0.9.10-2 33.43 164.61 198.04 WARN
r-devel-linux-x86_64-fedora-clang 0.9.10-2 430.47 WARN
r-devel-linux-x86_64-fedora-gcc 0.9.10-2 395.52 WARN
r-devel-osx-x86_64-clang 0.9.10-2 319.05 WARN
r-devel-windows-ix86+x86_64 0.9.10-2 124.00 282.00 406.00 WARN
r-patched-linux-x86_64 0.9.10-2 33.74 189.28 223.01 WARN
r-patched-solaris-sparc 0.9.10-2 3207.20 WARN
r-patched-solaris-x86 0.9.10-2 481.50 WARN
r-release-linux-ix86 0.9.10-2 41.09 223.42 264.51 OK
r-release-linux-x86_64 0.9.10-2 34.06 188.72 222.78 WARN
r-release-osx-x86_64-mavericks 0.9.10-2 OK
r-release-osx-x86_64-snowleopard 0.9.10-2 OK
r-release-windows-ix86+x86_64 0.9.10-2 129.00 323.00 452.00 WARN
r-oldrel-windows-ix86+x86_64 0.9.10-2 126.00 300.00 426.00 WARN

Check Details

Version: 0.9.10-2
Check: S3 generic/method consistency
Result: WARN
    as.mcmc:
     function(x, ...)
    as.mcmc.BFmcmc:
     function(x)
    
    See section ‘Generic functions and methods’ in the ‘Writing R
    Extensions’ manual.
Flavors: r-devel-linux-x86_64-debian-clang, r-devel-linux-x86_64-debian-gcc, r-devel-linux-x86_64-fedora-clang, r-devel-linux-x86_64-fedora-gcc, r-devel-osx-x86_64-clang, r-devel-windows-ix86+x86_64, r-patched-linux-x86_64, r-patched-solaris-sparc, r-patched-solaris-x86

Version: 0.9.10-2
Check: package dependencies
Result: NOTE
    Package suggested but not available for checking: 'doMC'
Flavors: r-devel-windows-ix86+x86_64, r-release-windows-ix86+x86_64, r-oldrel-windows-ix86+x86_64

Version: 0.9.10-2
Check: S3 generic/method consistency
Result: WARN
    as.mcmc:
     function(x, ...)
    as.mcmc.BFmcmc:
     function(x)
    
    See section ‘Generic functions and methods’ of the ‘Writing R
    Extensions’ manual.
Flavors: r-release-linux-x86_64, r-release-windows-ix86+x86_64, r-oldrel-windows-ix86+x86_64