CRAN Package Check Results for Package BayesFactor

Last updated on 2017-06-23 20:48:11.

Flavor Version Tinstall Tcheck Ttotal Status Flags
r-devel-linux-x86_64-debian-clang 0.9.12-2 123.39 150.36 273.75 NOTE
r-devel-linux-x86_64-debian-gcc 0.9.12-2 116.28 142.11 258.39 NOTE
r-devel-linux-x86_64-fedora-clang 0.9.12-2 608.37 NOTE
r-devel-linux-x86_64-fedora-gcc 0.9.12-2 542.91 NOTE
r-devel-windows-ix86+x86_64 0.9.12-2 441.00 367.00 808.00 NOTE
r-patched-linux-x86_64 0.9.12-2 95.98 144.37 240.35 NOTE
r-patched-solaris-sparc 0.9.12-2 3241.50 OK
r-patched-solaris-x86 0.9.12-2 578.80 OK
r-release-linux-x86_64 0.9.12-2 95.65 145.00 240.65 NOTE
r-release-windows-ix86+x86_64 0.9.12-2 301.00 283.00 584.00 NOTE
r-release-osx-x86_64 0.9.12-2 NOTE
r-oldrel-windows-ix86+x86_64 0.9.12-2 452.00 338.00 790.00 NOTE
r-oldrel-osx-x86_64 0.9.12-2 NOTE

Check Details

Version: 0.9.12-2
Check: compiled code
Result: NOTE
    File ‘BayesFactor/libs/BayesFactor.so’:
     Found no calls to: ‘R_registerRoutines’, ‘R_useDynamicSymbols’
    
    It is good practice to register native routines and to disable symbol
    search.
    
    See ‘Writing portable packages’ in the ‘Writing R Extensions’ manual.
Flavors: r-devel-linux-x86_64-debian-clang, r-devel-linux-x86_64-debian-gcc, r-devel-linux-x86_64-fedora-clang, r-devel-linux-x86_64-fedora-gcc, r-patched-linux-x86_64, r-release-linux-x86_64

Version: 0.9.12-2
Check: installed package size
Result: NOTE
     installed size is 17.1Mb
     sub-directories of 1Mb or more:
     doc 1.7Mb
     libs 14.8Mb
Flavors: r-devel-linux-x86_64-fedora-clang, r-devel-linux-x86_64-fedora-gcc, r-release-osx-x86_64, r-oldrel-osx-x86_64

Version: 0.9.12-2
Check: package dependencies
Result: NOTE
    Package suggested but not available for checking: 'doMC'
Flavors: r-devel-windows-ix86+x86_64, r-release-windows-ix86+x86_64, r-oldrel-windows-ix86+x86_64