CRAN Package Check Results for Package BayesFactor

Last updated on 2018-06-19 03:51:55 CEST.

Flavor Version Tinstall Tcheck Ttotal Status Flags
r-devel-linux-x86_64-debian-clang 0.9.12-4.2 204.79 256.25 461.04 OK
r-devel-linux-x86_64-debian-gcc 0.9.12-4.2 173.07 225.02 398.09 OK
r-devel-linux-x86_64-fedora-clang 0.9.12-4.2 647.98 NOTE
r-devel-linux-x86_64-fedora-gcc 0.9.12-4.2 606.28 OK
r-devel-windows-ix86+x86_64 0.9.12-4.2 469.00 425.00 894.00 NOTE
r-patched-linux-x86_64 0.9.12-4.2 211.12 268.42 479.54 OK
r-patched-solaris-x86 0.9.12-4.2 684.60 NOTE
r-release-linux-x86_64 0.9.12-4.2 221.69 269.53 491.22 OK
r-release-windows-ix86+x86_64 0.9.12-4.2 354.00 292.00 646.00 NOTE
r-release-osx-x86_64 0.9.12-4.2 NOTE
r-oldrel-windows-ix86+x86_64 0.9.12-4.2 348.00 423.00 771.00 NOTE
r-oldrel-osx-x86_64 0.9.12-4.2 NOTE

Check Details

Version: 0.9.12-4.2
Check: installed package size
Result: NOTE
     installed size is 22.5Mb
     sub-directories of 1Mb or more:
     doc 5.4Mb
     libs 16.0Mb
Flavors: r-devel-linux-x86_64-fedora-clang, r-devel-windows-ix86+x86_64, r-patched-solaris-x86, r-release-windows-ix86+x86_64, r-release-osx-x86_64, r-oldrel-windows-ix86+x86_64, r-oldrel-osx-x86_64

Version: 0.9.12-4.2
Check: package dependencies
Result: NOTE
    Package suggested but not available for checking: 'doMC'
Flavors: r-devel-windows-ix86+x86_64, r-release-windows-ix86+x86_64, r-oldrel-windows-ix86+x86_64