CRAN Package Check Results for Package BayesFactor

Last updated on 2016-02-06 22:46:52.

Flavor Version Tinstall Tcheck Ttotal Status Flags
r-devel-linux-x86_64-debian-gcc 0.9.12-2 79.01 135.57 214.58 NOTE
r-devel-linux-x86_64-fedora-clang 0.9.12-2 486.10 NOTE
r-devel-linux-x86_64-fedora-gcc 0.9.12-2 440.14 NOTE
r-devel-osx-x86_64-clang 0.9.12-2 388.89 OK
r-devel-windows-ix86+x86_64 0.9.12-2 354.00 278.00 632.00 NOTE
r-patched-linux-x86_64 0.9.12-2 80.22 141.76 221.97 NOTE
r-patched-solaris-sparc 0.9.12-2 3223.10 OK
r-patched-solaris-x86 0.9.12-2 517.60 OK
r-release-linux-x86_64 0.9.12-2 79.98 147.73 227.71 NOTE
r-release-osx-x86_64-mavericks 0.9.12-2 NOTE
r-release-windows-ix86+x86_64 0.9.12-2 263.00 277.00 540.00 NOTE
r-oldrel-windows-ix86+x86_64 0.9.12-2 337.00 302.00 639.00 NOTE

Check Details

Version: 0.9.12-2
Check: installed package size
Result: NOTE
     installed size is 14.6Mb
     sub-directories of 1Mb or more:
     doc 1.7Mb
     libs 12.3Mb
Flavors: r-devel-linux-x86_64-debian-gcc, r-devel-linux-x86_64-fedora-clang, r-devel-linux-x86_64-fedora-gcc, r-patched-linux-x86_64, r-release-linux-x86_64, r-release-osx-x86_64-mavericks

Version: 0.9.12-2
Check: package dependencies
Result: NOTE
    Package suggested but not available for checking: 'doMC'
Flavors: r-devel-windows-ix86+x86_64, r-release-windows-ix86+x86_64, r-oldrel-windows-ix86+x86_64