CRAN Package Check Results for Package BayesFactor

Last updated on 2017-04-29 08:48:37.

Flavor Version Tinstall Tcheck Ttotal Status Flags
r-devel-linux-x86_64-debian-clang 0.9.12-2 106.12 148.75 254.88 NOTE
r-devel-linux-x86_64-debian-gcc 0.9.12-2 98.69 141.24 239.93 NOTE
r-devel-linux-x86_64-fedora-clang 0.9.12-2 544.81 NOTE --no-stop-on-test-error
r-devel-linux-x86_64-fedora-gcc 0.9.12-2 504.25 NOTE --no-stop-on-test-error
r-devel-windows-ix86+x86_64 0.9.12-2 393.00 368.00 761.00 NOTE
r-patched-linux-x86_64 0.9.12-2 82.39 143.50 225.89 NOTE
r-patched-solaris-sparc 0.9.12-2 3241.50 OK
r-patched-solaris-x86 0.9.12-2 556.30 OK
r-release-linux-x86_64 0.9.12-2 83.06 138.58 221.64 NOTE
r-release-windows-ix86+x86_64 0.9.12-2 388.00 378.00 766.00 NOTE
r-release-osx-x86_64 0.9.12-2 NOTE
r-oldrel-windows-ix86+x86_64 0.9.12-2 408.00 336.00 744.00 NOTE
r-oldrel-osx-x86_64 0.9.12-2 NOTE

Check Details

Version: 0.9.12-2
Check: compiled code
Result: NOTE
    File ‘BayesFactor/libs/BayesFactor.so’:
     Found no calls to: ‘R_registerRoutines’, ‘R_useDynamicSymbols’
    
    It is good practice to register native routines and to disable symbol
    search.
    
    See ‘Writing portable packages’ in the ‘Writing R Extensions’ manual.
Flavors: r-devel-linux-x86_64-debian-clang, r-devel-linux-x86_64-debian-gcc, r-patched-linux-x86_64, r-release-linux-x86_64

Version: 0.9.12-2
Flags: --no-stop-on-test-error
Check: installed package size
Result: NOTE
     installed size is 13.3Mb
     sub-directories of 1Mb or more:
     doc 1.7Mb
     libs 11.0Mb
Flavors: r-devel-linux-x86_64-fedora-clang, r-devel-linux-x86_64-fedora-gcc

Version: 0.9.12-2
Flags: --no-stop-on-test-error
Check: compiled code
Result: NOTE
    File ‘BayesFactor/libs/BayesFactor.so’:
     Found no calls to: ‘R_registerRoutines’, ‘R_useDynamicSymbols’
    
    It is good practice to register native routines and to disable symbol
    search.
    
    See ‘Writing portable packages’ in the ‘Writing R Extensions’ manual.
Flavors: r-devel-linux-x86_64-fedora-clang, r-devel-linux-x86_64-fedora-gcc

Version: 0.9.12-2
Check: package dependencies
Result: NOTE
    Package suggested but not available for checking: 'doMC'
Flavors: r-devel-windows-ix86+x86_64, r-release-windows-ix86+x86_64, r-oldrel-windows-ix86+x86_64

Version: 0.9.12-2
Check: installed package size
Result: NOTE
     installed size is 9.7Mb
     sub-directories of 1Mb or more:
     doc 1.7Mb
     libs 7.4Mb
Flavors: r-release-osx-x86_64, r-oldrel-osx-x86_64