CRAN Package Check Results for Package BayesFactor

Last updated on 2015-01-28 15:47:03.

Flavor Version Tinstall Tcheck Ttotal Status Flags
r-devel-linux-x86_64-debian-clang 0.9.9 26.41 171.15 197.56 NOTE
r-devel-linux-x86_64-debian-gcc 0.9.9 26.34 180.32 206.66 NOTE
r-devel-linux-x86_64-fedora-clang 0.9.9 433.26 NOTE
r-devel-linux-x86_64-fedora-gcc 0.9.9 446.31 NOTE
r-devel-osx-x86_64-clang 0.9.9 319.49 NOTE
r-devel-windows-ix86+x86_64 0.9.9 127.00 269.00 396.00 NOTE
r-patched-linux-x86_64 0.9.9 27.38 192.14 219.52 OK
r-patched-solaris-sparc 0.9.9 3204.00 OK
r-patched-solaris-x86 0.9.9 504.30 OK
r-release-linux-ix86 0.9.9 31.32 219.25 250.57 OK
r-release-linux-x86_64 0.9.9 26.67 190.06 216.73 OK
r-release-osx-x86_64-mavericks 0.9.9 OK
r-release-osx-x86_64-snowleopard 0.9.9 OK
r-release-windows-ix86+x86_64 0.9.9 93.00 301.00 394.00 NOTE
r-oldrel-windows-ix86+x86_64 0.9.9 94.00 316.00 410.00 NOTE

Check Details

Version: 0.9.9
Check: dependencies in R code
Result: NOTE
    'library' or 'require' call to ‘doMC’ in package code.
     Please use :: or requireNamespace() instead.
     See section 'Suggested packages' in the 'Writing R Extensions' manual.
Flavors: r-devel-linux-x86_64-debian-clang, r-devel-linux-x86_64-debian-gcc, r-devel-linux-x86_64-fedora-clang, r-devel-linux-x86_64-fedora-gcc, r-devel-osx-x86_64-clang, r-devel-windows-ix86+x86_64

Version: 0.9.9
Check: package dependencies
Result: NOTE
    Package suggested but not available for checking: 'doMC'
Flavors: r-devel-windows-ix86+x86_64, r-release-windows-ix86+x86_64, r-oldrel-windows-ix86+x86_64