CRAN Package Check Results for Package BayesFactor

Last updated on 2014-09-20 03:48:36.

Flavor Version Tinstall Tcheck Ttotal Status Flags
r-devel-linux-x86_64-debian-clang 0.9.8 2.92 164.95 167.87 OK
r-devel-linux-x86_64-debian-gcc 0.9.8 3.11 161.95 165.06 OK
r-devel-linux-x86_64-fedora-clang 0.9.8 356.37 OK
r-devel-linux-x86_64-fedora-gcc 0.9.8 359.66 OK
r-devel-osx-x86_64-clang 0.9.8 261.70 OK
r-devel-windows-ix86+x86_64 0.9.8 14.00 248.00 262.00 NOTE
r-patched-linux-x86_64 0.9.8 3.10 178.66 181.76 OK
r-patched-solaris-sparc 0.9.8 2590.80 OK
r-patched-solaris-x86 0.9.8 428.90 OK
r-release-linux-ix86 0.9.8 4.29 212.88 217.17 OK
r-release-linux-x86_64 0.9.8 3.16 174.18 177.33 OK
r-release-osx-x86_64-mavericks 0.9.8 OK
r-release-osx-x86_64-snowleopard 0.9.8 OK
r-release-windows-ix86+x86_64 0.9.8 17.00 269.00 286.00 NOTE
r-oldrel-windows-ix86+x86_64 0.9.8 17.00 271.00 288.00 NOTE

Check Details

Version: 0.9.8
Check: package dependencies
Result: NOTE
    Package suggested but not available for checking: 'doMC'
Flavors: r-devel-windows-ix86+x86_64, r-release-windows-ix86+x86_64, r-oldrel-windows-ix86+x86_64