CRAN Package Check Results for Package BayesFactor

Last updated on 2017-03-27 21:48:30.

Flavor Version Tinstall Tcheck Ttotal Status Flags
r-devel-linux-x86_64-debian-clang 0.9.12-2 105.48 148.48 253.96 NOTE
r-devel-linux-x86_64-debian-gcc 0.9.12-2 101.61 142.67 244.28 NOTE
r-devel-linux-x86_64-fedora-clang 0.9.12-2 538.31 NOTE --no-stop-on-test-error
r-devel-linux-x86_64-fedora-gcc 0.9.12-2 554.51 NOTE --no-stop-on-test-error
r-devel-macos-x86_64-clang 0.9.12-2 359.29 NOTE --no-stop-on-test-error
r-devel-windows-ix86+x86_64 0.9.12-2 283.00 281.00 564.00 NOTE
r-patched-linux-x86_64 0.9.12-2 82.10 142.65 224.75 NOTE
r-patched-solaris-sparc 0.9.12-2 3241.50 OK
r-patched-solaris-x86 0.9.12-2 561.50 OK
r-release-linux-x86_64 0.9.12-2 81.48 134.44 215.93 OK
r-release-osx-x86_64-mavericks 0.9.12-2 NOTE
r-release-windows-ix86+x86_64 0.9.12-2 379.00 331.00 710.00 NOTE
r-oldrel-windows-ix86+x86_64 0.9.12-2 230.00 285.00 515.00 NOTE

Check Details

Version: 0.9.12-2
Check: compiled code
Result: NOTE
    File ‘BayesFactor/libs/BayesFactor.so’:
     Found no calls to: ‘R_registerRoutines’, ‘R_useDynamicSymbols’
    
    It is good practice to register native routines and to disable symbol
    search.
    
    See ‘Writing portable packages’ in the ‘Writing R Extensions’ manual.
Flavors: r-devel-linux-x86_64-debian-clang, r-devel-linux-x86_64-debian-gcc, r-patched-linux-x86_64

Version: 0.9.12-2
Flags: --no-stop-on-test-error
Check: installed package size
Result: NOTE
     installed size is 13.3Mb
     sub-directories of 1Mb or more:
     doc 1.7Mb
     libs 11.0Mb
Flavors: r-devel-linux-x86_64-fedora-clang, r-devel-linux-x86_64-fedora-gcc

Version: 0.9.12-2
Flags: --no-stop-on-test-error
Check: compiled code
Result: NOTE
    File ‘BayesFactor/libs/BayesFactor.so’:
     Found no calls to: ‘R_registerRoutines’, ‘R_useDynamicSymbols’
    
    It is good practice to register native routines and to disable symbol
    search.
    
    See ‘Writing portable packages’ in the ‘Writing R Extensions’ manual.
Flavors: r-devel-linux-x86_64-fedora-clang, r-devel-linux-x86_64-fedora-gcc, r-devel-macos-x86_64-clang

Version: 0.9.12-2
Check: package dependencies
Result: NOTE
    Package suggested but not available for checking: 'doMC'
Flavors: r-devel-windows-ix86+x86_64, r-release-windows-ix86+x86_64, r-oldrel-windows-ix86+x86_64

Version: 0.9.12-2
Check: installed package size
Result: NOTE
     installed size is 12.5Mb
     sub-directories of 1Mb or more:
     doc 1.7Mb
     libs 10.2Mb
Flavor: r-release-osx-x86_64-mavericks