CRAN Package Check Results for Package BayesFactor

Last updated on 2014-04-21 12:43:13.

Flavor Version Tinstall Tcheck Ttotal Status Flags
r-devel-linux-x86_64-debian-clang 0.9.7 3.02 160.20 163.22 OK
r-devel-linux-x86_64-debian-gcc 0.9.7 3.20 164.99 168.19 OK
r-devel-linux-x86_64-fedora-clang 0.9.7 338.12 OK
r-devel-linux-x86_64-fedora-gcc 0.9.7 334.31 OK
r-devel-osx-x86_64-clang 0.9.7 247.22 OK
r-devel-osx-x86_64-gcc 0.9.7 NOTE
r-devel-windows-ix86+x86_64 0.9.7 17.00 236.00 253.00 NOTE
r-patched-linux-x86_64 0.9.7 3.61 163.72 167.34 OK
r-patched-solaris-sparc 0.9.7 2464.90 OK
r-patched-solaris-x86 0.9.7 385.00 OK
r-release-linux-x86_64 0.9.7 3.01 160.97 163.98 OK
r-release-osx-x86_64-mavericks 0.9.7 WARN
r-release-osx-x86_64-snowleopard 0.9.7 OK
r-release-windows-ix86+x86_64 0.9.7 22.00 304.00 326.00 NOTE
r-oldrel-windows-ix86+x86_64 0.9.7 15.00 233.00 248.00 NOTE

Check Details

Version: 0.9.7
Check: package dependencies
Result: NOTE
    Packages suggested but not available for checking:
     ‘doMC’ ‘knitr’ ‘arm’ ‘lme4’ ‘languageR’
Flavor: r-devel-osx-x86_64-gcc

Version: 0.9.7
Check: R code for possible problems
Result: NOTE
    anovaBF: no visible global function definition for ‘registerDoMC’
    anovaBF: no visible global function definition for ‘getDoParWorkers’
    anovaBF: no visible global function definition for ‘%dopar%’
    anovaBF: no visible global function definition for ‘foreach’
    generalTestBF: no visible global function definition for ‘registerDoMC’
    generalTestBF: no visible global function definition for
     ‘getDoParWorkers’
    generalTestBF: no visible global function definition for ‘%dopar%’
    generalTestBF: no visible global function definition for ‘foreach’
Flavors: r-devel-osx-x86_64-gcc, r-devel-windows-ix86+x86_64, r-release-osx-x86_64-mavericks, r-release-windows-ix86+x86_64, r-oldrel-windows-ix86+x86_64

Version: 0.9.7
Check: package dependencies
Result: NOTE
    Package suggested but not available for checking: 'doMC'
Flavors: r-devel-windows-ix86+x86_64, r-release-windows-ix86+x86_64, r-oldrel-windows-ix86+x86_64

Version: 0.9.7
Check: package dependencies
Result: NOTE
    Packages suggested but not available for checking: ‘doMC’ ‘arm’ ‘lme4’
Flavor: r-release-osx-x86_64-mavericks

Version: 0.9.7
Check: running R code from vignettes
Result: WARNING
    Errors in running code in vignettes:
    when running code in ‘compare_lme4.Rmd’
     ...
    
    > require(graphics)
    
    > set.seed(2)
    
    > library(arm)
    
     When sourcing ‘compare_lme4.R’:
    Error: there is no package called ‘arm’
    Execution halted
Flavor: r-release-osx-x86_64-mavericks

Version: 0.9.7
Check: re-building of vignette outputs
Result: NOTE
    Error in re-building vignettes:
     ...
    Loading required package: coda
    Loading required package: lattice
    ************
    Welcome to BayesFactor 0.9.7. If you have questions, please contact Richard Morey (richarddmorey@gmail.com).
    
    Type BFManual() to open the manual.
    ************
    Quitting from lines 32-35 (compare_lme4.Rmd)
    Error: processing vignette 'compare_lme4.Rmd' failed with diagnostics:
    there is no package called 'arm'
    Execution halted
Flavor: r-release-osx-x86_64-mavericks

Version: 0.9.7
Check: PDF version of manual
Result: WARNING
    LaTeX errors when creating PDF version.
    This typically indicates Rd problems.
    LaTeX errors found:
    ! LaTeX Error: File `upquote.sty' not found.
    
    Type X to quit or <RETURN> to proceed,
    or enter new name. (Default extension: sty)
    
    f0bc5c/Rd2.tex:8: ==> Fatal error occurred, no output PDF file produced!
Flavor: r-release-osx-x86_64-mavericks