CRAN Package Check Results for Package BayesFactor

Last updated on 2017-08-17 05:48:12.

Flavor Version Tinstall Tcheck Ttotal Status Flags
r-devel-linux-x86_64-debian-clang 0.9.12-2 119.07 148.46 267.53 NOTE
r-devel-linux-x86_64-debian-gcc 0.9.12-2 119.85 140.41 260.26 NOTE
r-devel-linux-x86_64-fedora-clang 0.9.12-2 599.85 NOTE
r-devel-linux-x86_64-fedora-gcc 0.9.12-2 568.60 NOTE
r-devel-windows-ix86+x86_64 0.9.12-2 310.00 242.00 552.00 NOTE
r-patched-linux-x86_64 0.9.12-2 117.82 144.78 262.59 NOTE
r-patched-solaris-x86 0.9.12-2 589.10 OK
r-release-linux-x86_64 0.9.12-2 116.15 146.32 262.47 NOTE
r-release-windows-ix86+x86_64 0.9.12-2 320.00 281.00 601.00 NOTE
r-release-osx-x86_64 0.9.12-2 NOTE
r-oldrel-windows-ix86+x86_64 0.9.12-2 309.00 257.00 566.00 NOTE
r-oldrel-osx-x86_64 0.9.12-2 NOTE

Check Details

Version: 0.9.12-2
Check: compiled code
Result: NOTE
    File ‘BayesFactor/libs/BayesFactor.so’:
     Found no calls to: ‘R_registerRoutines’, ‘R_useDynamicSymbols’
    
    It is good practice to register native routines and to disable symbol
    search.
    
    See ‘Writing portable packages’ in the ‘Writing R Extensions’ manual.
Flavors: r-devel-linux-x86_64-debian-clang, r-devel-linux-x86_64-debian-gcc, r-devel-linux-x86_64-fedora-clang, r-devel-linux-x86_64-fedora-gcc, r-patched-linux-x86_64, r-release-linux-x86_64

Version: 0.9.12-2
Check: installed package size
Result: NOTE
     installed size is 17.4Mb
     sub-directories of 1Mb or more:
     doc 1.7Mb
     libs 15.0Mb
Flavors: r-devel-linux-x86_64-fedora-clang, r-devel-linux-x86_64-fedora-gcc, r-release-osx-x86_64, r-oldrel-osx-x86_64

Version: 0.9.12-2
Check: package dependencies
Result: NOTE
    Package suggested but not available for checking: 'doMC'
Flavors: r-devel-windows-ix86+x86_64, r-release-windows-ix86+x86_64, r-oldrel-windows-ix86+x86_64