CRAN Package Check Results for Package BayesFactor

Last updated on 2017-12-16 13:47:58 CET.

Flavor Version Tinstall Tcheck Ttotal Status Flags
r-devel-linux-x86_64-debian-clang 0.9.12-2 154.74 246.70 401.44 NOTE
r-devel-linux-x86_64-debian-gcc 0.9.12-2 132.38 185.16 317.54 NOTE
r-devel-linux-x86_64-fedora-clang 0.9.12-2 535.48 NOTE
r-devel-linux-x86_64-fedora-gcc 0.9.12-2 499.04 NOTE
r-devel-windows-ix86+x86_64 0.9.12-2 320.00 262.00 582.00 NOTE
r-patched-linux-x86_64 0.9.12-2 160.50 250.24 410.74 NOTE
r-patched-solaris-x86 0.9.12-2 570.90 OK
r-release-linux-x86_64 0.9.12-2 156.76 244.98 401.74 NOTE
r-release-windows-ix86+x86_64 0.9.12-2 297.00 260.00 557.00 NOTE
r-release-osx-x86_64 0.9.12-2 NOTE
r-oldrel-windows-ix86+x86_64 0.9.12-2 417.00 259.00 676.00 NOTE
r-oldrel-osx-x86_64 0.9.12-2 NOTE

Check Details

Version: 0.9.12-2
Check: compiled code
Result: NOTE
    File ‘BayesFactor/libs/BayesFactor.so’:
     Found no calls to: ‘R_registerRoutines’, ‘R_useDynamicSymbols’
    
    It is good practice to register native routines and to disable symbol
    search.
    
    See ‘Writing portable packages’ in the ‘Writing R Extensions’ manual.
Flavors: r-devel-linux-x86_64-debian-clang, r-devel-linux-x86_64-debian-gcc, r-devel-linux-x86_64-fedora-clang, r-devel-linux-x86_64-fedora-gcc, r-patched-linux-x86_64, r-release-linux-x86_64

Version: 0.9.12-2
Check: installed package size
Result: NOTE
     installed size is 17.4Mb
     sub-directories of 1Mb or more:
     doc 1.7Mb
     libs 15.1Mb
Flavors: r-devel-linux-x86_64-fedora-clang, r-devel-linux-x86_64-fedora-gcc, r-release-osx-x86_64, r-oldrel-osx-x86_64

Version: 0.9.12-2
Check: package dependencies
Result: NOTE
    Package suggested but not available for checking: 'doMC'
Flavors: r-devel-windows-ix86+x86_64, r-release-windows-ix86+x86_64, r-oldrel-windows-ix86+x86_64