CRAN Package Check Results for Package BayesFactor

Last updated on 2015-05-25 19:47:03.

Flavor Version Tinstall Tcheck Ttotal Status Flags
r-devel-linux-x86_64-debian-clang 0.9.11-1 84.62 139.48 224.10 NOTE
r-devel-linux-x86_64-debian-gcc 0.9.11-1 87.83 131.35 219.18 NOTE
r-devel-linux-x86_64-fedora-clang 0.9.11-1 491.98 NOTE
r-devel-linux-x86_64-fedora-gcc 0.9.11-1 438.42 NOTE
r-devel-osx-x86_64-clang 0.9.11-1 330.53 OK
r-devel-windows-ix86+x86_64 0.9.11-1 255.00 257.00 512.00 NOTE
r-patched-linux-x86_64 0.9.11-1 88.08 134.78 222.86 NOTE
r-patched-solaris-sparc 0.9.11-1 3312.40 NOTE
r-patched-solaris-x86 0.9.11-1 571.80 NOTE
r-release-linux-x86_64 0.9.11-1 87.49 133.13 220.62 NOTE
r-release-osx-x86_64-mavericks 0.9.11-1 NOTE
r-release-osx-x86_64-snowleopard 0.9.11-1 ERROR
r-release-windows-ix86+x86_64 0.9.11-1 249.00 261.00 510.00 NOTE
r-oldrel-windows-ix86+x86_64 0.9.11-1 241.00 315.00 556.00 NOTE

Check Details

Version: 0.9.11-1
Check: installed package size
Result: NOTE
     installed size is 14.3Mb
     sub-directories of 1Mb or more:
     doc 1.5Mb
     libs 12.2Mb
Flavors: r-devel-linux-x86_64-debian-clang, r-devel-linux-x86_64-debian-gcc, r-devel-linux-x86_64-fedora-clang, r-devel-linux-x86_64-fedora-gcc, r-patched-linux-x86_64, r-patched-solaris-sparc, r-patched-solaris-x86, r-release-linux-x86_64, r-release-osx-x86_64-mavericks

Version: 0.9.11-1
Check: package dependencies
Result: NOTE
    Package suggested but not available for checking: 'doMC'
Flavors: r-devel-windows-ix86+x86_64, r-release-windows-ix86+x86_64, r-oldrel-windows-ix86+x86_64

Version: 0.9.11-1
Check: package dependencies
Result: ERROR
    Packages suggested but not available for checking: ‘knitr’ ‘languageR’
    
    VignetteBuilder package required for checking but not installed: ‘knitr’
    
    See section ‘The DESCRIPTION file’ in the ‘Writing R Extensions’
    manual.
Flavor: r-release-osx-x86_64-snowleopard