CRAN Package Check Results for Package BayesFactor

Last updated on 2016-07-25 07:46:58.

Flavor Version Tinstall Tcheck Ttotal Status Flags
r-devel-linux-x86_64-debian-clang 0.9.12-2 132.75 165.48 298.23 NOTE
r-devel-linux-x86_64-debian-gcc 0.9.12-2 129.15 158.22 287.36 NOTE
r-devel-linux-x86_64-fedora-clang 0.9.12-2 557.50 NOTE
r-devel-linux-x86_64-fedora-gcc 0.9.12-2 442.22 NOTE
r-devel-osx-x86_64-clang 0.9.12-2 348.14 OK
r-devel-windows-ix86+x86_64 0.9.12-2 361.00 329.00 690.00 NOTE
r-patched-linux-x86_64 0.9.12-2 93.11 160.23 253.33 NOTE
r-patched-solaris-sparc 0.9.12-2 3155.90 NOTE
r-patched-solaris-x86 0.9.12-2 502.00 OK
r-release-linux-x86_64 0.9.12-2 91.81 160.67 252.48 NOTE
r-release-osx-x86_64-mavericks 0.9.12-2 NOTE
r-release-windows-ix86+x86_64 0.9.12-2 306.00 282.00 588.00 NOTE
r-oldrel-windows-ix86+x86_64 0.9.12-2 330.00 359.00 689.00 NOTE

Check Details

Version: 0.9.12-2
Check: installed package size
Result: NOTE
     installed size is 13.5Mb
     sub-directories of 1Mb or more:
     doc 1.7Mb
     libs 11.2Mb
Flavors: r-devel-linux-x86_64-debian-clang, r-devel-linux-x86_64-debian-gcc, r-devel-linux-x86_64-fedora-clang, r-devel-linux-x86_64-fedora-gcc, r-patched-linux-x86_64, r-patched-solaris-sparc, r-release-linux-x86_64, r-release-osx-x86_64-mavericks

Version: 0.9.12-2
Check: package dependencies
Result: NOTE
    Package suggested but not available for checking: 'doMC'
Flavors: r-devel-windows-ix86+x86_64, r-release-windows-ix86+x86_64, r-oldrel-windows-ix86+x86_64