CRAN Package Check Results for Package BayesFactor

Last updated on 2017-10-18 05:47:28.

Flavor Version Tinstall Tcheck Ttotal Status Flags
r-devel-linux-x86_64-debian-clang 0.9.12-2 117.37 146.54 263.91 NOTE
r-devel-linux-x86_64-debian-gcc 0.9.12-2 119.83 148.55 268.38 NOTE
r-devel-linux-x86_64-fedora-clang 0.9.12-2 563.12 NOTE
r-devel-linux-x86_64-fedora-gcc 0.9.12-2 545.77 NOTE
r-devel-windows-ix86+x86_64 0.9.12-2 296.00 265.00 561.00 NOTE
r-patched-linux-x86_64 0.9.12-2 116.71 146.52 263.24 NOTE
r-patched-solaris-x86 0.9.12-2 592.20 OK
r-release-linux-x86_64 0.9.12-2 116.15 141.93 258.08 NOTE
r-release-windows-ix86+x86_64 0.9.12-2 458.00 352.00 810.00 NOTE
r-release-osx-x86_64 0.9.12-2 NOTE
r-oldrel-windows-ix86+x86_64 0.9.12-2 421.00 350.00 771.00 NOTE
r-oldrel-osx-x86_64 0.9.12-2 NOTE

Check Details

Version: 0.9.12-2
Check: compiled code
Result: NOTE
    File ‘BayesFactor/libs/BayesFactor.so’:
     Found no calls to: ‘R_registerRoutines’, ‘R_useDynamicSymbols’
    
    It is good practice to register native routines and to disable symbol
    search.
    
    See ‘Writing portable packages’ in the ‘Writing R Extensions’ manual.
Flavors: r-devel-linux-x86_64-debian-clang, r-devel-linux-x86_64-debian-gcc, r-devel-linux-x86_64-fedora-clang, r-devel-linux-x86_64-fedora-gcc, r-patched-linux-x86_64, r-release-linux-x86_64

Version: 0.9.12-2
Check: installed package size
Result: NOTE
     installed size is 17.4Mb
     sub-directories of 1Mb or more:
     doc 1.7Mb
     libs 15.0Mb
Flavors: r-devel-linux-x86_64-fedora-clang, r-devel-linux-x86_64-fedora-gcc, r-release-osx-x86_64, r-oldrel-osx-x86_64

Version: 0.9.12-2
Check: package dependencies
Result: NOTE
    Package suggested but not available for checking: 'doMC'
Flavors: r-devel-windows-ix86+x86_64, r-release-windows-ix86+x86_64, r-oldrel-windows-ix86+x86_64