CRAN Package Check Results for Package BayesFactor

Last updated on 2014-12-22 04:46:41.

Flavor Version Tinstall Tcheck Ttotal Status Flags
r-devel-linux-x86_64-debian-clang 0.9.9 24.14 179.26 203.40 OK
r-devel-linux-x86_64-debian-gcc 0.9.9 25.69 178.22 203.92 OK
r-devel-linux-x86_64-fedora-clang 0.9.9 442.96 OK
r-devel-linux-x86_64-fedora-gcc 0.9.9 419.68 OK
r-devel-osx-x86_64-clang 0.9.9 323.72 OK
r-devel-windows-ix86+x86_64 0.9.9 97.00 283.00 380.00 NOTE
r-patched-linux-x86_64 0.9.9 25.94 180.49 206.42 OK
r-patched-solaris-sparc 0.9.9 2962.30 OK
r-patched-solaris-x86 0.9.9 493.80 OK
r-release-linux-ix86 0.9.9 31.16 216.02 247.17 OK
r-release-linux-x86_64 0.9.9 26.21 196.84 223.04 OK
r-release-osx-x86_64-mavericks 0.9.9 OK
r-release-osx-x86_64-snowleopard 0.9.9 OK
r-release-windows-ix86+x86_64 0.9.9 99.00 299.00 398.00 NOTE
r-oldrel-windows-ix86+x86_64 0.9.9 97.00 292.00 389.00 NOTE

Check Details

Version: 0.9.9
Check: package dependencies
Result: NOTE
    Package suggested but not available for checking: 'doMC'
Flavors: r-devel-windows-ix86+x86_64, r-release-windows-ix86+x86_64, r-oldrel-windows-ix86+x86_64