CRAN Package Check Results for Package BayesFactor

Last updated on 2016-06-30 19:46:29.

Flavor Version Tinstall Tcheck Ttotal Status Flags
r-devel-linux-x86_64-debian-gcc 0.9.12-2 121.75 145.16 266.91 NOTE
r-devel-linux-x86_64-fedora-clang 0.9.12-2 497.43 NOTE
r-devel-linux-x86_64-fedora-gcc 0.9.12-2 432.24 NOTE
r-devel-osx-x86_64-clang 0.9.12-2 343.50 OK
r-devel-windows-ix86+x86_64 0.9.12-2 269.00 258.00 527.00 NOTE
r-patched-linux-x86_64 0.9.12-2 91.20 151.50 242.70 NOTE
r-patched-solaris-sparc 0.9.12-2 3155.90 NOTE
r-patched-solaris-x86 0.9.12-2 503.00 NOTE
r-release-linux-x86_64 0.9.12-2 82.74 138.59 221.33 NOTE
r-release-osx-x86_64-mavericks 0.9.12-2 NOTE
r-release-windows-ix86+x86_64 0.9.12-2 365.00 316.00 681.00 NOTE
r-oldrel-windows-ix86+x86_64 0.9.12-2 348.00 354.00 702.00 NOTE

Check Details

Version: 0.9.12-2
Check: installed package size
Result: NOTE
     installed size is 15.1Mb
     sub-directories of 1Mb or more:
     doc 1.7Mb
     libs 12.8Mb
Flavors: r-devel-linux-x86_64-debian-gcc, r-devel-linux-x86_64-fedora-clang, r-devel-linux-x86_64-fedora-gcc, r-patched-linux-x86_64, r-patched-solaris-sparc, r-patched-solaris-x86, r-release-linux-x86_64, r-release-osx-x86_64-mavericks

Version: 0.9.12-2
Check: package dependencies
Result: NOTE
    Package suggested but not available for checking: 'doMC'
Flavors: r-devel-windows-ix86+x86_64, r-release-windows-ix86+x86_64, r-oldrel-windows-ix86+x86_64