CRAN Package Check Results for Package BayesFactor

Last updated on 2017-02-25 11:48:09.

Flavor Version Tinstall Tcheck Ttotal Status Flags
r-devel-linux-x86_64-debian-clang 0.9.12-2 101.30 149.30 250.60 NOTE
r-devel-linux-x86_64-debian-gcc 0.9.12-2 101.89 143.14 245.03 NOTE
r-devel-linux-x86_64-fedora-clang 0.9.12-2 533.62 NOTE --no-stop-on-test-error
r-devel-linux-x86_64-fedora-gcc 0.9.12-2 574.64 NOTE --no-stop-on-test-error
r-devel-macos-x86_64-clang 0.9.12-2 361.19 NOTE --no-stop-on-test-error
r-devel-windows-ix86+x86_64 0.9.12-2 384.00 358.00 742.00 NOTE
r-patched-linux-x86_64 0.9.12-2 81.92 134.84 216.76 OK
r-patched-solaris-sparc 0.9.12-2 3099.80 OK
r-patched-solaris-x86 0.9.12-2 558.70 OK
r-release-linux-x86_64 0.9.12-2 82.40 136.17 218.58 OK
r-release-osx-x86_64-mavericks 0.9.12-2 NOTE
r-release-windows-ix86+x86_64 0.9.12-2 408.00 279.00 687.00 NOTE
r-oldrel-windows-ix86+x86_64 0.9.12-2 415.00 371.00 786.00 NOTE

Check Details

Version: 0.9.12-2
Check: compiled code
Result: NOTE
    File ‘BayesFactor/libs/BayesFactor.so’:
     Found no calls to: ‘R_registerRoutines’, ‘R_useDynamicSymbols’
    
    It is good practice to register native routines and to disable symbol
    search.
    
    See ‘Writing portable packages’ in the ‘Writing R Extensions’ manual.
Flavors: r-devel-linux-x86_64-debian-clang, r-devel-linux-x86_64-debian-gcc

Version: 0.9.12-2
Flags: --no-stop-on-test-error
Check: installed package size
Result: NOTE
     installed size is 13.5Mb
     sub-directories of 1Mb or more:
     doc 1.7Mb
     libs 11.2Mb
Flavors: r-devel-linux-x86_64-fedora-clang, r-devel-linux-x86_64-fedora-gcc

Version: 0.9.12-2
Flags: --no-stop-on-test-error
Check: compiled code
Result: NOTE
    File ‘BayesFactor/libs/BayesFactor.so’:
     Found no calls to: ‘R_registerRoutines’, ‘R_useDynamicSymbols’
    
    It is good practice to register native routines and to disable symbol
    search.
    
    See ‘Writing portable packages’ in the ‘Writing R Extensions’ manual.
Flavors: r-devel-linux-x86_64-fedora-clang, r-devel-linux-x86_64-fedora-gcc, r-devel-macos-x86_64-clang

Version: 0.9.12-2
Check: package dependencies
Result: NOTE
    Package suggested but not available for checking: 'doMC'
Flavors: r-devel-windows-ix86+x86_64, r-release-windows-ix86+x86_64, r-oldrel-windows-ix86+x86_64

Version: 0.9.12-2
Check: installed package size
Result: NOTE
     installed size is 12.5Mb
     sub-directories of 1Mb or more:
     doc 1.7Mb
     libs 10.2Mb
Flavor: r-release-osx-x86_64-mavericks