CRAN Package Check Results for Package BayesFactor

Last updated on 2018-12-19 08:48:39 CET.

Flavor Version Tinstall Tcheck Ttotal Status Flags
r-devel-linux-x86_64-debian-clang 0.9.12-4.2 210.65 270.10 480.75 OK
r-devel-linux-x86_64-debian-gcc 0.9.12-4.2 190.55 204.33 394.88 OK
r-devel-linux-x86_64-fedora-clang 0.9.12-4.2 736.71 NOTE
r-devel-linux-x86_64-fedora-gcc 0.9.12-4.2 613.13 OK
r-devel-windows-ix86+x86_64 0.9.12-4.2 355.00 386.00 741.00 NOTE
r-patched-linux-x86_64 0.9.12-4.2 236.95 263.59 500.54 OK
r-patched-solaris-x86 0.9.12-4.2 686.00 NOTE
r-release-linux-x86_64 0.9.12-4.2 235.91 264.21 500.12 OK
r-release-windows-ix86+x86_64 0.9.12-4.2 411.00 397.00 808.00 NOTE
r-release-osx-x86_64 0.9.12-4.2 NOTE
r-oldrel-windows-ix86+x86_64 0.9.12-4.2 400.00 416.00 816.00 NOTE
r-oldrel-osx-x86_64 0.9.12-4.2 NOTE

Check Details

Version: 0.9.12-4.2
Check: installed package size
Result: NOTE
     installed size is 22.8Mb
     sub-directories of 1Mb or more:
     doc 5.4Mb
     libs 16.3Mb
Flavors: r-devel-linux-x86_64-fedora-clang, r-devel-windows-ix86+x86_64, r-patched-solaris-x86, r-release-windows-ix86+x86_64, r-release-osx-x86_64, r-oldrel-windows-ix86+x86_64, r-oldrel-osx-x86_64

Version: 0.9.12-4.2
Check: package dependencies
Result: NOTE
    Package suggested but not available for checking: 'doMC'
Flavors: r-devel-windows-ix86+x86_64, r-release-windows-ix86+x86_64, r-oldrel-windows-ix86+x86_64