CRAN Package Check Results for Package BayesFactor

Last updated on 2015-04-27 10:48:39.

Flavor Version Tinstall Tcheck Ttotal Status Flags
r-devel-linux-x86_64-debian-clang 0.9.11-1 84.42 146.11 230.53 NOTE
r-devel-linux-x86_64-debian-gcc 0.9.11-1 87.46 134.72 222.18 NOTE
r-devel-linux-x86_64-fedora-clang 0.9.11-1 493.18 NOTE
r-devel-linux-x86_64-fedora-gcc 0.9.11-1 454.94 NOTE
r-devel-osx-x86_64-clang 0.9.11-1 319.54 OK
r-devel-windows-ix86+x86_64 0.9.11-1 251.00 253.00 504.00 NOTE
r-patched-linux-x86_64 0.9.11-1 86.89 136.89 223.78 NOTE
r-patched-solaris-sparc 0.9.11-1 4410.20 NOTE
r-patched-solaris-x86 0.9.11-1 562.80 NOTE
r-release-linux-x86_64 0.9.11-1 87.16 133.22 220.38 NOTE
r-release-osx-x86_64-mavericks 0.9.11-1 NOTE
r-release-osx-x86_64-snowleopard 0.9.11-1 ERROR
r-release-windows-ix86+x86_64 0.9.11-1 349.00 325.00 674.00 NOTE
r-oldrel-windows-ix86+x86_64 0.9.11-1 220.00 439.00 659.00 NOTE

Check Details

Version: 0.9.11-1
Check: installed package size
Result: NOTE
     installed size is 14.3Mb
     sub-directories of 1Mb or more:
     doc 1.5Mb
     libs 12.2Mb
Flavors: r-devel-linux-x86_64-debian-clang, r-devel-linux-x86_64-debian-gcc, r-devel-linux-x86_64-fedora-clang, r-devel-linux-x86_64-fedora-gcc, r-patched-solaris-sparc, r-patched-solaris-x86, r-release-osx-x86_64-mavericks

Version: 0.9.11-1
Check: package dependencies
Result: NOTE
    Package suggested but not available for checking: 'doMC'
Flavors: r-devel-windows-ix86+x86_64, r-release-windows-ix86+x86_64, r-oldrel-windows-ix86+x86_64

Version: 0.9.11-1
Check: package dependencies
Result: ERROR
    Packages suggested but not available for checking: ‘knitr’ ‘languageR’
    
    VignetteBuilder package required for checking but not installed: ‘knitr’
    
    See section ‘The DESCRIPTION file’ in the ‘Writing R Extensions’
    manual.
Flavor: r-release-osx-x86_64-snowleopard