CRAN Package Check Results for Package BayesFactor

Last updated on 2014-11-23 19:47:40.

Flavor Version Tinstall Tcheck Ttotal Status Flags
r-devel-linux-x86_64-debian-clang 0.9.9 23.86 177.72 201.58 OK
r-devel-linux-x86_64-debian-gcc 0.9.9 25.76 172.90 198.67 OK
r-devel-linux-x86_64-fedora-clang 0.9.9 438.39 OK
r-devel-linux-x86_64-fedora-gcc 0.9.9 415.35 OK
r-devel-osx-x86_64-clang 0.9.9 312.59 OK
r-devel-windows-ix86+x86_64 0.9.9 120.00 285.00 405.00 NOTE
r-patched-linux-x86_64 0.9.9 26.50 184.42 210.91 OK
r-patched-solaris-sparc 0.9.9 2962.30 OK
r-patched-solaris-x86 0.9.9 499.60 OK
r-release-linux-ix86 0.9.9 32.04 222.21 254.25 OK
r-release-linux-x86_64 0.9.9 25.91 186.58 212.50 OK
r-release-osx-x86_64-mavericks 0.9.9 OK
r-release-osx-x86_64-snowleopard 0.9.9 OK
r-release-windows-ix86+x86_64 0.9.9 91.00 304.00 395.00 NOTE
r-oldrel-windows-ix86+x86_64 0.9.9 87.00 297.00 384.00 NOTE

Check Details

Version: 0.9.9
Check: package dependencies
Result: NOTE
    Package suggested but not available for checking: 'doMC'
Flavors: r-devel-windows-ix86+x86_64, r-release-windows-ix86+x86_64, r-oldrel-windows-ix86+x86_64