CRAN Package Check Results for Package BayesFactor

Last updated on 2014-10-23 03:48:41.

Flavor Version Tinstall Tcheck Ttotal Status Flags
r-devel-linux-x86_64-debian-clang 0.9.8 3.00 163.51 166.50 OK
r-devel-linux-x86_64-debian-gcc 0.9.9 27.34 173.32 200.66 OK
r-devel-linux-x86_64-fedora-clang 0.9.9 235.67 OK
r-devel-linux-x86_64-fedora-gcc 0.9.9 225.05 OK
r-devel-osx-x86_64-clang 0.9.9 164.10 OK
r-devel-windows-ix86+x86_64 0.9.8 19.00 238.00 257.00 NOTE
r-patched-linux-x86_64 0.9.8 3.07 171.09 174.16 OK
r-patched-solaris-sparc 0.9.9 2962.30 OK
r-patched-solaris-x86 0.9.9 447.60 OK
r-release-linux-ix86 0.9.8 4.28 213.24 217.52 OK
r-release-linux-x86_64 0.9.8 3.22 176.69 179.91 OK
r-release-osx-x86_64-mavericks 0.9.8 OK
r-release-osx-x86_64-snowleopard 0.9.8 OK
r-release-windows-ix86+x86_64 0.9.9 73.00 256.00 329.00 NOTE
r-oldrel-windows-ix86+x86_64 0.9.8 15.00 256.00 271.00 NOTE

Check Details

Version: 0.9.8
Check: package dependencies
Result: NOTE
    Package suggested but not available for checking: 'doMC'
Flavors: r-devel-windows-ix86+x86_64, r-oldrel-windows-ix86+x86_64

Version: 0.9.9
Check: package dependencies
Result: NOTE
    Package suggested but not available for checking: 'doMC'
Flavor: r-release-windows-ix86+x86_64