CRAN Package Check Results for Package BayesFactor

Last updated on 2014-08-22 03:47:52.

Flavor Version Tinstall Tcheck Ttotal Status Flags
r-devel-linux-x86_64-debian-clang 0.9.7 2.69 148.78 151.47 OK
r-devel-linux-x86_64-debian-gcc 0.9.7 2.90 152.81 155.71 OK
r-devel-linux-x86_64-fedora-clang 0.9.7 316.61 NOTE
r-devel-linux-x86_64-fedora-gcc 0.9.7 309.58 NOTE
r-devel-osx-x86_64-clang 0.9.7 231.37 NOTE
r-devel-windows-ix86+x86_64 0.9.7 15.00 222.00 237.00 NOTE
r-patched-linux-x86_64 0.9.7 2.96 158.88 161.84 OK
r-patched-solaris-sparc 0.9.7 2501.00 OK
r-patched-solaris-x86 0.9.7 380.60 OK
r-release-linux-ix86 0.9.7 4.10 191.82 195.92 OK
r-release-linux-x86_64 0.9.7 2.96 153.83 156.79 OK
r-release-osx-x86_64-mavericks 0.9.7 OK
r-release-osx-x86_64-snowleopard 0.9.7 OK
r-release-windows-ix86+x86_64 0.9.7 15.00 238.00 253.00 NOTE
r-oldrel-windows-ix86+x86_64 0.9.7 14.00 228.00 242.00 NOTE

Check Details

Version: 0.9.7
Check: R code for possible problems
Result: NOTE
    anovaBF: no visible global function definition for ‘registerDoMC’
    anovaBF: no visible global function definition for ‘getDoParWorkers’
    anovaBF: no visible global function definition for ‘%dopar%’
    anovaBF: no visible global function definition for ‘foreach’
    generalTestBF: no visible global function definition for ‘registerDoMC’
    generalTestBF: no visible global function definition for
     ‘getDoParWorkers’
    generalTestBF: no visible global function definition for ‘%dopar%’
    generalTestBF: no visible global function definition for ‘foreach’
Flavors: r-devel-linux-x86_64-fedora-clang, r-devel-linux-x86_64-fedora-gcc, r-devel-osx-x86_64-clang, r-devel-windows-ix86+x86_64, r-release-windows-ix86+x86_64, r-oldrel-windows-ix86+x86_64

Version: 0.9.7
Check: package dependencies
Result: NOTE
    Package suggested but not available for checking: 'doMC'
Flavors: r-devel-windows-ix86+x86_64, r-release-windows-ix86+x86_64, r-oldrel-windows-ix86+x86_64