CRAN Package Check Results for Package BayesFactor

Last updated on 2016-08-25 17:47:42.

Flavor Version Tinstall Tcheck Ttotal Status Flags
r-devel-linux-x86_64-debian-clang 0.9.12-2 100.43 147.85 248.28 NOTE
r-devel-linux-x86_64-debian-gcc 0.9.12-2 98.34 141.69 240.03 NOTE
r-devel-linux-x86_64-fedora-clang 0.9.12-2 515.02 NOTE
r-devel-linux-x86_64-fedora-gcc 0.9.12-2 473.88 NOTE
r-devel-osx-x86_64-clang 0.9.12-2 347.66 OK
r-devel-windows-ix86+x86_64 0.9.12-2 376.00 325.00 701.00 NOTE
r-patched-linux-x86_64 0.9.12-2 81.08 143.12 224.20 NOTE
r-patched-solaris-sparc 0.9.12-2 3166.70 OK
r-patched-solaris-x86 0.9.12-2 494.30 OK
r-release-linux-x86_64 0.9.12-2 80.54 140.57 221.11 NOTE
r-release-osx-x86_64-mavericks 0.9.12-2 NOTE
r-release-windows-ix86+x86_64 0.9.12-2 366.00 307.00 673.00 NOTE
r-oldrel-windows-ix86+x86_64 0.9.12-2 245.00 265.00 510.00 NOTE

Check Details

Version: 0.9.12-2
Check: installed package size
Result: NOTE
     installed size is 13.4Mb
     sub-directories of 1Mb or more:
     doc 1.7Mb
     libs 11.1Mb
Flavors: r-devel-linux-x86_64-debian-clang, r-devel-linux-x86_64-debian-gcc, r-devel-linux-x86_64-fedora-clang, r-devel-linux-x86_64-fedora-gcc, r-patched-linux-x86_64, r-release-linux-x86_64, r-release-osx-x86_64-mavericks

Version: 0.9.12-2
Check: package dependencies
Result: NOTE
    Package suggested but not available for checking: 'doMC'
Flavors: r-devel-windows-ix86+x86_64, r-release-windows-ix86+x86_64, r-oldrel-windows-ix86+x86_64