CRAN Package Check Results for Package BayesFactor

Last updated on 2016-09-24 23:47:59.

Flavor Version Tinstall Tcheck Ttotal Status Flags
r-devel-linux-x86_64-debian-clang 0.9.12-2 100.77 143.74 244.51 NOTE
r-devel-linux-x86_64-debian-gcc 0.9.12-2 98.40 146.62 245.02 NOTE
r-devel-linux-x86_64-fedora-clang 0.9.12-2 494.49 NOTE
r-devel-linux-x86_64-fedora-gcc 0.9.12-2 450.57 NOTE
r-devel-macos-x86_64-clang 0.9.12-2 335.20 OK
r-devel-windows-ix86+x86_64 0.9.12-2 353.00 297.00 650.00 NOTE
r-patched-linux-x86_64 0.9.12-2 81.68 141.66 223.34 NOTE
r-patched-solaris-sparc 0.9.12-2 3166.70 OK
r-patched-solaris-x86 0.9.12-2 495.50 OK
r-release-linux-x86_64 0.9.12-2 80.64 141.41 222.04 NOTE
r-release-osx-x86_64-mavericks 0.9.12-2 NOTE
r-release-windows-ix86+x86_64 0.9.12-2 269.00 232.00 501.00 NOTE
r-oldrel-windows-ix86+x86_64 0.9.12-2 356.00 348.00 704.00 NOTE

Check Details

Version: 0.9.12-2
Check: installed package size
Result: NOTE
     installed size is 13.3Mb
     sub-directories of 1Mb or more:
     doc 1.7Mb
     libs 11.1Mb
Flavors: r-devel-linux-x86_64-debian-clang, r-devel-linux-x86_64-debian-gcc, r-devel-linux-x86_64-fedora-clang, r-devel-linux-x86_64-fedora-gcc, r-patched-linux-x86_64, r-release-linux-x86_64, r-release-osx-x86_64-mavericks

Version: 0.9.12-2
Check: package dependencies
Result: NOTE
    Package suggested but not available for checking: 'doMC'
Flavors: r-devel-windows-ix86+x86_64, r-release-windows-ix86+x86_64, r-oldrel-windows-ix86+x86_64