Last updated on 2018-04-22 04:46:19 CEST.
Flavor | Version | Tinstall | Tcheck | Ttotal | Status | Flags |
---|---|---|---|---|---|---|
r-devel-linux-x86_64-debian-clang | 1.4 | 4.75 | 29.49 | 34.24 | NOTE | |
r-devel-linux-x86_64-debian-gcc | 1.4 | 4.56 | 23.43 | 27.99 | NOTE | |
r-devel-linux-x86_64-fedora-clang | 1.4 | 43.56 | NOTE | |||
r-devel-linux-x86_64-fedora-gcc | 1.4 | 42.57 | NOTE | |||
r-devel-windows-ix86+x86_64 | 1.4 | 9.00 | 41.00 | 50.00 | NOTE | |
r-devel-osx-x86_64 | 1.4 | NOTE | ||||
r-patched-linux-x86_64 | 1.4 | 5.96 | 29.62 | 35.58 | NOTE | |
r-patched-solaris-x86 | 1.4 | 59.90 | NOTE | |||
r-release-linux-x86_64 | 1.4 | 1.14 | 29.90 | 31.04 | NOTE | |
r-release-windows-ix86+x86_64 | 1.4 | 4.00 | 58.00 | 62.00 | NOTE | |
r-release-osx-x86_64 | 1.4 | NOTE | ||||
r-oldrel-windows-ix86+x86_64 | 1.4 | 6.00 | 39.00 | 45.00 | NOTE |
Version: 1.4
Check: R code for possible problems
Result: NOTE
bsp: no visible global function definition for ‘missingArg’
bsp: no visible global function definition for ‘quantile’
bsp.graph.fmem: no visible global function definition for ‘missingArg’
bsp.graph.fmem : quant005: no visible global function definition for
‘quantile’
bsp.graph.fmem : quant095: no visible global function definition for
‘quantile’
bsp.graph.fmem: no visible global function definition for ‘plot’
bsp.graph.fmem: no visible global function definition for ‘par’
bsp.graph.gesm: no visible global function definition for ‘missingArg’
bsp.graph.gesm : quant005: no visible global function definition for
‘quantile’
bsp.graph.gesm : quant095: no visible global function definition for
‘quantile’
bsp.graph.gesm: no visible global function definition for ‘plot’
bsp.graph.gesm: no visible global function definition for ‘par’
fmem: no visible global function definition for ‘missingArg’
fmem: no visible global function definition for ‘model.matrix’
fmem : pdf: no visible global function definition for ‘dnorm’
fmem : cdf: no visible global function definition for ‘pnorm’
fmem : u: no visible global function definition for ‘rgamma’
fmem : cdf: no visible global function definition for ‘pt’
fmem : extra.parameter: no visible global function definition for
‘optim’
fmem : u: no visible global function definition for ‘runif’
fmem : u: no visible global function definition for ‘pgamma’
fmem : u: no visible global function definition for ‘qgamma’
fmem : pdf: no visible global function definition for ‘pgamma’
fmem : pdf2: no visible global function definition for ‘pgamma’
fmem : cdf: no visible global function definition for ‘integrate’
fmem : extra.parameter: no visible global function definition for
‘rgamma’
fmem : extra.parameter: no visible global function definition for
‘runif’
fmem : extra.parameter: no visible global function definition for
‘pgamma’
fmem : extra.parameter: no visible global function definition for
‘rbeta’
fmem : extra.parameter: no visible global function definition for
‘qgamma’
gesm: no visible global function definition for ‘missingArg’
gesm: no visible global function definition for ‘model.matrix’
gesm: no visible global function definition for ‘sd’
gesm : pdf: no visible global function definition for ‘dnorm’
gesm : cdf: no visible global function definition for ‘pnorm’
gesm : u: no visible global function definition for ‘rgamma’
gesm : pdf: no visible global function definition for ‘dt’
gesm : cdf: no visible global function definition for ‘pt’
gesm : extra.parameter: no visible global function definition for
‘optim’
gesm : u: no visible global function definition for ‘runif’
gesm : u: no visible global function definition for ‘pgamma’
gesm : u: no visible global function definition for ‘qgamma’
gesm : G: no visible global function definition for ‘pgamma’
gesm : fg: no visible global function definition for ‘integrate’
gesm : pdf: no visible global function definition for ‘pgamma’
gesm : cdf: no visible global function definition for ‘integrate’
gesm : extra.parameter: no visible global function definition for
‘rgamma’
gesm : fgd: no visible global function definition for ‘dnorm’
gesm : extra.parameter: no visible global function definition for
‘runif’
gesm : extra.parameter: no visible global function definition for
‘pgamma’
gesm : extra.parameter: no visible global function definition for
‘rbeta’
gesm : extra.parameter: no visible global function definition for
‘qgamma’
mcmc.fmem : rmvnorm.l: no visible global function definition for
‘rnorm’
mcmc.fmem : Wishart: no visible global function definition for ‘rnorm’
mcmc.fmem: no visible global function definition for ‘txtProgressBar’
mcmc.fmem: no visible global function definition for ‘var’
mcmc.fmem: no visible global function definition for ‘rnorm’
mcmc.fmem: no visible global function definition for ‘rgamma’
mcmc.fmem: no visible global function definition for
‘setTxtProgressBar’
mcmc.fmem: no visible binding for global variable ‘var’
mcmc.fmem: no visible global function definition for ‘qnorm’
mcmc.gesm : rmvnorm.l: no visible global function definition for
‘rnorm’
mcmc.gesm : MH.gamma: no visible global function definition for ‘rnorm’
mcmc.gesm : MH.gamma: no visible global function definition for ‘runif’
mcmc.gesm : MH.gamma: no visible global function definition for ‘optim’
mcmc.gesm : MH.gamma2: no visible global function definition for
‘rnorm’
mcmc.gesm : MH.gamma2: no visible global function definition for
‘runif’
mcmc.gesm : MH.gamma2: no visible global function definition for
‘optim’
mcmc.gesm: no visible global function definition for ‘txtProgressBar’
mcmc.gesm: no visible global function definition for ‘rgamma’
mcmc.gesm: no visible global function definition for
‘setTxtProgressBar’
mcmc.gesm: no visible global function definition for ‘var’
mcmc.gesm: no visible binding for global variable ‘var’
mcmc.gesm: no visible global function definition for ‘qnorm’
summary.fmem : quant005: no visible global function definition for
‘quantile’
summary.fmem : quant095: no visible global function definition for
‘quantile’
summary.fmem: no visible binding for global variable ‘median’
summary.fmem: no visible binding for global variable ‘sd’
summary.fmem: no visible global function definition for ‘printCoefmat’
summary.gesm : quant005: no visible global function definition for
‘quantile’
summary.gesm : quant095: no visible global function definition for
‘quantile’
summary.gesm: no visible binding for global variable ‘median’
summary.gesm: no visible binding for global variable ‘sd’
summary.gesm: no visible global function definition for ‘printCoefmat’
Undefined global functions or variables:
dnorm dt integrate median missingArg model.matrix optim par pgamma
plot pnorm printCoefmat pt qgamma qnorm quantile rbeta rgamma rnorm
runif sd setTxtProgressBar txtProgressBar var
Consider adding
importFrom("graphics", "par", "plot")
importFrom("methods", "missingArg")
importFrom("stats", "dnorm", "dt", "integrate", "median",
"model.matrix", "optim", "pgamma", "pnorm", "printCoefmat",
"pt", "qgamma", "qnorm", "quantile", "rbeta", "rgamma",
"rnorm", "runif", "sd", "var")
importFrom("utils", "setTxtProgressBar", "txtProgressBar")
to your NAMESPACE file (and ensure that your DESCRIPTION Imports field
contains 'methods').
Flavors: r-devel-linux-x86_64-debian-clang, r-devel-linux-x86_64-debian-gcc, r-devel-linux-x86_64-fedora-clang, r-devel-linux-x86_64-fedora-gcc, r-devel-windows-ix86+x86_64, r-devel-osx-x86_64, r-patched-linux-x86_64, r-patched-solaris-x86, r-release-linux-x86_64, r-release-windows-ix86+x86_64, r-release-osx-x86_64, r-oldrel-windows-ix86+x86_64