CRAN Package Check Results for Package BayesGPfit

Last updated on 2020-08-07 19:47:07 CEST.

Flavor Version Tinstall Tcheck Ttotal Status Flags
r-devel-linux-x86_64-debian-clang 0.1.0 6.27 43.48 49.75 OK
r-devel-linux-x86_64-debian-gcc 0.1.0 4.82 33.95 38.77 OK
r-devel-linux-x86_64-fedora-clang 0.1.0 69.95 NOTE
r-devel-linux-x86_64-fedora-gcc 0.1.0 59.53 NOTE
r-devel-windows-ix86+x86_64 0.1.0 25.00 94.00 119.00 OK
r-patched-linux-x86_64 0.1.0 5.13 42.78 47.91 OK
r-patched-solaris-x86 0.1.0 121.10 OK
r-release-linux-x86_64 0.1.0 5.88 43.13 49.01 OK
r-release-macos-x86_64 0.1.0 OK
r-release-windows-ix86+x86_64 0.1.0 34.00 127.00 161.00 OK
r-oldrel-macos-x86_64 0.1.0 OK
r-oldrel-windows-ix86+x86_64 0.1.0 13.00 113.00 126.00 OK

Check Details

Version: 0.1.0
Check: compiled code
Result: NOTE
    File ‘BayesGPfit/libs/BayesGPfit.so’:
     Found no calls to: ‘R_registerRoutines’, ‘R_useDynamicSymbols’
    
    It is good practice to register native routines and to disable symbol
    search.
    
    See ‘Writing portable packages’ in the ‘Writing R Extensions’ manual.
Flavors: r-devel-linux-x86_64-fedora-clang, r-devel-linux-x86_64-fedora-gcc