CRAN Package Check Results for Package BayesGWQS

Last updated on 2024-02-28 08:54:21 CET.

Flavor Version Tinstall Tcheck Ttotal Status Flags
r-devel-linux-x86_64-debian-clang 0.1.1 2.75 27.40 30.15 OK
r-devel-linux-x86_64-debian-gcc 0.1.1 2.11 21.05 23.16 OK
r-devel-linux-x86_64-fedora-clang 0.1.1 37.49 NOTE
r-devel-linux-x86_64-fedora-gcc 0.1.1 36.50 NOTE
r-devel-windows-x86_64 0.1.1 3.00 43.00 46.00 OK
r-patched-linux-x86_64 0.1.1 2.77 26.83 29.60 OK
r-release-linux-x86_64 0.1.1 2.30 26.55 28.85 OK
r-release-macos-arm64 0.1.1 20.00 OK
r-release-macos-x86_64 0.1.1 23.00 OK
r-release-windows-x86_64 0.1.1 4.00 44.00 48.00 OK
r-oldrel-macos-arm64 0.1.1 17.00 NOTE
r-oldrel-windows-x86_64 0.1.1 4.00 47.00 51.00 OK

Check Details

Version: 0.1.1
Check: dependencies in R code
Result: NOTE Namespace in Imports field not imported from: ‘plyr’ All declared Imports should be used. Flavors: r-devel-linux-x86_64-fedora-clang, r-devel-linux-x86_64-fedora-gcc, r-oldrel-macos-arm64