CRAN Package Check Results for Package BayesLCA

Last updated on 2015-08-05 03:47:54.

Flavor Version Tinstall Tcheck Ttotal Status Flags
r-devel-linux-x86_64-debian-clang 1.7 1.88 35.23 37.11 NOTE
r-devel-linux-x86_64-debian-gcc 1.7 1.91 32.54 34.45 NOTE
r-devel-linux-x86_64-fedora-clang 1.7 73.38 NOTE
r-devel-linux-x86_64-fedora-gcc 1.7 67.05 NOTE
r-devel-osx-x86_64-clang 1.7 59.89 OK
r-devel-windows-ix86+x86_64 1.7 9.00 76.00 85.00 NOTE
r-patched-linux-x86_64 1.7 1.80 32.76 34.56 OK
r-patched-solaris-sparc 1.7 444.30 OK
r-patched-solaris-x86 1.7 87.20 OK
r-release-linux-x86_64 1.7 1.79 32.45 34.24 OK
r-release-osx-x86_64-mavericks 1.7 OK
r-release-windows-ix86+x86_64 1.7 9.00 54.00 63.00 OK
r-oldrel-windows-ix86+x86_64 1.7 14.00 79.00 93.00 OK

Check Details

Version: 1.7
Check: R code for possible problems
Result: NOTE
    Zscore: no visible binding for global variable ‘dbinom’
    Zscore.internal: no visible binding for global variable ‘dbinom’
    blca.boot: no visible binding for global variable ‘dbinom’
    blca.boot: no visible binding for global variable ‘var’
    blca.em: no visible global function definition for ‘runif’
    blca.em: no visible binding for global variable ‘dbinom’
    blca.gibbs: no visible global function definition for ‘rbeta’
    blca.gibbs: no visible global function definition for ‘runif’
    blca.gibbs: no visible binding for global variable ‘sd’
    blca.gibbs: no visible binding for global variable ‘dbinom’
    blca.gibbs: no visible global function definition for ‘dbinom’
    blca.gibbs: no visible global function definition for ‘var’
    blca.vb: no visible global function definition for ‘runif’
    fx.g.intern: no visible global function definition for ‘dbinom’
    lp1.intern: no visible global function definition for ‘dbeta’
    lp2.intern: no visible global function definition for ‘dbeta’
    plot.blca: no visible global function definition for ‘heat.colors’
    plot.blca: no visible global function definition for ‘devAskNewPage’
    plot.blca: no visible global function definition for ‘abline’
    plot.blca: no visible global function definition for ‘axis’
    plot.blca: no visible global function definition for ‘mtext’
    plot.blca: no visible global function definition for ‘mosaicplot’
    plot.blca: no visible global function definition for ‘density’
    plot.blca: no visible global function definition for ‘plot’
    plot.blca: no visible global function definition for ‘lines’
    plot.blca: no visible global function definition for ‘dbeta’
    plot.blca: no visible global function definition for ‘matplot’
    rlca: no visible global function definition for ‘runif’
    rlca: no visible global function definition for ‘rmultinom’
    weighted.var: no visible global function definition for ‘weighted.mean’
    Undefined global functions or variables:
     abline axis dbeta dbinom density devAskNewPage heat.colors lines
     matplot mosaicplot mtext plot rbeta rmultinom runif sd var
     weighted.mean
    Consider adding
     importFrom("grDevices", "devAskNewPage", "heat.colors")
     importFrom("graphics", "abline", "axis", "lines", "matplot",
     "mosaicplot", "mtext", "plot")
     importFrom("stats", "dbeta", "dbinom", "density", "rbeta", "rmultinom",
     "runif", "sd", "var", "weighted.mean")
    to your NAMESPACE.
Flavors: r-devel-linux-x86_64-debian-clang, r-devel-linux-x86_64-debian-gcc, r-devel-linux-x86_64-fedora-clang, r-devel-linux-x86_64-fedora-gcc, r-devel-windows-ix86+x86_64