CRAN Package Check Results for Package BayesLCA

Last updated on 2015-05-30 21:46:26.

Flavor Version Tinstall Tcheck Ttotal Status Flags
r-devel-linux-x86_64-debian-clang 1.7 2.00 33.51 35.51 OK
r-devel-linux-x86_64-debian-gcc 1.7 1.78 31.86 33.64 OK
r-devel-linux-x86_64-fedora-clang 1.7 69.06 OK
r-devel-linux-x86_64-fedora-gcc 1.7 66.75 OK
r-devel-osx-x86_64-clang 1.7 61.67 OK
r-devel-windows-ix86+x86_64 1.7 6.00 50.00 56.00 OK
r-patched-linux-x86_64 1.7 1.78 32.17 33.94 OK
r-patched-solaris-sparc 1.7 433.70 OK
r-patched-solaris-x86 1.7 86.70 OK
r-release-linux-x86_64 1.7 1.80 33.70 35.50 OK
r-release-osx-x86_64-mavericks 1.7 OK
r-release-osx-x86_64-snowleopard 1.7 ERROR
r-release-windows-ix86+x86_64 1.7 6.00 49.00 55.00 OK
r-oldrel-windows-ix86+x86_64 1.7 9.00 68.00 77.00 OK

Check Details

Version: 1.7
Check: package dependencies
Result: ERROR
    Package required but not available: ‘fields’
    
    See section ‘The DESCRIPTION file’ in the ‘Writing R Extensions’
    manual.
Flavor: r-release-osx-x86_64-snowleopard