CRAN Package Check Results for Package BayesLCA

Last updated on 2015-04-27 23:47:18.

Flavor Version Tinstall Tcheck Ttotal Status Flags
r-devel-linux-x86_64-debian-clang 1.7 1.89 33.45 35.34 OK
r-devel-linux-x86_64-debian-gcc 1.7 1.80 33.00 34.79 OK
r-devel-linux-x86_64-fedora-clang 1.7 73.81 OK
r-devel-linux-x86_64-fedora-gcc 1.7 73.60 OK
r-devel-osx-x86_64-clang 1.7 62.39 OK
r-devel-windows-ix86+x86_64 1.7 6.00 53.00 59.00 OK
r-patched-linux-x86_64 1.7 1.81 33.61 35.42 OK
r-patched-solaris-sparc 1.7 393.90 OK
r-patched-solaris-x86 1.7 87.50 OK
r-release-linux-x86_64 1.7 1.95 32.82 34.77 OK
r-release-osx-x86_64-mavericks 1.7 OK
r-release-osx-x86_64-snowleopard 1.7 ERROR
r-release-windows-ix86+x86_64 1.7 9.00 68.00 77.00 OK
r-oldrel-windows-ix86+x86_64 1.7 9.00 62.00 71.00 OK

Check Details

Version: 1.7
Check: package dependencies
Result: ERROR
    Package required but not available: ‘fields’
    
    See section ‘The DESCRIPTION file’ in the ‘Writing R Extensions’
    manual.
Flavor: r-release-osx-x86_64-snowleopard