CRAN Package Check Results for Package BayesLCA

Last updated on 2014-04-23 17:47:40.

Flavor Version Tinstall Tcheck Ttotal Status Flags
r-devel-linux-x86_64-debian-clang 1.4 2.62 41.32 43.94 OK
r-devel-linux-x86_64-debian-gcc 1.4 2.58 42.46 45.04 OK
r-devel-linux-x86_64-fedora-clang 1.4 91.55 OK
r-devel-linux-x86_64-fedora-gcc 1.4 85.81 OK
r-devel-osx-x86_64-clang 1.4 76.08 OK
r-devel-osx-x86_64-gcc 1.4 ERROR
r-devel-windows-ix86+x86_64 1.4 8.00 56.00 64.00 OK
r-patched-linux-x86_64 1.4 2.66 41.96 44.62 OK
r-patched-solaris-sparc 1.4 469.20 OK
r-patched-solaris-x86 1.4 106.50 OK
r-release-linux-ix86 1.4 4.00 65.00 69.00 OK
r-release-linux-x86_64 1.4 2.57 41.28 43.85 OK
r-release-osx-x86_64-mavericks 1.4 WARN
r-release-osx-x86_64-snowleopard 1.4 OK
r-release-windows-ix86+x86_64 1.4 7.00 61.00 68.00 OK
r-oldrel-windows-ix86+x86_64 1.4 8.00 61.00 69.00 OK

Check Details

Version: 1.4
Check: package dependencies
Result: ERROR
    Package required but not available: ‘fields’
    
    See the information on DESCRIPTION files in the chapter ‘Creating R
    packages’ of the ‘Writing R Extensions’ manual.
Flavor: r-devel-osx-x86_64-gcc

Version: 1.4
Check: PDF version of manual
Result: WARNING
    LaTeX errors when creating PDF version.
    This typically indicates Rd problems.
    LaTeX errors found:
    ! LaTeX Error: File `upquote.sty' not found.
    
    Type X to quit or <RETURN> to proceed,
    or enter new name. (Default extension: sty)
    
    9ec814/Rd2.tex:8: ==> Fatal error occurred, no output PDF file produced!
Flavor: r-release-osx-x86_64-mavericks