Last updated on 2023-09-27 09:02:07 CEST.
Flavor | Version | Tinstall | Tcheck | Ttotal | Status | Flags |
---|---|---|---|---|---|---|
r-devel-linux-x86_64-debian-clang | 0.2.8 | 56.46 | 141.76 | 198.22 | NOTE | |
r-devel-linux-x86_64-debian-gcc | 0.2.8 | 41.34 | 107.34 | 148.68 | NOTE | |
r-devel-linux-x86_64-fedora-clang | 0.2.8 | 242.71 | NOTE | |||
r-devel-linux-x86_64-fedora-gcc | 0.2.8 | 277.41 | NOTE | |||
r-devel-windows-x86_64 | 0.2.8 | 41.00 | 159.00 | 200.00 | NOTE | |
r-patched-linux-x86_64 | 0.2.8 | 58.64 | 144.34 | 202.98 | NOTE | |
r-release-linux-x86_64 | 0.2.8 | 38.24 | 141.81 | 180.05 | NOTE | |
r-release-macos-arm64 | 0.2.8 | 89.00 | NOTE | |||
r-release-macos-x86_64 | 0.2.8 | 117.00 | NOTE | |||
r-release-windows-x86_64 | 0.2.8 | 55.00 | 166.00 | 221.00 | NOTE | |
r-oldrel-macos-arm64 | 0.2.8 | 72.00 | NOTE | |||
r-oldrel-macos-x86_64 | 0.2.8 | 96.00 | NOTE | |||
r-oldrel-windows-x86_64 | 0.2.8 | 50.00 | 158.00 | 208.00 | OK |
Version: 0.2.8
Check: C++ specification
Result: NOTE
Specified C++11: please drop specification unless essential
Flavors: r-devel-linux-x86_64-debian-clang, r-devel-linux-x86_64-debian-gcc, r-devel-linux-x86_64-fedora-clang, r-devel-linux-x86_64-fedora-gcc, r-devel-windows-x86_64, r-patched-linux-x86_64, r-release-linux-x86_64, r-release-macos-arm64, r-release-macos-x86_64, r-release-windows-x86_64
Version: 0.2.8
Check: installed package size
Result: NOTE
installed size is 11.4Mb
sub-directories of 1Mb or more:
libs 11.1Mb
Flavors: r-release-macos-arm64, r-release-macos-x86_64, r-oldrel-macos-arm64, r-oldrel-macos-x86_64