CRAN Package Check Results for Package BayesMallows

Last updated on 2022-11-28 07:49:46 CET.

Flavor Version Tinstall Tcheck Ttotal Status Flags
r-devel-linux-x86_64-debian-clang 1.2.1 398.15 243.86 642.01 OK
r-devel-linux-x86_64-debian-gcc 1.2.1 317.48 177.72 495.20 OK
r-devel-linux-x86_64-fedora-clang 1.2.1 1002.50 OK
r-devel-linux-x86_64-fedora-gcc 1.2.1 857.42 OK
r-devel-windows-x86_64 1.2.1 381.00 378.00 759.00 OK
r-patched-linux-x86_64 1.2.1 261.93 225.86 487.79 OK
r-release-linux-x86_64 1.2.1 276.03 229.34 505.37 OK
r-release-macos-arm64 1.2.1 222.00 NOTE
r-release-macos-x86_64 1.2.1 263.00 NOTE
r-release-windows-x86_64 1.2.1 393.00 361.00 754.00 OK
r-oldrel-macos-arm64 1.2.1 232.00 NOTE
r-oldrel-macos-x86_64 1.2.1 262.00 NOTE
r-oldrel-windows-ix86+x86_64 1.2.1 997.00 441.00 1438.00 NOTE

Check Details

Version: 1.2.1
Check: installed package size
Result: NOTE
     installed size is 17.6Mb
     sub-directories of 1Mb or more:
     doc 1.7Mb
     libs 15.2Mb
Flavors: r-release-macos-arm64, r-release-macos-x86_64, r-oldrel-macos-arm64, r-oldrel-macos-x86_64, r-oldrel-windows-ix86+x86_64