CRAN Package Check Results for Package BayesPieceHazSelect

Last updated on 2022-01-21 12:56:03 CET.

Flavor Version Tinstall Tcheck Ttotal Status Flags
r-devel-linux-x86_64-debian-clang 1.1.0 11.30 58.07 69.37 NOTE
r-devel-linux-x86_64-debian-gcc 1.1.0 8.51 44.29 52.80 NOTE
r-devel-linux-x86_64-fedora-clang 1.1.0 91.45 NOTE
r-devel-linux-x86_64-fedora-gcc 1.1.0 72.89 NOTE
r-devel-windows-x86_64-new-UL 1.1.0 67.00 76.00 143.00 NOTE
r-devel-windows-x86_64-new-TK 1.1.0 NOTE
r-patched-linux-x86_64 1.1.0 11.33 58.56 69.89 NOTE
r-release-linux-x86_64 1.1.0 11.09 58.40 69.49 NOTE
r-release-macos-arm64 1.1.0 NOTE
r-release-macos-x86_64 1.1.0 NOTE
r-release-windows-ix86+x86_64 1.1.0 12.00 63.00 75.00 NOTE
r-oldrel-macos-x86_64 1.1.0 OK
r-oldrel-windows-ix86+x86_64 1.1.0 11.00 66.00 77.00 OK

Check Details

Version: 1.1.0
Check: LazyData
Result: NOTE
     'LazyData' is specified without a 'data' directory
Flavors: r-devel-linux-x86_64-debian-clang, r-devel-linux-x86_64-debian-gcc, r-devel-linux-x86_64-fedora-clang, r-devel-linux-x86_64-fedora-gcc, r-devel-windows-x86_64-new-UL, r-devel-windows-x86_64-new-TK, r-patched-linux-x86_64, r-release-linux-x86_64, r-release-macos-arm64, r-release-macos-x86_64, r-release-windows-ix86+x86_64