CRAN Package Check Results for Package BayesQTLBIC

Last updated on 2014-07-28 19:51:25.

Flavor Version Tinstall Tcheck Ttotal Status Flags
r-devel-linux-x86_64-debian-clang 1.0-2 0.66 16.57 17.23 NOTE
r-devel-linux-x86_64-debian-gcc 1.0-2 0.64 14.89 15.53 NOTE
r-devel-linux-x86_64-fedora-gcc 1.0-2 31.49 NOTE
r-devel-osx-x86_64-clang 1.0-2 31.60 NOTE
r-devel-windows-ix86+x86_64 1.0-2 2.00 26.00 28.00 NOTE
r-patched-linux-x86_64 1.0-2 0.65 15.66 16.31 NOTE
r-patched-solaris-sparc 1.0-2 182.40 NOTE
r-patched-solaris-x86 1.0-2 43.80 NOTE
r-release-linux-ix86 1.0-2 0.97 22.02 22.99 NOTE
r-release-linux-x86_64 1.0-2 0.72 15.96 16.69 NOTE
r-release-osx-x86_64-mavericks 1.0-2 NOTE
r-release-windows-ix86+x86_64 1.0-2 3.00 28.00 31.00 NOTE
r-oldrel-windows-ix86+x86_64 1.0-2 3.00 29.00 32.00 NOTE

Check Details

Version: 1.0-2
Check: dependencies in R code
Result: NOTE
    Package in Depends field not imported from: leaps
     These packages need to be imported from (in the NAMESPACE file)
     for when this namespace is loaded but not attached.
    See the information on DESCRIPTION files in the chapter Creating R
    packages of the Writing R Extensions manual.
Flavors: r-devel-linux-x86_64-debian-clang, r-devel-linux-x86_64-debian-gcc, r-devel-linux-x86_64-fedora-gcc, r-devel-osx-x86_64-clang, r-devel-windows-ix86+x86_64, r-patched-linux-x86_64, r-patched-solaris-sparc, r-patched-solaris-x86, r-release-linux-ix86, r-release-linux-x86_64, r-release-osx-x86_64-mavericks, r-release-windows-ix86+x86_64, r-oldrel-windows-ix86+x86_64

Version: 1.0-2
Check: R code for possible problems
Result: NOTE
    bicreg.models: warning in lm(y ~ 1, weight = wt): partial argument
     match of 'weight' to 'weights'
    bicreg.models: warning in lsfit(rep(1, length(y)), y, wt = wt, int =
     FALSE): partial argument match of 'int' to 'intercept'
    bicreg.models: warning in matrix(NA, nr = neval, nc = ncol(x)): partial
     argument match of 'nr' to 'nrow'
    bicreg.models: warning in matrix(NA, nr = neval, nc = ncol(x)): partial
     argument match of 'nc' to 'ncol'
    bicreg.qtl: warning in lm(y ~ 1, w = wt): partial argument match of 'w'
     to 'weights'
    bicreg.qtl: warning in lm(y ~ . - wt, data = x.lm, w = wt): partial
     argument match of 'w' to 'weights'
    bicreg.qtl: warning in lsfit(rep(1, length(y)), y, wt = wt, int =
     FALSE): partial argument match of 'int' to 'intercept'
    bicreg.qtl: warning in matrix(NA, nr = neval, nc = ncol(x)): partial
     argument match of 'nr' to 'nrow'
    bicreg.qtl: warning in matrix(NA, nr = neval, nc = ncol(x)): partial
     argument match of 'nc' to 'ncol'
    bicreg2: warning in lm(y ~ 1, w = wt): partial argument match of 'w' to
     'weights'
    bicreg2: warning in lm(y ~ . - wt, data = x.lm, w = wt): partial
     argument match of 'w' to 'weights'
    bicreg2: warning in lsfit(rep(1, length(y)), y, wt = wt, int = FALSE):
     partial argument match of 'int' to 'intercept'
    bicreg2: warning in matrix(NA, nr = neval, nc = ncol(x)): partial
     argument match of 'nr' to 'nrow'
    bicreg2: warning in matrix(NA, nr = neval, nc = ncol(x)): partial
     argument match of 'nc' to 'ncol'
Flavors: r-devel-linux-x86_64-debian-clang, r-devel-linux-x86_64-debian-gcc, r-devel-linux-x86_64-fedora-gcc, r-devel-osx-x86_64-clang, r-devel-windows-ix86+x86_64, r-patched-linux-x86_64, r-patched-solaris-sparc, r-patched-solaris-x86, r-release-linux-ix86, r-release-linux-x86_64, r-release-osx-x86_64-mavericks, r-release-windows-ix86+x86_64, r-oldrel-windows-ix86+x86_64

Version: 1.0-2
Check: top-level files
Result: NOTE
    Non-standard file/directory found at top level:
     examples
Flavor: r-devel-linux-x86_64-fedora-gcc