CRAN Package Check Results for Package BayesSAE

Last updated on 2015-04-27 08:48:04.

Flavor Version Tinstall Tcheck Ttotal Status Flags
r-devel-linux-x86_64-debian-clang 1.0-1 2.18 14.86 17.04 NOTE
r-devel-linux-x86_64-debian-gcc 1.0-1 2.29 14.74 17.03 NOTE
r-devel-linux-x86_64-fedora-clang 1.0-1 33.68 NOTE
r-devel-linux-x86_64-fedora-gcc 1.0-1 34.11 NOTE
r-devel-osx-x86_64-clang 1.0-1 34.52 NOTE
r-devel-windows-ix86+x86_64 1.0-1 12.00 59.00 71.00 NOTE
r-patched-linux-x86_64 1.0-1 2.50 14.61 17.10 NOTE
r-patched-solaris-sparc 1.0-1 248.60 NOTE
r-patched-solaris-x86 1.0-1 54.70 NOTE
r-release-linux-x86_64 1.0-1 2.27 15.50 17.77 NOTE
r-release-osx-x86_64-mavericks 1.0-1 NOTE
r-release-osx-x86_64-snowleopard 1.0-1 NOTE
r-release-windows-ix86+x86_64 1.0-1 11.00 43.00 54.00 NOTE
r-oldrel-windows-ix86+x86_64 1.0-1 10.00 45.00 55.00 NOTE

Check Details

Version: 1.0-1
Check: S3 generic/method consistency
Result: NOTE
    Found the following apparent S3 methods exported but not registered:
     print.summary.BayesSAE
    See section ‘Registering S3 methods’ in the ‘Writing R Extensions’
    manual.
Flavors: r-devel-linux-x86_64-debian-clang, r-devel-linux-x86_64-debian-gcc, r-devel-linux-x86_64-fedora-clang, r-devel-linux-x86_64-fedora-gcc, r-devel-osx-x86_64-clang, r-patched-solaris-x86

Version: 1.0-1
Check: line endings in Makefiles
Result: NOTE
    Found the following Makefile(s) without a final LF:
     src/Makevars
    Some ‘make’ programs ignore lines not ending in LF.
Flavors: r-devel-linux-x86_64-debian-clang, r-devel-linux-x86_64-debian-gcc, r-devel-linux-x86_64-fedora-clang, r-devel-linux-x86_64-fedora-gcc, r-devel-osx-x86_64-clang, r-devel-windows-ix86+x86_64, r-patched-solaris-sparc, r-patched-solaris-x86, r-release-osx-x86_64-mavericks, r-release-osx-x86_64-snowleopard, r-release-windows-ix86+x86_64, r-oldrel-windows-ix86+x86_64

Version: 1.0-1
Check: compiled code
Result: NOTE
    File ‘BayesSAE/libs/BayesSAE.so’:
     Found ‘rand’, possibly from ‘rand’ (C)
     Object: ‘HBsae.o’
    
    Compiled code should not call entry points which might terminate R nor
    write to stdout/stderr instead of to the console, nor the system RNG.
    
    See ‘Writing portable packages’ in the ‘Writing R Extensions’ manual.
Flavors: r-devel-linux-x86_64-debian-clang, r-devel-linux-x86_64-debian-gcc, r-devel-linux-x86_64-fedora-clang, r-devel-linux-x86_64-fedora-gcc, r-patched-solaris-sparc, r-patched-solaris-x86

Version: 1.0-1
Check: compiled code
Result: NOTE
    File ‘BayesSAE/libs/BayesSAE.so’:
     Found ‘_rand’, possibly from ‘rand’ (C)
     Object: ‘HBsae.o’
    
    Compiled code should not call entry points which might terminate R nor
    write to stdout/stderr instead of to the console, nor the system RNG.
    
    See ‘Writing portable packages’ in the ‘Writing R Extensions’ manual.
Flavors: r-devel-osx-x86_64-clang, r-release-osx-x86_64-mavericks, r-release-osx-x86_64-snowleopard

Version: 1.0-1
Check: compiled code
Result: NOTE
    File 'BayesSAE/libs/i386/BayesSAE.dll':
     Found 'rand', possibly from 'rand' (C)
     Object: 'HBsae.o'
    File 'BayesSAE/libs/x64/BayesSAE.dll':
     Found 'rand', possibly from 'rand' (C)
     Object: 'HBsae.o'
    
    Compiled code should not call entry points which might terminate R nor
    write to stdout/stderr instead of to the console, nor the system RNG.
    
    See 'Writing portable packages' in the 'Writing R Extensions' manual.
Flavors: r-devel-windows-ix86+x86_64, r-release-windows-ix86+x86_64, r-oldrel-windows-ix86+x86_64