CRAN Package Check Results for Package BayesSAE

Last updated on 2015-06-30 15:46:57.

Flavor Version Tinstall Tcheck Ttotal Status Flags
r-devel-linux-x86_64-debian-clang 1.0-1 2.40 15.12 17.51 NOTE
r-devel-linux-x86_64-debian-gcc 1.0-1 2.26 14.30 16.57 NOTE
r-devel-linux-x86_64-fedora-clang 1.0-1 31.20 NOTE
r-devel-linux-x86_64-fedora-gcc 1.0-1 30.42 NOTE
r-devel-osx-x86_64-clang 1.0-1 32.84 NOTE
r-devel-windows-ix86+x86_64 1.0-1 15.00 42.00 57.00 NOTE
r-patched-linux-x86_64 1.0-1 2.26 15.54 17.79 NOTE
r-patched-solaris-sparc 1.0-1 233.20 NOTE
r-patched-solaris-x86 1.0-1 56.00 NOTE
r-release-linux-x86_64 1.0-1 2.31 14.82 17.12 NOTE
r-release-osx-x86_64-mavericks 1.0-1 NOTE
r-release-windows-ix86+x86_64 1.0-1 13.00 52.00 65.00 NOTE
r-oldrel-windows-ix86+x86_64 1.0-1 13.00 47.00 60.00 NOTE

Check Details

Version: 1.0-1
Check: S3 generic/method consistency
Result: NOTE
    Found the following apparent S3 methods exported but not registered:
     print.summary.BayesSAE
    See section ‘Registering S3 methods’ in the ‘Writing R Extensions’
    manual.
Flavors: r-devel-linux-x86_64-debian-clang, r-devel-linux-x86_64-debian-gcc, r-devel-linux-x86_64-fedora-clang, r-devel-linux-x86_64-fedora-gcc, r-devel-osx-x86_64-clang, r-patched-linux-x86_64, r-patched-solaris-sparc, r-patched-solaris-x86, r-release-linux-x86_64

Version: 1.0-1
Check: R code for possible problems
Result: NOTE
    BayesFH: no visible global function definition for ‘rnorm’
    BayesFH: no visible global function definition for ‘rgamma’
    BayesSAE: no visible global function definition for ‘runif’
    BayesSAE: no visible global function definition for ‘as.formula’
    BayesSAE: no visible global function definition for ‘terms’
    BayesSAE: no visible global function definition for ‘delete.response’
    BayesSAE: no visible global function definition for ‘model.response’
    BayesSAE: no visible global function definition for ‘model.matrix’
    BayesSAE: no visible global function definition for ‘coef’
    BayesSAE: no visible global function definition for ‘lm’
    BayesSFH: no visible global function definition for ‘rnorm’
    BayesSFH: no visible global function definition for ‘runif’
    BayesSFH: no visible global function definition for ‘rgamma’
    BayesSYC: no visible global function definition for ‘rnorm’
    BayesSYC: no visible global function definition for ‘runif’
    BayesSYC: no visible global function definition for ‘rgamma’
    BayesUFH: no visible global function definition for ‘rnorm’
    BayesUFH: no visible global function definition for ‘rgamma’
    BayesUYC: no visible global function definition for ‘rnorm’
    BayesUYC: no visible global function definition for ‘rgamma’
    BayesYC: no visible global function definition for ‘rnorm’
    BayesYC: no visible global function definition for ‘rgamma’
    model.compare: no visible global function definition for ‘dnorm’
    print.summary.BayesSAE: no visible global function definition for
     ‘printCoefmat’
    replication: no visible global function definition for ‘rnorm’
Flavors: r-devel-linux-x86_64-debian-clang, r-devel-linux-x86_64-debian-gcc, r-devel-linux-x86_64-fedora-clang, r-devel-windows-ix86+x86_64

Version: 1.0-1
Check: line endings in Makefiles
Result: NOTE
    Found the following Makefile(s) without a final LF:
     src/Makevars
    Some ‘make’ programs ignore lines not ending in LF.
Flavors: r-devel-linux-x86_64-debian-clang, r-devel-linux-x86_64-debian-gcc, r-devel-linux-x86_64-fedora-clang, r-devel-linux-x86_64-fedora-gcc, r-devel-osx-x86_64-clang, r-devel-windows-ix86+x86_64, r-patched-linux-x86_64, r-patched-solaris-sparc, r-patched-solaris-x86, r-release-linux-x86_64, r-release-osx-x86_64-mavericks, r-release-windows-ix86+x86_64, r-oldrel-windows-ix86+x86_64

Version: 1.0-1
Check: compiled code
Result: NOTE
    File ‘BayesSAE/libs/BayesSAE.so’:
     Found ‘rand’, possibly from ‘rand’ (C)
     Object: ‘HBsae.o’
    
    Compiled code should not call entry points which might terminate R nor
    write to stdout/stderr instead of to the console, nor the system RNG.
    
    See ‘Writing portable packages’ in the ‘Writing R Extensions’ manual.
Flavors: r-devel-linux-x86_64-debian-clang, r-devel-linux-x86_64-debian-gcc, r-devel-linux-x86_64-fedora-clang, r-devel-linux-x86_64-fedora-gcc, r-patched-linux-x86_64, r-patched-solaris-sparc, r-patched-solaris-x86, r-release-linux-x86_64

Version: 1.0-1
Check: compiled code
Result: NOTE
    File ‘BayesSAE/libs/BayesSAE.so’:
     Found ‘_rand’, possibly from ‘rand’ (C)
     Object: ‘HBsae.o’
    
    Compiled code should not call entry points which might terminate R nor
    write to stdout/stderr instead of to the console, nor the system RNG.
    
    See ‘Writing portable packages’ in the ‘Writing R Extensions’ manual.
Flavors: r-devel-osx-x86_64-clang, r-release-osx-x86_64-mavericks

Version: 1.0-1
Check: compiled code
Result: NOTE
    File 'BayesSAE/libs/i386/BayesSAE.dll':
     Found 'rand', possibly from 'rand' (C)
     Object: 'HBsae.o'
    File 'BayesSAE/libs/x64/BayesSAE.dll':
     Found 'rand', possibly from 'rand' (C)
     Object: 'HBsae.o'
    
    Compiled code should not call entry points which might terminate R nor
    write to stdout/stderr instead of to the console, nor the system RNG.
    
    See 'Writing portable packages' in the 'Writing R Extensions' manual.
Flavors: r-devel-windows-ix86+x86_64, r-release-windows-ix86+x86_64, r-oldrel-windows-ix86+x86_64