CRAN Package Check Results for Package BayesSAE

Last updated on 2015-05-28 05:46:44.

Flavor Version Tinstall Tcheck Ttotal Status Flags
r-devel-linux-x86_64-debian-clang 1.0-1 2.26 14.97 17.23 NOTE
r-devel-linux-x86_64-debian-gcc 1.0-1 2.28 14.64 16.92 NOTE
r-devel-linux-x86_64-fedora-clang 1.0-1 33.41 NOTE
r-devel-linux-x86_64-fedora-gcc 1.0-1 32.49 NOTE
r-devel-osx-x86_64-clang 1.0-1 36.19 NOTE
r-devel-windows-ix86+x86_64 1.0-1 12.00 40.00 52.00 NOTE
r-patched-linux-x86_64 1.0-1 2.30 14.32 16.62 NOTE
r-patched-solaris-sparc 1.0-1 233.20 NOTE
r-patched-solaris-x86 1.0-1 53.90 NOTE
r-release-linux-x86_64 1.0-1 2.37 14.59 16.96 NOTE
r-release-osx-x86_64-mavericks 1.0-1 NOTE
r-release-osx-x86_64-snowleopard 1.0-1 NOTE
r-release-windows-ix86+x86_64 1.0-1 10.00 39.00 49.00 NOTE
r-oldrel-windows-ix86+x86_64 1.0-1 12.00 71.00 83.00 NOTE

Check Details

Version: 1.0-1
Check: S3 generic/method consistency
Result: NOTE
    Found the following apparent S3 methods exported but not registered:
     print.summary.BayesSAE
    See section ‘Registering S3 methods’ in the ‘Writing R Extensions’
    manual.
Flavors: r-devel-linux-x86_64-debian-clang, r-devel-linux-x86_64-debian-gcc, r-devel-linux-x86_64-fedora-clang, r-devel-linux-x86_64-fedora-gcc, r-devel-osx-x86_64-clang, r-patched-linux-x86_64, r-patched-solaris-sparc, r-patched-solaris-x86, r-release-linux-x86_64

Version: 1.0-1
Check: line endings in Makefiles
Result: NOTE
    Found the following Makefile(s) without a final LF:
     src/Makevars
    Some ‘make’ programs ignore lines not ending in LF.
Flavors: r-devel-linux-x86_64-debian-clang, r-devel-linux-x86_64-debian-gcc, r-devel-linux-x86_64-fedora-clang, r-devel-linux-x86_64-fedora-gcc, r-devel-osx-x86_64-clang, r-devel-windows-ix86+x86_64, r-patched-linux-x86_64, r-patched-solaris-sparc, r-patched-solaris-x86, r-release-linux-x86_64, r-release-osx-x86_64-mavericks, r-release-osx-x86_64-snowleopard, r-release-windows-ix86+x86_64, r-oldrel-windows-ix86+x86_64

Version: 1.0-1
Check: compiled code
Result: NOTE
    File ‘BayesSAE/libs/BayesSAE.so’:
     Found ‘rand’, possibly from ‘rand’ (C)
     Object: ‘HBsae.o’
    
    Compiled code should not call entry points which might terminate R nor
    write to stdout/stderr instead of to the console, nor the system RNG.
    
    See ‘Writing portable packages’ in the ‘Writing R Extensions’ manual.
Flavors: r-devel-linux-x86_64-debian-clang, r-devel-linux-x86_64-debian-gcc, r-devel-linux-x86_64-fedora-clang, r-devel-linux-x86_64-fedora-gcc, r-patched-linux-x86_64, r-patched-solaris-sparc, r-patched-solaris-x86, r-release-linux-x86_64

Version: 1.0-1
Check: compiled code
Result: NOTE
    File ‘BayesSAE/libs/BayesSAE.so’:
     Found ‘_rand’, possibly from ‘rand’ (C)
     Object: ‘HBsae.o’
    
    Compiled code should not call entry points which might terminate R nor
    write to stdout/stderr instead of to the console, nor the system RNG.
    
    See ‘Writing portable packages’ in the ‘Writing R Extensions’ manual.
Flavors: r-devel-osx-x86_64-clang, r-release-osx-x86_64-mavericks, r-release-osx-x86_64-snowleopard

Version: 1.0-1
Check: compiled code
Result: NOTE
    File 'BayesSAE/libs/i386/BayesSAE.dll':
     Found 'rand', possibly from 'rand' (C)
     Object: 'HBsae.o'
    File 'BayesSAE/libs/x64/BayesSAE.dll':
     Found 'rand', possibly from 'rand' (C)
     Object: 'HBsae.o'
    
    Compiled code should not call entry points which might terminate R nor
    write to stdout/stderr instead of to the console, nor the system RNG.
    
    See 'Writing portable packages' in the 'Writing R Extensions' manual.
Flavors: r-devel-windows-ix86+x86_64, r-release-windows-ix86+x86_64, r-oldrel-windows-ix86+x86_64