CRAN Package Check Results for Package BayesSAE

Last updated on 2014-08-23 03:47:59.

Flavor Version Tinstall Tcheck Ttotal Status Flags
r-devel-linux-x86_64-debian-clang 1.0-1 1.84 15.55 17.38 OK
r-devel-linux-x86_64-debian-gcc 1.0-1 2.22 15.71 17.93 OK
r-devel-linux-x86_64-fedora-clang 1.0-1 35.96 OK
r-devel-linux-x86_64-fedora-gcc 1.0-1 36.62 OK
r-devel-osx-x86_64-clang 1.0-1 35.59 OK
r-devel-windows-ix86+x86_64 1.0-1 10.00 36.00 46.00 OK
r-patched-linux-x86_64 1.0-1 2.32 16.12 18.44 OK
r-patched-solaris-sparc 1.0-1 228.70 OK
r-patched-solaris-x86 1.0-1 59.10 OK
r-release-linux-ix86 1.0-1 3.16 24.06 27.22 OK
r-release-linux-x86_64 1.0-1 2.40 16.54 18.94 OK
r-release-osx-x86_64-mavericks 1.0-1 ERROR
r-release-osx-x86_64-snowleopard 1.0-1 OK
r-release-windows-ix86+x86_64 1.0-1 9.00 42.00 51.00 OK
r-oldrel-windows-ix86+x86_64 1.0-1 10.00 42.00 52.00 OK

Check Details

Version: 1.0-1
Check: whether package can be installed
Result: ERROR
    Installation failed.
Flavor: r-release-osx-x86_64-mavericks