CRAN Package Check Results for Package BayesSAE

Last updated on 2014-07-23 17:48:53.

Flavor Version Tinstall Tcheck Ttotal Status Flags
r-devel-linux-x86_64-debian-clang 1.0-1 1.91 16.42 18.33 OK
r-devel-linux-x86_64-debian-gcc 1.0-1 2.42 16.26 18.68 OK
r-devel-linux-x86_64-fedora-clang 1.0-1 38.04 OK
r-devel-linux-x86_64-fedora-gcc 1.0-1 37.21 OK
r-devel-osx-x86_64-clang 1.0-1 36.67 OK
r-devel-windows-ix86+x86_64 1.0-1 9.00 39.00 48.00 OK
r-patched-linux-x86_64 1.0-1 2.36 16.11 18.48 OK
r-patched-solaris-sparc 1.0-1 227.30 OK
r-patched-solaris-x86 1.0-1 58.50 OK
r-release-linux-ix86 1.0-1 3.15 23.64 26.79 OK
r-release-linux-x86_64 1.0-1 2.40 16.44 18.85 OK
r-release-osx-x86_64-mavericks 1.0-1 ERROR
r-release-osx-x86_64-snowleopard 1.0-1 OK
r-release-windows-ix86+x86_64 1.0-1 11.00 40.00 51.00 OK
r-oldrel-windows-ix86+x86_64 1.0-1 11.00 44.00 55.00 OK

Check Details

Version: 1.0-1
Check: whether package can be installed
Result: ERROR
    Installation failed.
    See ‘/Builds/CRAN-QA-Simon/packages/mavericks-x86_64/results/3.1/BayesSAE.Rcheck/00install.out’ for details.
Flavor: r-release-osx-x86_64-mavericks