CRAN Package Check Results for Package BayesSAE

Last updated on 2014-09-03 03:50:22.

Flavor Version Tinstall Tcheck Ttotal Status Flags
r-devel-linux-x86_64-debian-clang 1.0-1 1.82 15.48 17.30 NOTE
r-devel-linux-x86_64-debian-gcc 1.0-1 2.28 15.45 17.74 NOTE
r-devel-linux-x86_64-fedora-clang 1.0-1 37.02 NOTE
r-devel-linux-x86_64-fedora-gcc 1.0-1 36.84 NOTE
r-devel-osx-x86_64-clang 1.0-1 34.33 NOTE
r-devel-windows-ix86+x86_64 1.0-1 11.00 38.00 49.00 NOTE
r-patched-linux-x86_64 1.0-1 2.32 16.15 18.47 OK
r-patched-solaris-sparc 1.0-1 228.70 OK
r-patched-solaris-x86 1.0-1 58.60 OK
r-release-linux-ix86 1.0-1 3.14 23.84 26.98 OK
r-release-linux-x86_64 1.0-1 2.35 16.68 19.03 OK
r-release-osx-x86_64-mavericks 1.0-1 ERROR
r-release-osx-x86_64-snowleopard 1.0-1 OK
r-release-windows-ix86+x86_64 1.0-1 10.00 39.00 49.00 OK
r-oldrel-windows-ix86+x86_64 1.0-1 11.00 40.00 51.00 OK

Check Details

Version: 1.0-1
Check: compiled code
Result: NOTE
    File ‘/home/hornik/tmp/R.check/r-devel-clang/Work/build/Packages/BayesSAE/libs/BayesSAE.so’:
     Found ‘rand’, possibly from ‘rand’ (C)
     Object: ‘HBsae.o’
    
    Compiled code should not call entry points which might terminate R nor
    write to stdout/stderr instead of to the console, nor the C RNG.
    
    See ‘Writing portable packages’ in the ‘Writing R Extensions’ manual.
Flavor: r-devel-linux-x86_64-debian-clang

Version: 1.0-1
Check: compiled code
Result: NOTE
    File ‘/home/hornik/tmp/R.check/r-devel-gcc/Work/build/Packages/BayesSAE/libs/BayesSAE.so’:
     Found ‘rand’, possibly from ‘rand’ (C)
     Object: ‘HBsae.o’
    
    Compiled code should not call entry points which might terminate R nor
    write to stdout/stderr instead of to the console, nor the C RNG.
    
    See ‘Writing portable packages’ in the ‘Writing R Extensions’ manual.
Flavor: r-devel-linux-x86_64-debian-gcc

Version: 1.0-1
Check: compiled code
Result: NOTE
    File ‘/data/gannet/ripley/R/packages/tests-clang/BayesSAE.Rcheck/BayesSAE/libs/BayesSAE.so’:
     Found ‘rand’, possibly from ‘rand’ (C)
     Object: ‘HBsae.o’
    
    Compiled code should not call entry points which might terminate R nor
    write to stdout/stderr instead of to the console, nor the C RNG.
    
    See ‘Writing portable packages’ in the ‘Writing R Extensions’ manual.
Flavor: r-devel-linux-x86_64-fedora-clang

Version: 1.0-1
Check: compiled code
Result: NOTE
    File ‘/data/gannet/ripley/R/packages/tests-devel/BayesSAE.Rcheck/BayesSAE/libs/BayesSAE.so’:
     Found ‘rand’, possibly from ‘rand’ (C)
     Object: ‘HBsae.o’
    
    Compiled code should not call entry points which might terminate R nor
    write to stdout/stderr instead of to the console, nor the C RNG.
    
    See ‘Writing portable packages’ in the ‘Writing R Extensions’ manual.
Flavor: r-devel-linux-x86_64-fedora-gcc

Version: 1.0-1
Check: compiled code
Result: NOTE
    File ‘/Users/ripley/R/packages/tests-devel/BayesSAE.Rcheck/BayesSAE/libs/BayesSAE.so’:
     Found ‘_rand’, possibly from ‘rand’ (C)
     Object: ‘HBsae.o’
    
    Compiled code should not call entry points which might terminate R nor
    write to stdout/stderr instead of to the console, nor the C RNG.
    
    See ‘Writing portable packages’ in the ‘Writing R Extensions’ manual.
Flavor: r-devel-osx-x86_64-clang

Version: 1.0-1
Check: compiled code
Result: NOTE
    File 'd:/Rcompile/CRANpkg/lib/3.2/BayesSAE/libs/i386/BayesSAE.dll':
     Found 'rand', possibly from 'rand' (C)
     Object: 'HBsae.o'
    File 'd:/Rcompile/CRANpkg/lib/3.2/BayesSAE/libs/x64/BayesSAE.dll':
     Found 'rand', possibly from 'rand' (C)
     Object: 'HBsae.o'
    
    Compiled code should not call entry points which might terminate R nor
    write to stdout/stderr instead of to the console, nor the C RNG.
    
    See 'Writing portable packages' in the 'Writing R Extensions' manual.
Flavor: r-devel-windows-ix86+x86_64

Version: 1.0-1
Check: whether package can be installed
Result: ERROR
    Installation failed.
Flavor: r-release-osx-x86_64-mavericks