CRAN Package Check Results for Package BayesSAE

Last updated on 2014-11-26 17:51:27.

Flavor Version Tinstall Tcheck Ttotal Status Flags
r-devel-linux-x86_64-debian-clang 1.0-1 2.48 17.38 19.86 NOTE
r-devel-linux-x86_64-debian-gcc 1.0-1 2.28 16.07 18.35 NOTE
r-devel-linux-x86_64-fedora-clang 1.0-1 44.78 NOTE
r-devel-linux-x86_64-fedora-gcc 1.0-1 39.10 NOTE
r-devel-osx-x86_64-clang 1.0-1 36.81 NOTE
r-devel-windows-ix86+x86_64 1.0-1 11.00 38.00 49.00 NOTE
r-patched-linux-x86_64 1.0-1 2.39 16.61 19.00 NOTE
r-patched-solaris-sparc 1.0-1 268.70 NOTE
r-patched-solaris-x86 1.0-1 61.40 NOTE
r-release-linux-ix86 1.0-1 3.03 23.02 26.05 NOTE
r-release-linux-x86_64 1.0-1 2.32 18.18 20.50 NOTE
r-release-osx-x86_64-mavericks 1.0-1 ERROR
r-release-osx-x86_64-snowleopard 1.0-1 OK
r-release-windows-ix86+x86_64 1.0-1 11.00 41.00 52.00 NOTE
r-oldrel-windows-ix86+x86_64 1.0-1 13.00 43.00 56.00 OK

Check Details

Version: 1.0-1
Check: compiled code
Result: NOTE
    File ‘BayesSAE/libs/BayesSAE.so’:
     Found ‘rand’, possibly from ‘rand’ (C)
     Object: ‘HBsae.o’
    
    Compiled code should not call entry points which might terminate R nor
    write to stdout/stderr instead of to the console, nor the C RNG.
    
    See ‘Writing portable packages’ in the ‘Writing R Extensions’ manual.
Flavors: r-devel-linux-x86_64-debian-clang, r-devel-linux-x86_64-debian-gcc, r-devel-linux-x86_64-fedora-clang, r-devel-linux-x86_64-fedora-gcc, r-patched-linux-x86_64, r-patched-solaris-sparc, r-patched-solaris-x86, r-release-linux-ix86, r-release-linux-x86_64

Version: 1.0-1
Check: compiled code
Result: NOTE
    File ‘BayesSAE/libs/BayesSAE.so’:
     Found ‘_rand’, possibly from ‘rand’ (C)
     Object: ‘HBsae.o’
    
    Compiled code should not call entry points which might terminate R nor
    write to stdout/stderr instead of to the console, nor the C RNG.
    
    See ‘Writing portable packages’ in the ‘Writing R Extensions’ manual.
Flavor: r-devel-osx-x86_64-clang

Version: 1.0-1
Check: compiled code
Result: NOTE
    File 'BayesSAE/libs/i386/BayesSAE.dll':
     Found 'rand', possibly from 'rand' (C)
     Object: 'HBsae.o'
    File 'BayesSAE/libs/x64/BayesSAE.dll':
     Found 'rand', possibly from 'rand' (C)
     Object: 'HBsae.o'
    
    Compiled code should not call entry points which might terminate R nor
    write to stdout/stderr instead of to the console, nor the C RNG.
    
    See 'Writing portable packages' in the 'Writing R Extensions' manual.
Flavors: r-devel-windows-ix86+x86_64, r-release-windows-ix86+x86_64

Version: 1.0-1
Check: whether package can be installed
Result: ERROR
    Installation failed.
Flavor: r-release-osx-x86_64-mavericks