CRAN Package Check Results for Package BayesSAE

Last updated on 2014-10-31 17:49:06.

Flavor Version Tinstall Tcheck Ttotal Status Flags
r-devel-linux-x86_64-debian-clang 1.0-1 2.56 16.32 18.88 NOTE
r-devel-linux-x86_64-debian-gcc 1.0-1 2.34 16.68 19.02 NOTE
r-devel-linux-x86_64-fedora-clang 1.0-1 40.07 NOTE
r-devel-linux-x86_64-fedora-gcc 1.0-1 35.71 NOTE
r-devel-osx-x86_64-clang 1.0-1 36.87 NOTE
r-devel-windows-ix86+x86_64 1.0-1 12.00 37.00 49.00 NOTE
r-patched-linux-x86_64 1.0-1 2.44 16.37 18.80 NOTE
r-patched-solaris-sparc 1.0-1 268.70 NOTE
r-patched-solaris-x86 1.0-1 60.60 NOTE
r-release-linux-ix86 1.0-1 3.15 24.03 27.18 OK
r-release-linux-x86_64 1.0-1 2.46 16.46 18.92 OK
r-release-osx-x86_64-mavericks 1.0-1 ERROR
r-release-osx-x86_64-snowleopard 1.0-1 OK
r-release-windows-ix86+x86_64 1.0-1 10.00 40.00 50.00 OK
r-oldrel-windows-ix86+x86_64 1.0-1 10.00 44.00 54.00 OK

Check Details

Version: 1.0-1
Check: compiled code
Result: NOTE
    File ‘BayesSAE/libs/BayesSAE.so’:
     Found ‘rand’, possibly from ‘rand’ (C)
     Object: ‘HBsae.o’
    
    Compiled code should not call entry points which might terminate R nor
    write to stdout/stderr instead of to the console, nor the C RNG.
    
    See ‘Writing portable packages’ in the ‘Writing R Extensions’ manual.
Flavors: r-devel-linux-x86_64-debian-clang, r-devel-linux-x86_64-debian-gcc, r-devel-linux-x86_64-fedora-clang, r-devel-linux-x86_64-fedora-gcc, r-patched-linux-x86_64, r-patched-solaris-sparc, r-patched-solaris-x86

Version: 1.0-1
Check: compiled code
Result: NOTE
    File ‘BayesSAE/libs/BayesSAE.so’:
     Found ‘_rand’, possibly from ‘rand’ (C)
     Object: ‘HBsae.o’
    
    Compiled code should not call entry points which might terminate R nor
    write to stdout/stderr instead of to the console, nor the C RNG.
    
    See ‘Writing portable packages’ in the ‘Writing R Extensions’ manual.
Flavor: r-devel-osx-x86_64-clang

Version: 1.0-1
Check: compiled code
Result: NOTE
    File 'BayesSAE/libs/i386/BayesSAE.dll':
     Found 'rand', possibly from 'rand' (C)
     Object: 'HBsae.o'
    File 'BayesSAE/libs/x64/BayesSAE.dll':
     Found 'rand', possibly from 'rand' (C)
     Object: 'HBsae.o'
    
    Compiled code should not call entry points which might terminate R nor
    write to stdout/stderr instead of to the console, nor the C RNG.
    
    See 'Writing portable packages' in the 'Writing R Extensions' manual.
Flavor: r-devel-windows-ix86+x86_64

Version: 1.0-1
Check: whether package can be installed
Result: ERROR
    Installation failed.
Flavor: r-release-osx-x86_64-mavericks