CRAN Package Check Results for Package BayesSAE

Last updated on 2014-04-24 21:47:36.

Flavor Version Tinstall Tcheck Ttotal Status Flags
r-devel-linux-x86_64-debian-clang 1.0-1 1.94 17.79 19.72 OK
r-devel-linux-x86_64-debian-gcc 1.0-1 2.47 16.94 19.40 OK
r-devel-linux-x86_64-fedora-clang 1.0-1 36.99 OK
r-devel-linux-x86_64-fedora-gcc 1.0-1 36.77 OK
r-devel-osx-x86_64-clang 1.0-1 36.96 OK
r-devel-osx-x86_64-gcc 1.0-1 OK
r-devel-windows-ix86+x86_64 1.0-1 10.00 41.00 51.00 OK
r-patched-linux-x86_64 1.0-1 2.58 17.18 19.76 OK
r-patched-solaris-sparc 1.0-1 227.30 OK
r-patched-solaris-x86 1.0-1 60.30 OK
r-release-linux-ix86 1.0-1 4.00 33.00 37.00 OK
r-release-linux-x86_64 1.0-1 2.48 17.36 19.84 OK
r-release-osx-x86_64-mavericks 1.0-1 ERROR
r-release-osx-x86_64-snowleopard 1.0-1 OK
r-release-windows-ix86+x86_64 1.0-1 9.00 37.00 46.00 OK
r-oldrel-windows-ix86+x86_64 1.0-1 12.00 40.00 52.00 OK

Check Details

Version: 1.0-1
Check: whether package can be installed
Result: ERROR
    Installation failed.
    See ‘/Builds/CRAN-QA-Simon/packages/mavericks-x86_64/results/3.1/BayesSAE.Rcheck/00install.out’ for details.
Flavor: r-release-osx-x86_64-mavericks